000
CXUS54 KFWD 010731
CF6AFW
PRELIMINARY LOCAL CLIMATOLOGICAL DATA (WS FORM: F-6)
STATION: FORT WORTH ALLIANCE
MONTH: AUGUST
YEAR: 2020
LATITUDE: 32 58 N
LONGITUDE: 97 19 W
TEMPERATURE IN F: :PCPN: SNOW: WIND :SUNSHINE: SKY :PK WND
================================================================================
1 2 3 4 5 6A 6B 7 8 9 10 11 12 13 14 15 16 17 18
12Z AVG MX 2MIN
DY MAX MIN AVG DEP HDD CDD WTR SNW DPTH SPD SPD DIR MIN PSBL S-S WX SPD DR
================================================================================
1 92 68 80 -6 0 15 0.00 0.0 0 4.5 10 30 M M 3 16 50
2 94 69 82 -4 0 17 0.00 0.0 0 5.2 16 30 M M 3 22 20
3 93 71 82 -4 0 17 0.00 0.0 0 7.3 16 50 M M 5 19 50
4 92 72 82 -4 0 17 0.00 0.0 0 7.9 13 70 M M 3 19 80
5 89 76 83 -3 0 18 T 0.0 0 9.2 21 40 M M 6 27 40
6 98 75 87 1 0 22 0.00 0.0 0 11.4 21 170 M M 4 1 31 160
7 98 81 90 4 0 25 0.00 0.0 0 14.1 22 150 M M 4 29 200
8 99 81 90 4 0 25 0.00 0.0 0 13.1 21 170 M M 1 29 200
9 99 81 90 4 0 25 0.00 0.0 0 13.3 21 170 M M 1 28 180
10 100 81 91 5 0 26 0.00 0.0 0 14.8 23 160 M M 1 30 160
11 100 82 91 5 0 26 0.00 0.0 0 13.1 21 170 M M 3 30 180
12 103 83 93 7 0 28 0.00 0.0 0 11.6 20 180 M M 3 27 170
13 104 83 94 8 0 29 0.00 0.0 0 13.2 21 170 M M 1 29 140
14 106 83 95 10 0 30 0.00 0.0 0 11.1 17 150 M M 2 24 230
15 104 81 93 8 0 28 0.00 0.0 0 8.9 20 170 M M 3 26 170
16 105 73 89 4 0 24 0.16 0.0 0 8.1 36 300 M M 8 138 M 80
17 94 73 84 -1 0 19 0.00 0.0 0 4.8 15 230 M M 7 24 270
18 98 73 86 1 0 21 0.00 0.0 0 8.6 18 350 M M 3 18 26 50
19 94 65 80 -5 0 15 0.00 0.0 0 6.0 16 30 M M 3 22 20
20 94 69 82 -2 0 17 0.00 0.0 0 6.5 12 60 M M 2 17 100
21 96 70 83 -1 0 18 0.00 0.0 0 6.1 13 60 M M 4 19 70
22 97 75 86 2 0 21 T 0.0 0 4.6 13 50 M M 3 19 60
23 96 74 85 1 0 20 0.00 0.0 0 4.4 15 130 M M 2 20 120
24 97 76 87 3 0 22 0.00 0.0 0 6.6 15 100 M M 3 22 110
25 96 70 83 0 0 18 0.00 0.0 0 6.6 14 100 M M 4 3 19 90
26 97 76 87 4 0 22 T 0.0 0 7.0 28 40 M M 5 13 35 40
27 95 72 84 1 0 19 M 0.0 0 5.7 43 350 M M 5 123 57 360
28 106 77 92 9 0 27 0.00 0.0 0 8.2 22 160 M M 3 31 150
29 107 79 93 11 0 28 M 0.0 0 11.5 35 280 M M 3 38 49 290
30 99 73 86 4 0 21 M 0.0 0 11.2 29 340 M M 5 13 38 340
31 100 82 91 9 0 26 0.00 0.0 0 12.4 24 160 M M 7 8 30 170
================================================================================
SM 3042 2344 0 686 0.16 0.0 277.0 M 110
================================================================================
AV 98.1 75.6 8.9 FASTST M M 4 MAX(MPH)
MISC ----> # 43 350 # 57 360
================================================================================
NOTES:
# LAST OF SEVERAL OCCURRENCES
COLUMN 17 PEAK WIND IN M.P.H.
PRELIMINARY LOCAL CLIMATOLOGICAL DATA (WS FORM: F-6) , PAGE 2
STATION: FORT WORTH ALLIANCE
MONTH: AUGUST
YEAR: 2020
LATITUDE: 32 58 N
LONGITUDE: 97 19 W
[TEMPERATURE DATA] [PRECIPITATION DATA] SYMBOLS USED IN COLUMN 16
AVERAGE MONTHLY: 86.9 TOTAL FOR MONTH: 0.16 1 = FOG OR MIST
DPTR FM NORMAL: 2.2 DPTR FM NORMAL: -2.35 2 = FOG REDUCING VISIBILITY
HIGHEST: 107 ON 29 GRTST 24HR 0.16 ON 16-16 TO 1/4 MILE OR LESS
LOWEST: 65 ON 19 3 = THUNDER
SNOW, ICE PELLETS, HAIL 4 = ICE PELLETS
TOTAL MONTH: 0.0 INCH 5 = HAIL
GRTST 24HR 0.0 6 = FREEZING RAIN OR DRIZZLE
GRTST DEPTH: 0 7 = DUSTSTORM OR SANDSTORM:
VSBY 1/2 MILE OR LESS
8 = SMOKE OR HAZE
[NO. OF DAYS WITH] [WEATHER - DAYS WITH] 9 = BLOWING SNOW
X = TORNADO
MAX 32 OR BELOW: 0 0.01 INCH OR MORE: 1
MAX 90 OR ABOVE: 30 0.10 INCH OR MORE: 1
MIN 32 OR BELOW: 0 0.50 INCH OR MORE: 0
MIN 0 OR BELOW: 0 1.00 INCH OR MORE: 0
[HDD (BASE 65) ]
TOTAL THIS MO. 0 CLEAR (SCALE 0-3) 14
DPTR FM NORMAL 0 PTCLDY (SCALE 4-7) 17
TOTAL FM JUL 1 0 CLOUDY (SCALE 8-10) 0
DPTR FM NORMAL 0
[CDD (BASE 65) ]
TOTAL THIS MO. 686
DPTR FM NORMAL 76 [PRESSURE DATA]
TOTAL FM JAN 1 2355 HIGHEST SLP M ON M
DPTR FM NORMAL 283 LOWEST SLP 29.63 ON 30
[REMARKS]
#FINAL-08-20#