000
CXUS52 KFFC 022222
CLMAHN
CLIMATE REPORT
NATIONAL WEATHER SERVICE PEACHTREE CITY GA
522 PM EST SAT DEC 02 2023
...................................
...THE ATHENS CLIMATE SUMMARY FOR THE MONTH OF NOVEMBER 2023...
CLIMATE NORMAL PERIOD: 1991 TO 2020
CLIMATE RECORD PERIOD: 1898 TO 2023
WEATHER OBSERVED NORMAL DEPART LAST YEAR`S
VALUE DATE(S) VALUE FROM VALUE DATE(S)
NORMAL
................................................................
TEMPERATURE (F)
RECORD
HIGH 86 11/02/1961
LOW 7 11/25/1950
HIGHEST 81 11/07 69 12 85 11/07
11/08
11/09
LOWEST 25 11/29 19 6 24 11/21
AVG. MAXIMUM 64.8 64.9 -0.1 65.6
AVG. MINIMUM 42.0 41.6 0.4 44.5
MEAN 53.4 53.3 0.1 55.0
DAYS MAX >= 90 0 0.0 0.0 0
DAYS MAX <= 32 0 0.0 0.0 0
DAYS MIN <= 32 4 4.9 -0.9 6
DAYS MIN <= 0 0 0.0 0.0 0
PRECIPITATION (INCHES)
RECORD
MAXIMUM 13.72 1948
MINIMUM 0.23 1910
TOTALS 1.60 3.77 -2.17 5.97
DAILY AVG. 0.05 0.13 -0.08 0.20
GREATEST
24 HR. TOTAL 0.88 11/21 TO 11/21 1.98 11/10 TO 11/11
SNOWFALL (INCHES)
RECORDS
TOTAL 0.0 2001
24 HR TOTAL 0.0 11/01/2001 TO 11/01/2001
TOTALS 0.0 MM MM 0.0
SINCE 7/1 0.0 MM MM MM
SNOWDEPTH AVG. MM MM
DAYS >= TRACE 0 MM MM 0
DAYS >= 1.0 0 MM MM 0
GREATEST
24 HR TOTAL MM MM
DEGREE DAYS
HEATING TOTAL 342 361 -19 316
SINCE 7/1 432 484 -52 MM
COOLING TOTAL 2 9 -7 26
SINCE 1/1 1796 1953 -157 MM
................................................................
WIND (MPH)
AVERAGE WIND SPEED 5.2
HIGHEST WIND SPEED/DIRECTION 23/300 DATE 11/22
HIGHEST GUST SPEED/DIRECTION 32/280 DATE 11/22
SKY COVER
POSSIBLE SUNSHINE (PERCENT) MM
AVERAGE SKY COVER 0.31
NUMBER OF DAYS FAIR 19
NUMBER OF DAYS PC 3
NUMBER OF DAYS CLOUDY 8
AVERAGE RH (PERCENT) 62
WEATHER CONDITIONS. NUMBER OF DAYS WITH
THUNDERSTORM 0 MIXED PRECIP 0
HEAVY RAIN 1 RAIN 6
LIGHT RAIN 4 FREEZING RAIN 0
LT FREEZING RAIN 0 HAIL 0
HEAVY SNOW 0 SNOW 0
LIGHT SNOW 0 SLEET 0
FOG 12 FOG W/VIS <= 1/4 MILE 1
HAZE 3
- INDICATES NEGATIVE NUMBERS.
R INDICATES RECORD WAS SET OR TIED.
MM INDICATES DATA IS MISSING.
T INDICATES TRACE AMOUNT.
$$