000
CXUS56 KSGX 011145
CF6AJO
PRELIMINARY LOCAL CLIMATOLOGICAL DATA (WS FORM: F-6)
STATION: CORONA AIRPORT CA
MONTH: NOVEMBER
YEAR: 2021
LATITUDE: 33 53 N
LONGITUDE: 117-36 E
TEMPERATURE IN F: :PCPN: SNOW: WIND :SUNSHINE: SKY :PK WND
================================================================================
1 2 3 4 5 6A 6B 7 8 9 10 11 12 13 14 15 16 17 18
12Z AVG MX 2MIN
DY MAX MIN AVG DEP HDD CDD WTR SNW DPTH SPD SPD DIR MIN PSBL S-S WX SPD DR
================================================================================
1 69 47 58 M 7 0 0.00 M M 2.5 10 280 M M 0 1 16 260
2 73 48 61 M 4 0 0.00 M M 3.0 12 290 M M 3 12 16 270
3 81 44 63 M 2 0 0.00 M M 3.4 10 250 M M 0 1 17 270
4 81 51 66 M 0 1 0.00 M M 3.5 12 270 M M 3 12 M M
5 80 43 62 M 3 0 0.00 M M 4.4 13 270 M M 2 12 16 260
6 73 51 62 M 3 0 0.00 M M 4.3 14 270 M M 5 128 20 270
7 72 51 62 M 3 0 0.00 M M 5.2 10 270 M M 5 18 M M
8 73 50 62 M 3 0 0.00 M M 3.7 13 270 M M 4 18 M M
9 72 50 61 M 4 0 0.00 M M 4.3 13 270 M M 3 M M
10 77 49 63 M 2 0 0.00 M M 2.5 6 120 M M 2 1 M M
11 93 47 70 M 0 5 0.00 M M 8.8 18 20 M M 0 23 60
12 94 62 78 M 0 13 0.00 M M 9.2 16 60 M M 0 23 60
13 94 46 70 M 0 5 0.00 M M 1.7 10 270 M M 0 M M
14 94 42 68 M 0 3 0.00 M M 1.6 7 260 M M 0 M M
15 87 42 65 M 0 0 0.00 M M 2.5 12 270 M M 0 M M
16 73 44 59 M 6 0 0.00 M M 3.3 9 260 M M 0 1 17 280
17 71 48 60 M 5 0 0.00 M M 2.4 12 280 M M 3 18 M M
18 70 41 56 M 9 0 0.00 M M 2.9 9 260 M M 0 128 M M
19 70 46 58 M 7 0 0.00 M M 3.0 9 280 M M 5 128 M M
20 70 45 58 M 7 0 0.00 M M 1.8 9 280 M M 5 128 M M
21 83 47 65 M 0 0 0.00 M M 11.0 20 50 M M 0 18 30 50
22 86 59 73 M 0 8 0.00 M M 5.9 10 140 M M 0 M M
23 77 46 62 M 3 0 0.00 M M 3.4 9 270 M M 0 16 230
24 76 38 57 M 8 0 0.00 M M 9.7 29 20 M M 0 40 30
25 75 55 65 M 0 0 0.00 M M 17.6 31 50 M M 0 41 40
26 82 40 61 M 4 0 0.00 M M 5.5 13 100 M M 0 16 140
27 80 31 56 M 9 0 0.00 M M 1.1 8 270 M M 0 M M
28 85 34 60 M 5 0 0.00 M M 1.0 8 250 M M 0 8 M M
29 83 36 60 M 5 0 0.00 M M 2.0 10 280 M M 0 M M
30 85 36 61 M 4 0 0.00 M M 1.7 10 250 M M 0 18 M M
================================================================================
SM 2379 1369 103 35 0.00 M 132.7 M 40
================================================================================
AV 79.3 45.6 4.4 FASTST M M 1 MAX(MPH)
MISC ----> 31 50 41 40
================================================================================
NOTES:
# LAST OF SEVERAL OCCURRENCES
COLUMN 17 PEAK WIND IN M.P.H.
PRELIMINARY LOCAL CLIMATOLOGICAL DATA (WS FORM: F-6) , PAGE 2
STATION: CORONA AIRPORT CA
MONTH: NOVEMBER
YEAR: 2021
LATITUDE: 33 53 N
LONGITUDE: 117-36 E
[TEMPERATURE DATA] [PRECIPITATION DATA] SYMBOLS USED IN COLUMN 16
AVERAGE MONTHLY: 62.5 TOTAL FOR MONTH: 0.00 1 = FOG OR MIST
DPTR FM NORMAL: 0.0 DPTR FM NORMAL: M 2 = FOG REDUCING VISIBILITY
HIGHEST: 94 ON 14,13 GRTST 24HR 0.00 ON 1- 1 TO 1/4 MILE OR LESS
LOWEST: 31 ON 27 3 = THUNDER
SNOW, ICE PELLETS, HAIL 4 = ICE PELLETS
TOTAL MONTH: M 5 = HAIL
GRTST 24HR M ON M 6 = FREEZING RAIN OR DRIZZLE
GRTST DEPTH: M ON M 7 = DUSTSTORM OR SANDSTORM:
VSBY 1/2 MILE OR LESS
8 = SMOKE OR HAZE
[NO. OF DAYS WITH] [WEATHER - DAYS WITH] 9 = BLOWING SNOW
X = TORNADO
MAX 32 OR BELOW: 0 0.01 INCH OR MORE: 0
MAX 90 OR ABOVE: 4 0.10 INCH OR MORE: 0
MIN 32 OR BELOW: 1 0.50 INCH OR MORE: 0
MIN 0 OR BELOW: 0 1.00 INCH OR MORE: 0
[HDD (BASE 65) ]
TOTAL THIS MO. 103 CLEAR (SCALE 0-3) 23
DPTR FM NORMAL M PTCLDY (SCALE 4-7) 7
TOTAL FM JUL 1 191 CLOUDY (SCALE 8-10) 0
DPTR FM NORMAL M
[CDD (BASE 65) ]
TOTAL THIS MO. 35
DPTR FM NORMAL M [PRESSURE DATA]
TOTAL FM JAN 1 1389 HIGHEST SLP M ON M
DPTR FM NORMAL M LOWEST SLP M ON M
[REMARKS]
#FINAL-11-21#