000
CXUS55 KBOU 180900
CF6AKO
PRELIMINARY LOCAL CLIMATOLOGICAL DATA (WS FORM: F-6)
STATION: AKRON CO
MONTH: MARCH
YEAR: 2024
LATITUDE: 40 10 N
LONGITUDE: 103 13 W
TEMPERATURE IN F: :PCPN: SNOW: WIND :SUNSHINE: SKY :PK WND
================================================================================
1 2 3 4 5 6A 6B 7 8 9 10 11 12 13 14 15 16 17 18
12Z AVG MX 2MIN
DY MAX MIN AVG DEP HDD CDD WTR SNW DPTH SPD SPD DIR MIN PSBL S-S WX SPD DR
================================================================================
1 66 31 49 14 16 0 0.00 M M 9.8 20 220 M M 0 27 220
2 71 32 52 16 13 0 0.00 M M 12.7 24 220 M M 0 37 170
3 56 33 45 9 20 0 0.00 M M 18.5 33 350 M M 4 45 360
4 48 23 36 0 29 0 0.00 M M 10.2 23 350 M M 5 32 340
5 48 19 34 -3 31 0 0.00 M M 12.1 22 140 M M 2 29 140
6 61 29 45 8 20 0 0.00 M M 10.1 21 40 M M 1 29 50
7 35 23 29 -9 36 0 0.61 M M 13.4 24 60 M M 10 123 31 60
8 27 16 22 -16 43 0 0.01 M M 9.1 15 30 M M 7 1 19 40
9 40 17 29 -9 36 0 0.00 M M 10.9 17 230 M M 0 22 230
10 57 28 43 4 22 0 0.00 M M 11.0 18 220 M M 0 24 220
11 62 30 46 7 19 0 0.00 M M 9.2 20 270 M M 0 24 270
12 62 31 47 8 18 0 0.00 M M 8.9 15 290 M M 2 19 300
13 51 38 45 5 20 0 T M M 11.9 21 50 M M 10 27 50
14 44 31 38 -2 27 0 0.11 M M 15.2 26 40 M M 9 12 36 40
15 46 28 37 -3 28 0 T M M 9.3 18 200 M M 8 1 25 200
16 54 26 40 -1 25 0 0.00 M M 9.2 18 340 M M 1 1 25 340
17 47 24 36 -5 29 0 0.00 M M 10.8 25 330 M M 5 32 320
================================================================================
SM 875 459 432 0 0.73 M 192.3 M 64
================================================================================
AV 51.5 27.0 11.3 FASTST M M 4 MAX(MPH)
MISC ----> 33 350 45 360
================================================================================
NOTES:
# LAST OF SEVERAL OCCURRENCES
COLUMN 17 PEAK WIND IN M.P.H.
PRELIMINARY LOCAL CLIMATOLOGICAL DATA (WS FORM: F-6) , PAGE 2
STATION: AKRON CO
MONTH: MARCH
YEAR: 2024
LATITUDE: 40 10 N
LONGITUDE: 103 13 W
[TEMPERATURE DATA] [PRECIPITATION DATA] SYMBOLS USED IN COLUMN 16
AVERAGE MONTHLY: 39.2 TOTAL FOR MONTH: 0.73 1 = FOG OR MIST
DPTR FM NORMAL: 1.0 DPTR FM NORMAL: 0.43 2 = FOG REDUCING VISIBILITY
HIGHEST: 71 ON 2 GRTST 24HR 0.61 ON 7- 7 TO 1/4 MILE OR LESS
LOWEST: 16 ON 8 3 = THUNDER
SNOW, ICE PELLETS, HAIL 4 = ICE PELLETS
TOTAL MONTH: M 5 = HAIL
GRTST 24HR M ON M 6 = FREEZING RAIN OR DRIZZLE
GRTST DEPTH: M ON M 7 = DUSTSTORM OR SANDSTORM:
VSBY 1/2 MILE OR LESS
8 = SMOKE OR HAZE
[NO. OF DAYS WITH] [WEATHER - DAYS WITH] 9 = BLOWING SNOW
X = TORNADO
MAX 32 OR BELOW: 1 0.01 INCH OR MORE: 3
MAX 90 OR ABOVE: 0 0.10 INCH OR MORE: 2
MIN 32 OR BELOW: 15 0.50 INCH OR MORE: 1
MIN 0 OR BELOW: 0 1.00 INCH OR MORE: 0
[HDD (BASE 65) ]
TOTAL THIS MO. 432 CLEAR (SCALE 0-3) 9
DPTR FM NORMAL -24 PTCLDY (SCALE 4-7) 5
TOTAL FM JUL 1 4514 CLOUDY (SCALE 8-10) 3
DPTR FM NORMAL -507
[CDD (BASE 65) ]
TOTAL THIS MO. 0
DPTR FM NORMAL 0 [PRESSURE DATA]
TOTAL FM JAN 1 0 HIGHEST SLP M ON M
DPTR FM NORMAL 0 LOWEST SLP 29.25 ON 2
[REMARKS]