000
CXUS55 KBOU 011410
CF6AKO
PRELIMINARY LOCAL CLIMATOLOGICAL DATA (WS FORM: F-6)
STATION: AKRON CO
MONTH: DECEMBER
YEAR: 2022
LATITUDE: 40 10 N
LONGITUDE: 103 13 W
TEMPERATURE IN F: :PCPN: SNOW: WIND :SUNSHINE: SKY :PK WND
================================================================================
1 2 3 4 5 6A 6B 7 8 9 10 11 12 13 14 15 16 17 18
12Z AVG MX 2MIN
DY MAX MIN AVG DEP HDD CDD WTR SNW DPTH SPD SPD DIR MIN PSBL S-S WX SPD DR
================================================================================
1 65 13 39 7 26 0 0.00 M M 14.7 22 220 M M 0 34 220
2 60 14 37 5 28 0 T M M 21.0 51 300 M M 0 8 68 290
3 44 13 29 -3 36 0 0.00 M M 10.1 21 190 M M 0 28 190
4 54 26 40 9 25 0 0.00 M M 11.7 21 230 M M 1 28 230
5 52 24 38 7 27 0 0.00 M M 8.7 17 340 M M 1 23 360
6 50 19 35 4 30 0 0.00 M M 6.5 16 270 M M 2 20 270
7 51 19 35 5 30 0 0.00 M M 11.4 22 140 M M 0 30 150
8 44 15 30 0 35 0 T M M 11.8 23 350 M M 4 12 34 350
9 49 18 34 4 31 0 0.00 M M 12.3 25 160 M M 0 34 190
10 49 19 34 4 31 0 0.00 M M 12.2 21 190 M M 0 31 190
11 61 22 42 12 23 0 0.00 M M 11.0 18 230 M M 0 26 230
12 48 23 36 7 29 0 T M M 13.4 33 340 M M 2 1269 43 350
13 23 15 19 -10 46 0 M M M 33.1 46 330 M M 8 1269 M 280
14 25 15 20 -9 45 0 T M M 30.9 45 330 M M 8 189 63 340
15 22 5 14 -15 51 0 T M M 23.6 37 330 M M 2 9 48 340
16 24 4 14 -15 51 0 0.00 M M 23.1 36 310 M M 3 46 320
17 27 6 17 -11 48 0 0.00 M M 10.2 16 180 M M 1 22 180
18 27 10 19 -9 46 0 0.00 M M 9.7 21 230 M M 0 26 220
19 34 3 19 -9 46 0 0.00 M M 10.8 22 270 M M 0 25 270
20 34 16 25 -3 40 0 0.00 M M 12.1 21 210 M M 2 27 200
21 40 -13 14 -14 51 0 T M M 18.9 38 360 M M 5 189 49 350
22 -6 -19 -12 -40 77 0 T M M 20.9 33 340 M M 5 8 41 330
23 7 -19 -6 -34 71 0 0.00 M M 8.6 17 270 M M 1 19 260
24 37 0 19 -9 46 0 0.00 M M 12.7 24 270 M M 2 32 280
25 40 26 33 5 32 0 0.00 M M 13.2 23 340 M M 4 31 330
26 40 23 32 4 33 0 0.00 M M 14.8 25 230 M M 1 32 220
27 56 33 45 17 20 0 0.00 M M 12.0 20 240 M M 0 26 230
28 49 31 40 12 25 0 0.17 M M 8.3 21 340 M M 7 1 26 20
29 31 19 25 -3 40 0 0.03 M M 15.5 30 330 M M 5 12 37 330
30 32 14 23 -5 42 0 0.00 M M 12.3 18 220 M M 2 25 230
31 40 24 32 4 33 0 0.00 M M 9.6 18 270 M M 4 25 230
================================================================================
SM 1209 418 1194 0 M M 445.1 M 70
================================================================================
AV 39.0 13.5 14.4 FASTST M M 2 MAX(MPH)
MISC ----> 51 300 68 290
================================================================================
NOTES:
# LAST OF SEVERAL OCCURRENCES
COLUMN 17 PEAK WIND IN M.P.H.
PRELIMINARY LOCAL CLIMATOLOGICAL DATA (WS FORM: F-6) , PAGE 2
STATION: AKRON CO
MONTH: DECEMBER
YEAR: 2022
LATITUDE: 40 10 N
LONGITUDE: 103 13 W
[TEMPERATURE DATA] [PRECIPITATION DATA] SYMBOLS USED IN COLUMN 16
AVERAGE MONTHLY: 26.2 TOTAL FOR MONTH: M 1 = FOG OR MIST
DPTR FM NORMAL: -3.1 DPTR FM NORMAL: M 2 = FOG REDUCING VISIBILITY
HIGHEST: 65 ON 1 GRTST 24HR M TO 1/4 MILE OR LESS
LOWEST: -19 ON 23,22 3 = THUNDER
SNOW, ICE PELLETS, HAIL 4 = ICE PELLETS
TOTAL MONTH: M 5 = HAIL
GRTST 24HR M ON M 6 = FREEZING RAIN OR DRIZZLE
GRTST DEPTH: M ON M 7 = DUSTSTORM OR SANDSTORM:
VSBY 1/2 MILE OR LESS
8 = SMOKE OR HAZE
[NO. OF DAYS WITH] [WEATHER - DAYS WITH] 9 = BLOWING SNOW
X = TORNADO
MAX 32 OR BELOW: 10 0.01 INCH OR MORE: 2
MAX 90 OR ABOVE: 0 0.10 INCH OR MORE: 1
MIN 32 OR BELOW: 30 0.50 INCH OR MORE: 0
MIN 0 OR BELOW: 4 1.00 INCH OR MORE: 0
[HDD (BASE 65) ]
TOTAL THIS MO. 1194 CLEAR (SCALE 0-3) 22
DPTR FM NORMAL 88 PTCLDY (SCALE 4-7) 8
TOTAL FM JUL 1 2564 CLOUDY (SCALE 8-10) 1
DPTR FM NORMAL 52
[CDD (BASE 65) ]
TOTAL THIS MO. 0
DPTR FM NORMAL 0 [PRESSURE DATA]
TOTAL FM JAN 1 1152 HIGHEST SLP 30.82 ON 23
DPTR FM NORMAL 333 LOWEST SLP 29.34 ON 27
[REMARKS]
#FINAL-12-22#