000
CXUS55 KBOU 010900
CF6AKO
PRELIMINARY LOCAL CLIMATOLOGICAL DATA (WS FORM: F-6)
STATION: AKRON CO
MONTH: AUGUST
YEAR: 2021
LATITUDE: 40 10 N
LONGITUDE: 103 13 W
TEMPERATURE IN F: :PCPN: SNOW: WIND :SUNSHINE: SKY :PK WND
================================================================================
1 2 3 4 5 6A 6B 7 8 9 10 11 12 13 14 15 16 17 18
12Z AVG MX 2MIN
DY MAX MIN AVG DEP HDD CDD WTR SNW DPTH SPD SPD DIR MIN PSBL S-S WX SPD DR
================================================================================
1 83 54 69 -6 0 4 0.00 M M 5.1 14 110 M M 1 18 19 100
2 89 58 74 -1 0 9 0.00 M M 8.8 18 100 M M 0 8 29 110
3 89 61 75 1 0 10 0.00 M M 9.0 21 280 M M 3 29 270
4 82 61 72 -2 0 7 0.06 M M 8.9 18 290 M M 4 1 25 340
5 92 57 75 1 0 10 0.00 M M 8.1 18 170 M M 0 8 27 170
6 98 67 83 9 0 18 T M M 10.6 29 290 M M 0 42 290
7 86 58 72 -2 0 7 T M M 11.2 32 310 M M 1 38 43 310
8 94 59 77 3 0 12 0.00 M M 10.3 18 300 M M 0 8 25 300
9 98 66 82 8 0 17 T M M 9.1 20 120 M M 0 8 27 270
10 97 63 80 6 0 15 0.00 M M 7.6 14 230 M M 0 23 280
11 94 58 76 3 0 11 0.00 M M 10.4 18 100 M M 0 8 25 100
12 88 60 74 1 0 9 0.00 M M 13.1 23 100 M M 1 32 90
13 84 58 71 -2 0 6 0.00 M M 10.9 18 120 M M 3 18 24 120
14 95 60 78 5 0 13 0.03 M M 12.3 29 150 M M 1 13 39 140
15 91 65 78 5 0 13 0.01 M M 10.1 24 100 M M 0 39 70
16 93 58 76 3 0 11 0.00 M M 7.4 16 110 M M 0 8 20 110
17 95 68 82 10 0 17 0.00 M M 13.1 23 150 M M 0 32 150
18 95 62 79 7 0 14 0.00 M M 16.4 28 130 M M 0 41 130
19 91 62 77 5 0 12 0.25 M M 12.3 23 350 M M 4 13 32 350
20 80 52 66 -6 0 1 0.03 M M 10.4 35 300 M M 3 1 47 310
21 82 53 68 -4 0 3 T M M 13.2 28 160 M M 4 41 170
22 93 60 77 5 0 12 0.00 M M 9.5 26 150 M M 1 1 43 160
23 96 56 76 5 0 11 0.00 M M 7.1 17 110 M M 0 1 23 340
24 96 61 79 8 0 14 0.00 M M 8.5 16 260 M M 0 21 260
25 81 60 71 0 0 6 T M M 11.8 21 110 M M 5 138 32 70
26 90 62 76 5 0 11 0.00 M M 8.1 24 320 M M 1 13 31 310
27 95 56 76 5 0 11 0.00 M M 9.9 20 200 M M 0 30 180
28 89 63 76 6 0 11 0.00 M M 13.0 22 40 M M 0 37 60
29 78 55 67 -3 0 2 0.00 M M 11.6 22 140 M M 5 27 150
30 95 60 78 8 0 13 0.00 M M 8.3 16 220 M M 2 1 22 220
31 95 64 80 10 0 15 0.00 M M 11.2 20 280 M M 0 8 26 210
================================================================================
SM 2804 1857 0 325 0.38 M 317.3 M 39
================================================================================
AV 90.5 59.9 10.2 FASTST M M 1 MAX(MPH)
MISC ----> 35 300 47 310
================================================================================
NOTES:
# LAST OF SEVERAL OCCURRENCES
COLUMN 17 PEAK WIND IN M.P.H.
PRELIMINARY LOCAL CLIMATOLOGICAL DATA (WS FORM: F-6) , PAGE 2
STATION: AKRON CO
MONTH: AUGUST
YEAR: 2021
LATITUDE: 40 10 N
LONGITUDE: 103 13 W
[TEMPERATURE DATA] [PRECIPITATION DATA] SYMBOLS USED IN COLUMN 16
AVERAGE MONTHLY: 75.2 TOTAL FOR MONTH: 0.38 1 = FOG OR MIST
DPTR FM NORMAL: 2.7 DPTR FM NORMAL: -1.98 2 = FOG REDUCING VISIBILITY
HIGHEST: 98 ON 9, 6 GRTST 24HR 0.28 ON 19-20 TO 1/4 MILE OR LESS
LOWEST: 52 ON 20 3 = THUNDER
SNOW, ICE PELLETS, HAIL 4 = ICE PELLETS
TOTAL MONTH: M 5 = HAIL
GRTST 24HR M ON M 6 = FREEZING RAIN OR DRIZZLE
GRTST DEPTH: M ON M 7 = DUSTSTORM OR SANDSTORM:
VSBY 1/2 MILE OR LESS
8 = SMOKE OR HAZE
[NO. OF DAYS WITH] [WEATHER - DAYS WITH] 9 = BLOWING SNOW
X = TORNADO
MAX 32 OR BELOW: 0 0.01 INCH OR MORE: 5
MAX 90 OR ABOVE: 19 0.10 INCH OR MORE: 1
MIN 32 OR BELOW: 0 0.50 INCH OR MORE: 0
MIN 0 OR BELOW: 0 1.00 INCH OR MORE: 0
[HDD (BASE 65) ]
TOTAL THIS MO. 0 CLEAR (SCALE 0-3) 25
DPTR FM NORMAL -12 PTCLDY (SCALE 4-7) 6
TOTAL FM JUL 1 0 CLOUDY (SCALE 8-10) 0
DPTR FM NORMAL -14
[CDD (BASE 65) ]
TOTAL THIS MO. 325
DPTR FM NORMAL 80 [PRESSURE DATA]
TOTAL FM JAN 1 875 HIGHEST SLP M ON M
DPTR FM NORMAL 155 LOWEST SLP 29.62 ON 31
[REMARKS]
#FINAL-08-21#