000
CXUS55 KBOU 010900
CF6AKO
PRELIMINARY LOCAL CLIMATOLOGICAL DATA (WS FORM: F-6)
STATION: AKRON CO
MONTH: MARCH
YEAR: 2021
LATITUDE: 40 10 N
LONGITUDE: 103 13 W
TEMPERATURE IN F: :PCPN: SNOW: WIND :SUNSHINE: SKY :PK WND
================================================================================
1 2 3 4 5 6A 6B 7 8 9 10 11 12 13 14 15 16 17 18
12Z AVG MX 2MIN
DY MAX MIN AVG DEP HDD CDD WTR SNW DPTH SPD SPD DIR MIN PSBL S-S WX SPD DR
================================================================================
1 50 15 33 -2 32 0 0.00 M M 9.9 17 210 M M 0 24 210
2 65 25 45 9 20 0 0.00 M M 12.0 21 220 M M 0 28 220
3 64 25 45 9 20 0 0.00 M M 10.7 16 140 M M 0 21 140
4 58 34 46 10 19 0 0.15 M M 13.3 31 110 M M 5 1 49 120
5 58 30 44 8 21 0 0.00 M M 9.4 16 280 M M 0 19 270
6 66 38 52 15 13 0 0.00 M M 17.1 29 200 M M 0 39 210
7 68 31 50 13 15 0 0.00 M M 9.8 18 240 M M 0 25 240
8 67 34 51 14 14 0 0.00 M M 8.4 15 240 M M 0 20 180
9 69 36 53 15 12 0 0.00 M M 13.8 31 60 M M 0 43 50
10 46 18 32 -6 33 0 T M M 11.9 24 20 M M 7 1 32 20
11 51 17 34 -4 31 0 0.00 M M 11.4 25 130 M M 3 33 130
12 49 32 41 3 24 0 0.00 M M 14.4 24 130 M M 9 1 33 110
13 34 31 33 -6 32 0 1.08 M M 15.5 23 80 M M 10 126 30 80
14 35 29 32 -7 33 0 0.61 M M 22.4 31 60 M M 9 1236 40 60
15 32 17 25 -14 40 0 T M M 11.2 26 10 M M 8 1 33 20
16 35 15 25 -14 40 0 0.00 M M 8.9 17 340 M M 6 12 22 340
17 35 22 29 -11 36 0 0.00 M M 17.9 28 340 M M 6 33 340
18 38 17 28 -12 37 0 0.00 M M 7.4 15 170 M M 0 20 160
19 46 25 36 -4 29 0 0.00 M M 12.8 17 180 M M 1 22 180
20 63 35 49 9 16 0 0.00 M M 13.4 25 230 M M 0 34 230
21 47 32 40 0 25 0 T M M 14.8 28 340 M M 5 33 340
22 45 27 36 -5 29 0 T M M 8.6 17 30 M M 5 12 23 40
23 48 24 36 -5 29 0 0.02 M M 17.1 32 360 M M 3 12 47 350
24 43 28 36 -5 29 0 0.00 M M 9.8 20 340 M M 4 25 350
25 56 27 42 1 23 0 0.00 M M 12.0 20 160 M M 2 30 160
26 44 30 37 -5 28 0 0.08 M M 9.2 17 350 M M 8 1 22 350
27 52 28 40 -2 25 0 0.00 M M 14.5 32 320 M M 3 12 42 320
28 66 31 49 7 16 0 0.00 M M 10.6 24 310 M M 0 31 290
29 77 30 54 12 11 0 0.00 M M 18.2 43 360 M M 0 56 360
30 42 24 33 -9 32 0 0.00 M M 7.7 20 330 M M 9 26 330
31 50 17 34 -9 31 0 0.00 M M 11.8 26 350 M M 0 37 340
================================================================================
SM 1599 824 795 0 1.94 M 385.9 M 103
================================================================================
AV 51.6 26.6 12.4 FASTST M M 3 MAX(MPH)
MISC ----> 43 360 56 360
================================================================================
NOTES:
# LAST OF SEVERAL OCCURRENCES
COLUMN 17 PEAK WIND IN M.P.H.
PRELIMINARY LOCAL CLIMATOLOGICAL DATA (WS FORM: F-6) , PAGE 2
STATION: AKRON CO
MONTH: MARCH
YEAR: 2021
LATITUDE: 40 10 N
LONGITUDE: 103 13 W
[TEMPERATURE DATA] [PRECIPITATION DATA] SYMBOLS USED IN COLUMN 16
AVERAGE MONTHLY: 39.1 TOTAL FOR MONTH: 1.94 1 = FOG OR MIST
DPTR FM NORMAL: -0.1 DPTR FM NORMAL: 1.07 2 = FOG REDUCING VISIBILITY
HIGHEST: 77 ON 29 GRTST 24HR 1.48 ON 13-14 TO 1/4 MILE OR LESS
LOWEST: 15 ON 16, 1 3 = THUNDER
SNOW, ICE PELLETS, HAIL 4 = ICE PELLETS
TOTAL MONTH: M 5 = HAIL
GRTST 24HR M ON M 6 = FREEZING RAIN OR DRIZZLE
GRTST DEPTH: M ON M 7 = DUSTSTORM OR SANDSTORM:
VSBY 1/2 MILE OR LESS
8 = SMOKE OR HAZE
[NO. OF DAYS WITH] [WEATHER - DAYS WITH] 9 = BLOWING SNOW
X = TORNADO
MAX 32 OR BELOW: 1 0.01 INCH OR MORE: 5
MAX 90 OR ABOVE: 0 0.10 INCH OR MORE: 3
MIN 32 OR BELOW: 26 0.50 INCH OR MORE: 2
MIN 0 OR BELOW: 0 1.00 INCH OR MORE: 1
[HDD (BASE 65) ]
TOTAL THIS MO. 795 CLEAR (SCALE 0-3) 15
DPTR FM NORMAL -5 PTCLDY (SCALE 4-7) 12
TOTAL FM JUL 1 5428 CLOUDY (SCALE 8-10) 4
DPTR FM NORMAL -23
[CDD (BASE 65) ]
TOTAL THIS MO. 0
DPTR FM NORMAL 0 [PRESSURE DATA]
TOTAL FM JAN 1 0 HIGHEST SLP M ON M
DPTR FM NORMAL 0 LOWEST SLP 29.54 ON 9
[REMARKS]
#FINAL-03-21#