000
CXUS55 KBOU 011000
CF6AKO
PRELIMINARY LOCAL CLIMATOLOGICAL DATA (WS FORM: F-6)
STATION: AKRON CO
MONTH: DECEMBER
YEAR: 2020
LATITUDE: 40 10 N
LONGITUDE: 103 13 W
TEMPERATURE IN F: :PCPN: SNOW: WIND :SUNSHINE: SKY :PK WND
================================================================================
1 2 3 4 5 6A 6B 7 8 9 10 11 12 13 14 15 16 17 18
12Z AVG MX 2MIN
DY MAX MIN AVG DEP HDD CDD WTR SNW DPTH SPD SPD DIR MIN PSBL S-S WX SPD DR
================================================================================
1 43 23 33 2 32 0 0.00 M M 23.0 35 350 M M 4 43 360
2 27 11 19 -11 46 0 T M M 16.2 29 340 M M 8 39 350
3 45 9 27 -3 38 0 0.00 M M 11.8 17 290 M M 0 22 290
4 57 25 41 11 24 0 0.00 M M 12.9 18 270 M M 0 22 270
5 53 21 37 8 28 0 0.00 M M 11.5 17 300 M M 0 20 300
6 54 24 39 10 26 0 0.00 M M 11.1 16 310 M M 0 20 300
7 59 24 42 13 23 0 0.00 M M 13.8 21 270 M M 0 26 280
8 61 25 43 14 22 0 0.00 M M 13.5 17 280 M M 0 M M
9 66 31 49 21 16 0 0.00 M M 11.8 17 250 M M 0 23 230
10 39 26 33 5 32 0 T M M 14.4 22 20 M M 4 1 26 10
11 27 13 20 -8 45 0 0.02 M M 10.6 16 330 M M 10 12 20 330
12 26 7 17 -11 48 0 0.04 M M 9.3 18 110 M M 9 128 21 90
13 24 5 15 -13 50 0 0.01 M M 9.4 16 280 M M 3 1 18 280
14 22 9 16 -12 49 0 T M M 7.9 14 330 M M 3 1 17 330
15 25 9 17 -11 48 0 0.01 M M 12.1 18 350 M M 6 1 23 340
16 35 8 22 -6 43 0 0.00 M M 12.7 21 320 M M 2 26 330
17 42 20 31 3 34 0 0.00 M M 11.3 23 290 M M 0 27 290
18 37 21 29 1 36 0 T M M 13.4 23 350 M M 5 1 29 350
19 35 20 28 0 37 0 0.00 M M 15.4 32 310 M M 1 41 320
20 41 22 32 4 33 0 0.00 M M 13.1 28 270 M M 1 34 290
21 50 30 40 12 25 0 0.00 M M 9.8 17 180 M M 0 24 190
22 58 30 44 16 21 0 T M M 18.1 53 320 M M 1 68 320
23 30 13 22 -6 43 0 T M M 29.0 54 330 M M 3 69 330
24 49 14 32 4 33 0 0.00 M M 19.7 41 330 M M 5 53 330
25 58 29 44 16 21 0 0.00 M M 10.9 22 250 M M 0 24 250
26 59 28 44 16 21 0 0.00 M M 11.6 21 330 M M 0 29 330
27 45 27 36 8 29 0 0.00 M M 11.7 23 340 M M 3 32 300
28 30 25 28 0 37 0 0.02 M M 12.9 29 140 M M 10 12 39 140
29 27 23 25 -3 40 0 T M M 18.1 24 140 M M 10 1 38 140
30 35 9 22 -6 43 0 0.00 M M 10.4 16 250 M M 0 20 230
31 38 16 27 -1 38 0 0.00 M M 8.3 15 280 M M 1 19 230
================================================================================
SM 1297 597 1061 0 0.10 M 415.7 M 89
================================================================================
AV 41.8 19.3 13.4 FASTST M M 3 MAX(MPH)
MISC ----> 54 330 69 330
================================================================================
NOTES:
# LAST OF SEVERAL OCCURRENCES
COLUMN 17 PEAK WIND IN M.P.H.
PRELIMINARY LOCAL CLIMATOLOGICAL DATA (WS FORM: F-6) , PAGE 2
STATION: AKRON CO
MONTH: DECEMBER
YEAR: 2020
LATITUDE: 40 10 N
LONGITUDE: 103 13 W
[TEMPERATURE DATA] [PRECIPITATION DATA] SYMBOLS USED IN COLUMN 16
AVERAGE MONTHLY: 30.5 TOTAL FOR MONTH: 0.10 1 = FOG OR MIST
DPTR FM NORMAL: 2.2 DPTR FM NORMAL: -0.30 2 = FOG REDUCING VISIBILITY
HIGHEST: 66 ON 9 GRTST 24HR 0.05 ON 12-13 TO 1/4 MILE OR LESS
LOWEST: 5 ON 13 3 = THUNDER
SNOW, ICE PELLETS, HAIL 4 = ICE PELLETS
TOTAL MONTH: M 5 = HAIL
GRTST 24HR M ON M 6 = FREEZING RAIN OR DRIZZLE
GRTST DEPTH: M ON M 7 = DUSTSTORM OR SANDSTORM:
VSBY 1/2 MILE OR LESS
8 = SMOKE OR HAZE
[NO. OF DAYS WITH] [WEATHER - DAYS WITH] 9 = BLOWING SNOW
X = TORNADO
MAX 32 OR BELOW: 9 0.01 INCH OR MORE: 5
MAX 90 OR ABOVE: 0 0.10 INCH OR MORE: 0
MIN 32 OR BELOW: 31 0.50 INCH OR MORE: 0
MIN 0 OR BELOW: 0 1.00 INCH OR MORE: 0
[HDD (BASE 65) ]
TOTAL THIS MO. 1061 CLEAR (SCALE 0-3) 21
DPTR FM NORMAL -76 PTCLDY (SCALE 4-7) 6
TOTAL FM JUL 1 2419 CLOUDY (SCALE 8-10) 4
DPTR FM NORMAL -157
[CDD (BASE 65) ]
TOTAL THIS MO. 0
DPTR FM NORMAL 0 [PRESSURE DATA]
TOTAL FM JAN 1 1090 HIGHEST SLP 30.58 ON 2
DPTR FM NORMAL 334 LOWEST SLP 29.38 ON 22
[REMARKS]
#FINAL-12-20#