000
CXUS55 KBOU 011000
CF6AKO
PRELIMINARY LOCAL CLIMATOLOGICAL DATA (WS FORM: F-6)
STATION: AKRON CO
MONTH: NOVEMBER
YEAR: 2023
LATITUDE: 40 10 N
LONGITUDE: 103 13 W
TEMPERATURE IN F: :PCPN: SNOW: WIND :SUNSHINE: SKY :PK WND
================================================================================
1 2 3 4 5 6A 6B 7 8 9 10 11 12 13 14 15 16 17 18
12Z AVG MX 2MIN
DY MAX MIN AVG DEP HDD CDD WTR SNW DPTH SPD SPD DIR MIN PSBL S-S WX SPD DR
================================================================================
1 63 33 48 4 17 0 0.00 M M 9.6 15 290 M M 0 20 290
2 68 32 50 6 15 0 0.00 M M 10.0 15 240 M M 0 23 270
3 69 44 57 14 8 0 0.00 M M 9.7 22 320 M M 4 29 340
4 64 34 49 6 16 0 0.00 M M 10.0 18 360 M M 0 25 10
5 75 43 59 17 6 0 0.00 M M 10.2 17 210 M M 0 27 210
6 70 38 54 12 11 0 0.00 M M 10.1 22 180 M M 0 36 150
7 71 37 54 12 11 0 0.00 M M 12.0 20 320 M M 0 25 20
8 53 28 41 0 24 0 0.00 M M 12.9 26 350 M M 5 36 350
9 51 27 39 -2 26 0 0.00 M M 8.9 18 20 M M 1 1 26 20
10 56 27 42 2 23 0 0.00 M M 7.4 16 230 M M 0 20 240
11 60 28 44 4 21 0 0.00 M M 10.5 15 240 M M 0 21 230
12 63 30 47 7 18 0 0.00 M M 9.1 21 350 M M 0 27 340
13 66 37 52 13 13 0 0.00 M M 15.0 28 180 M M 0 39 180
14 69 36 53 14 12 0 0.00 M M 9.9 20 260 M M 0 26 260
15 70 30 50 11 15 0 0.00 M M 8.4 15 190 M M 0 23 190
16 66 33 50 12 15 0 0.00 M M 10.7 22 10 M M 2 28 30
17 63 27 45 7 20 0 0.00 M M 8.2 14 360 M M 0 18 230
18 62 32 47 10 18 0 0.00 M M 6.1 13 280 M M 0 16 290
19 58 32 45 8 20 0 0.00 M M 10.4 18 320 M M 0 27 320
20 42 32 37 0 28 0 T M M 21.0 33 340 M M 8 1 46 340
21 52 26 39 3 26 0 0.00 M M 11.8 18 320 M M 1 27 340
22 68 30 49 13 16 0 0.00 M M 9.6 16 60 M M 0 22 60
23 41 20 31 -4 34 0 T M M 13.4 23 60 M M 3 18 30 60
24 20 12 16 -19 49 0 0.03 M M 12.8 20 80 M M 10 1 24 80
25 19 7 13 -22 52 0 0.01 M M 10.4 17 280 M M 8 18 26 280
26 37 8 23 -11 42 0 0.00 M M 11.8 21 320 M M 1 27 340
27 40 14 27 -7 38 0 0.00 M M 9.6 16 260 M M 0 22 250
28 51 21 36 2 29 0 0.00 M M 10.7 21 330 M M 0 27 340
29 52 24 38 5 27 0 0.00 M M 9.6 16 250 M M 0 21 240
30 36 17 27 -6 38 0 0.00 M M 8.6 14 60 M M 0 18 70
================================================================================
SM 1675 839 688 0 0.04 M 318.4 M 43
================================================================================
AV 55.8 28.0 10.6 FASTST M M 1 MAX(MPH)
MISC ----> 33 340 46 340
================================================================================
NOTES:
# LAST OF SEVERAL OCCURRENCES
COLUMN 17 PEAK WIND IN M.P.H.
PRELIMINARY LOCAL CLIMATOLOGICAL DATA (WS FORM: F-6) , PAGE 2
STATION: AKRON CO
MONTH: NOVEMBER
YEAR: 2023
LATITUDE: 40 10 N
LONGITUDE: 103 13 W
[TEMPERATURE DATA] [PRECIPITATION DATA] SYMBOLS USED IN COLUMN 16
AVERAGE MONTHLY: 41.9 TOTAL FOR MONTH: 0.04 1 = FOG OR MIST
DPTR FM NORMAL: 3.6 DPTR FM NORMAL: -0.38 2 = FOG REDUCING VISIBILITY
HIGHEST: 75 ON 5 GRTST 24HR 0.03 ON 23-24 TO 1/4 MILE OR LESS
LOWEST: 7 ON 25 3 = THUNDER
SNOW, ICE PELLETS, HAIL 4 = ICE PELLETS
TOTAL MONTH: M 5 = HAIL
GRTST 24HR M ON M 6 = FREEZING RAIN OR DRIZZLE
GRTST DEPTH: M ON M 7 = DUSTSTORM OR SANDSTORM:
VSBY 1/2 MILE OR LESS
8 = SMOKE OR HAZE
[NO. OF DAYS WITH] [WEATHER - DAYS WITH] 9 = BLOWING SNOW
X = TORNADO
MAX 32 OR BELOW: 2 0.01 INCH OR MORE: 2
MAX 90 OR ABOVE: 0 0.10 INCH OR MORE: 0
MIN 32 OR BELOW: 21 0.50 INCH OR MORE: 0
MIN 0 OR BELOW: 0 1.00 INCH OR MORE: 0
[HDD (BASE 65) ]
TOTAL THIS MO. 688 CLEAR (SCALE 0-3) 25
DPTR FM NORMAL -112 PTCLDY (SCALE 4-7) 3
TOTAL FM JUL 1 1198 CLOUDY (SCALE 8-10) 2
DPTR FM NORMAL -205
[CDD (BASE 65) ]
TOTAL THIS MO. 0
DPTR FM NORMAL 0 [PRESSURE DATA]
TOTAL FM JAN 1 722 HIGHEST SLP 30.52 ON 21
DPTR FM NORMAL -97 LOWEST SLP 29.62 ON 19
[REMARKS]
#FINAL-11-23#