000
CXUS51 KALY 011603
CLAALB
ALBCLMALB 000
TTAA00 KALY 011602
CLIMATE REPORT
NATIONAL WEATHER SERVICE ALBANY NY
1054 AM EST WED JAN 1 2020
...................................
...THE ALBANY NY CLIMATE SUMMARY FOR THE YEAR OF 2019...
CLIMATE NORMAL PERIOD 1981 TO 2010
CLIMATE RECORD PERIOD 1874 TO 2019
WEATHER OBSERVED NORMAL DEPART LAST YEAR`S
VALUE DATE(S) VALUE FROM VALUE DATE(S)
NORMAL
................................................................
TEMPERATURE (F)
RECORD
HIGH 104 07/04/1911
LOW -28 01/19/1971
HIGHEST 95 07/20 MM MM 97 07/02
07/01
06/18
LOWEST -8 02/01 MM MM -10 01/01
AVG. MAXIMUM 58.9 57.9 1.0 59.0
AVG. MINIMUM 40.1 38.7 1.4 41.3
MEAN 49.5 48.3 1.2 50.2
DAYS MAX >= 90 12 7.1 4.9 20
DAYS MAX <= 32 39 42.8 -3.8 33
DAYS MIN <= 32 132 135.0 -3.0 144
DAYS MIN <= 0 6 7.6 -1.6 4
PRECIPITATION (INCHES)
RECORD
MAXIMUM 56.78 1871
MINIMUM 21.55 1964
TOTALS 46.05 39.35 6.70 44.28
DAILY AVG. 0.13 0.11 0.12
DAYS >= .01 155 137.8 17.2 151
DAYS >= .10 95 79.3 15.7 99
DAYS >= .50 32 26.6 5.4 31
DAYS >= 1.00 8 7.4 0.6 9
GREATEST
24 HR. TOTAL 1.63 10/17 TO 10/17
SNOWFALL (INCHES)
RECORDS
24 HR TOTAL 30.4 03/12/1888 TO 03/12/1888
SNOW DEPTH 36 01/01/1970
12/29/1969
12/28/1969
TOTALS 71.9 60.3 11.6 78.9
SINCE 7/1 30.2 16.8 13.4 13.7
SNOWDEPTH AVG. 1
DAYS >= TRACE 79 34.8 44.2 89
DAYS >= 1.0 17 14.7 2.3 17
GREATEST
SNOW DEPTH 18 12/03 14 03/14
24 HR TOTAL 13.3 12/01 TO 12/01
DEGREE_DAYS
HEATING TOTAL 6294 6680 -386 6339
SINCE 7/1 MM 2535 MM MM
COOLING TOTAL 774 597 177 1058
SINCE 1/1 774 598 176 1058
FREEZE DATES
RECORD
EARLIEST 09/24/1963
LATEST 05/27/1969
EARLIEST 10/10
LATEST 04/28
.................................................................
WIND (MPH)
AVERAGE WIND SPEED 7.6
HIGHEST WIND SPEED/DIRECTION 47/280 DATE 02/25
HIGHEST GUST SPEED/DIRECTION 61/300 DATE 02/25
WEATHER CONDITIONS. NUMBER OF DAYS WITH
THUNDERSTORM 32 MIXED PRECIP 0
HEAVY RAIN 25 RAIN 49
LIGHT RAIN 167 FREEZING RAIN 1
LT FREEZING RAIN 9 HAIL 0
HEAVY SNOW 7 SNOW 26
LIGHT SNOW 72 SLEET 16
FOG 139 FOG W/VIS <= 1/4 MILE 15
HAZE 18
- INDICATES NEGATIVE NUMBERS.
R INDICATES RECORD WAS SET OR TIED.
MM INDICATES DATA IS MISSING.
T INDICATES TRACE AMOUNT.
$$