000
CXUS54 KEPZ 221305
CF6ALM
PRELIMINARY LOCAL CLIMATOLOGICAL DATA (WS FORM: F-6)
STATION: ALAMOGORDO
MONTH: JANUARY
YEAR: 2023
LATITUDE: 32 49 N
LONGITUDE: 106 0 W
TEMPERATURE IN F: :PCPN: SNOW: WIND :SUNSHINE: SKY :PK WND
================================================================================
1 2 3 4 5 6A 6B 7 8 9 10 11 12 13 14 15 16 17 18
12Z AVG MX 2MIN
DY MAX MIN AVG DEP HDD CDD WTR SNW DPTH SPD SPD DIR MIN PSBL S-S WX SPD DR
================================================================================
1 63 41 52 M 13 0 0.00 M M 12.3 21 160 M M 3 32 160
2 54 30 42 M 23 0 0.03 M M 9.4 21 260 M M 5 1 29 260
3 52 32 42 M 23 0 0.00 M M 6.3 22 250 M M 6 30 250
4 55 28 42 M 23 0 0.00 M M 5.6 10 70 M M 2 8 M M
5 61 25 43 M 22 0 0.00 M M 2.7 7 160 M M 2 14 130
6 66 34 50 M 15 0 0.00 M M 6.1 12 180 M M 1 17 180
7 55 28 42 M 23 0 0.00 M M 5.0 13 330 M M 1 15 140
8 63 21 42 M 23 0 0.00 M M 4.4 9 M M M 2 13 190
9 66 30 48 M 17 0 0.00 M M 3.8 8 180 M M 2 14 200
10 64 41 53 M 12 0 0.00 M M 7.4 13 160 M M 1 20 180
11 64 46 55 M 10 0 0.00 M M 12.6 18 160 M M 1 27 230
12 55 28 42 M 23 0 0.00 M M 5.1 20 10 M M 1 21 10
13 59 25 42 M 23 0 0.00 M M 3.9 9 330 M M 3 13 0
14 68 28 48 M 17 0 0.00 M M 6.9 14 170 M M 3 18 180
15 61 50 56 M 9 0 0.00 M M 13.1 23 240 M M 6 8 32 220
16 52 45 49 M 16 0 0.04 M M 11.3 21 230 M M 9 23 210
17 55 34 45 M 20 0 0.01 M M 14.5 33 200 M M 8 1 37 200
18 48 23 36 M 29 0 0.00 M M 6.8 16 250 M M 6 27 250
19 50 23 37 M 28 0 0.00 M M 6.2 12 30 M M 2 15 260
20 59 21 40 M 25 0 0.00 M M 7.4 17 250 M M 3 24 250
21 48 27 38 M 27 0 0.00 M M 9.5 15 350 M M 2 22 350
22 50 25 38 M 27 0 0.00 M M 8.6 15 330 M M 3 14 99
23 52 34 43 M 22 0 0.00 M M 8.4 17 160 M M 5 30 160
24 48 32 40 M 25 0 0.05 M M 6.4 16 320 M M 8 1 22 250
25 48 23 36 M 29 0 0.00 M M 10.5 22 340 M M 3 23 360
26 45 16 31 M 34 0 0.00 M M 4.4 8 60 M M 3 15 0
27 50 14 32 M 33 0 0.00 M M 5.0 10 130 M M 2 M M
28 61 28 45 M 20 0 0.00 M M 9.1 14 210 M M 2 21 180
29 63 37 50 M 15 0 0.00 M M 9.4 20 190 M M 3 22 180
30 66 34 50 M 15 0 0.00 M M 9.4 20 200 M M 2 28 200
31 59 30 45 M 20 0 0.00 M M 7.1 20 200 M M 3 22 200
================================================================================
SM 1760 933 661 0 0.13 M 238.6 M 103
================================================================================
AV 56.8 30.1 7.7 FASTST M M 3 MAX(MPH)
MISC ----> 33 200 37 200
================================================================================
NOTES:
# LAST OF SEVERAL OCCURRENCES
COLUMN 17 PEAK WIND IN M.P.H.
PRELIMINARY LOCAL CLIMATOLOGICAL DATA (WS FORM: F-6) , PAGE 2
STATION: ALAMOGORDO
MONTH: JANUARY
YEAR: 2023
LATITUDE: 32 49 N
LONGITUDE: 106 0 W
[TEMPERATURE DATA] [PRECIPITATION DATA] SYMBOLS USED IN COLUMN 16
AVERAGE MONTHLY: 43.4 TOTAL FOR MONTH: 0.13 1 = FOG OR MIST
DPTR FM NORMAL: 0.0 DPTR FM NORMAL: M 2 = FOG REDUCING VISIBILITY
HIGHEST: 68 ON 14 GRTST 24HR 0.48 ON 23-24 TO 1/4 MILE OR LESS
LOWEST: 14 ON 27 3 = THUNDER
SNOW, ICE PELLETS, HAIL 4 = ICE PELLETS
TOTAL MONTH: M 5 = HAIL
GRTST 24HR M ON M 6 = FREEZING RAIN OR DRIZZLE
GRTST DEPTH: M ON M 7 = DUSTSTORM OR SANDSTORM:
VSBY 1/2 MILE OR LESS
8 = SMOKE OR HAZE
[NO. OF DAYS WITH] [WEATHER - DAYS WITH] 9 = BLOWING SNOW
X = TORNADO
MAX 32 OR BELOW: 0 0.01 INCH OR MORE: 4
MAX 90 OR ABOVE: 0 0.10 INCH OR MORE: 0
MIN 32 OR BELOW: 21 0.50 INCH OR MORE: 0
MIN 0 OR BELOW: 0 1.00 INCH OR MORE: 0
[HDD (BASE 65) ]
TOTAL THIS MO. 661 CLEAR (SCALE 0-3) 21
DPTR FM NORMAL M PTCLDY (SCALE 4-7) 8
TOTAL FM JUL 1 2058 CLOUDY (SCALE 8-10) 2
DPTR FM NORMAL M
[CDD (BASE 65) ]
TOTAL THIS MO. 0
DPTR FM NORMAL M [PRESSURE DATA]
TOTAL FM JAN 1 0 HIGHEST SLP M ON M
DPTR FM NORMAL M LOWEST SLP M ON M
[REMARKS]
#FINAL-01-23#