000
CXUS56 KPDT 030032
CF6ALW
PRELIMINARY LOCAL CLIMATOLOGICAL DATA (WS FORM: F-6)
STATION: WALLA WALLA WA
MONTH: JUNE
YEAR: 2023
LATITUDE: 46 5 N
LONGITUDE: 118 17 W
TEMPERATURE IN F: :PCPN: SNOW: WIND :SUNSHINE: SKY :PK WND
================================================================================
1 2 3 4 5 6A 6B 7 8 9 10 11 12 13 14 15 16 17 18
12Z AVG MX 2MIN
DY MAX MIN AVG DEP HDD CDD WTR SNW DPTH SPD SPD DIR MIN PSBL S-S WX SPD DR
================================================================================
1 74 46 60 -4 5 0 0.00 M M 6.9 15 210 M M 0 25 190
2 78 53 66 2 0 1 0.00 M M 5.8 13 240 M M 0 17 190
3 84 56 70 6 0 5 0.00 M M 5.3 14 230 M M 0 19 220
4 86 58 72 8 0 7 0.00 M M 5.1 12 200 M M 0 16 220
5 89 58 74 10 0 9 0.00 M M 5.8 13 170 M M 0 8 17 60
6 90 56 73 8 0 8 0.00 M M 7.1 16 200 M M 0 21 200
7 90 58 74 9 0 9 0.00 M M 6.2 14 200 M M 0 20 250
8 79 66 73 8 0 8 T M M 6.9 15 220 M M 7 3 22 220
9 73 61 67 2 0 2 0.04 M M 8.4 16 220 M M 9 1 23 210
10 80 57 69 4 0 4 0.00 M M 6.1 13 310 M M 3 20 260
11 83 56 70 4 0 5 0.00 M M 5.2 12 130 M M 1 21 90
12 87 61 74 8 0 9 T M M 6.4 15 280 M M 2 20 310
13 89 59 74 8 0 9 0.00 M M 13.2 29 240 M M 4 8 38 230
14 71 51 61 -5 4 0 0.00 M M 13.0 23 200 M M 0 8 35 240
15 76 50 63 -4 2 0 0.00 M M 7.5 16 210 M M 0 8 26 250
16 84 51 68 1 0 3 T M M 6.5 14 220 M M 1 22 280
17 78 58 68 1 0 3 T M M 13.3 25 220 M M 5 34 220
18 69 50 60 -7 5 0 0.00 M M 15.8 26 260 M M 1 37 270
19 67 44 56 -12 9 0 T M M 11.9 22 220 M M 4 29 230
20 64 50 57 -11 8 0 T M M 9.6 21 210 M M 6 28 200
21 74 46 60 -8 5 0 0.00 M M 6.5 15 260 M M 1 19 260
22 83 49 66 -3 0 1 0.00 M M 4.9 10 90 M M 0 18 330
23 84 50 67 -2 0 2 0.00 M M 6.6 17 290 M M 0 8 24 280
24 85 56 71 2 0 6 0.00 M M 6.3 15 200 M M 1 19 190
25 89 59 74 4 0 9 0.00 M M 6.8 18 120 M M 1 25 120
26 85 62 74 4 0 9 T M M 9.0 28 80 M M 2 34 80
27 84 67 76 6 0 11 T M M 11.1 21 120 M M 5 3 28 120
28 88 64 76 5 0 11 T M M 5.5 14 200 M M 3 20 220
29 93 66 80 9 0 15 0.00 M M 7.7 14 280 M M 0 20 270
30 94 67 81 10 0 16 0.00 M M 8.3 15 240 M M 0 22 240
================================================================================
SM 2450 1685 38 162 0.04 M 238.7 M 56
================================================================================
AV 81.7 56.2 8.0 FASTST M M 2 MAX(MPH)
MISC ----> 29 240 38 230
================================================================================
NOTES:
# LAST OF SEVERAL OCCURRENCES
COLUMN 17 PEAK WIND IN M.P.H.
PRELIMINARY LOCAL CLIMATOLOGICAL DATA (WS FORM: F-6) , PAGE 2
STATION: WALLA WALLA WA
MONTH: JUNE
YEAR: 2023
LATITUDE: 46 5 N
LONGITUDE: 118 17 W
[TEMPERATURE DATA] [PRECIPITATION DATA] SYMBOLS USED IN COLUMN 16
AVERAGE MONTHLY: 68.9 TOTAL FOR MONTH: 0.04 1 = FOG OR MIST
DPTR FM NORMAL: 1.9 DPTR FM NORMAL: -1.20 2 = FOG REDUCING VISIBILITY
HIGHEST: 94 ON 30 GRTST 24HR 0.04 ON 8- 9 TO 1/4 MILE OR LESS
LOWEST: 44 ON 19 3 = THUNDER
SNOW, ICE PELLETS, HAIL 4 = ICE PELLETS
TOTAL MONTH: M 5 = HAIL
GRTST 24HR M ON M 6 = FREEZING RAIN OR DRIZZLE
GRTST DEPTH: M ON M 7 = DUSTSTORM OR SANDSTORM:
VSBY 1/2 MILE OR LESS
8 = SMOKE OR HAZE
[NO. OF DAYS WITH] [WEATHER - DAYS WITH] 9 = BLOWING SNOW
X = TORNADO
MAX 32 OR BELOW: 0 0.01 INCH OR MORE: 1
MAX 90 OR ABOVE: 4 0.10 INCH OR MORE: 0
MIN 32 OR BELOW: 0 0.50 INCH OR MORE: 0
MIN 0 OR BELOW: 0 1.00 INCH OR MORE: 0
[HDD (BASE 65) ]
TOTAL THIS MO. 38 CLEAR (SCALE 0-3) 21
DPTR FM NORMAL -16 PTCLDY (SCALE 4-7) 8
TOTAL FM JUL 1 5179 CLOUDY (SCALE 8-10) 1
DPTR FM NORMAL 382
[CDD (BASE 65) ]
TOTAL THIS MO. 162
DPTR FM NORMAL 46 [PRESSURE DATA]
TOTAL FM JAN 1 247 HIGHEST SLP 30.21 ON 21
DPTR FM NORMAL 92 LOWEST SLP 29.68 ON 13
[REMARKS]
#FINAL-06-23#