000
CXUS54 KAMA 010710
CF6AMA
PRELIMINARY LOCAL CLIMATOLOGICAL DATA (WS FORM: F-6)
STATION: AMARILLO
MONTH: APRIL
YEAR: 2021
LATITUDE: 35 13 N
LONGITUDE: 101 42 W
TEMPERATURE IN F: :PCPN: SNOW: WIND :SUNSHINE: SKY :PK WND
================================================================================
1 2 3 4 5 6A 6B 7 8 9 10 11 12 13 14 15 16 17 18
12Z AVG MX 2MIN
DY MAX MIN AVG DEP HDD CDD WTR SNW DPTH SPD SPD DIR MIN PSBL S-S WX SPD DR
================================================================================
1 67 32 50 -2 15 0 0.00 0.0 M 16.6 28 190 M M 0 34 200
2 69 42 56 4 9 0 0.00 0.0 0 20.5 33 190 M M 0 41 170
3 78 43 61 8 4 0 0.00 0.0 0 12.5 21 190 M M 0 27 130
4 78 45 62 9 3 0 0.00 0.0 0 14.7 23 180 M M 0 1 27 170
5 85 51 68 15 0 3 0.00 0.0 0 23.0 30 170 M M 1 38 170
6 86 49 68 14 0 3 0.00 0.0 0 22.0 39 330 M M 0 8 55 330
7 70 40 55 1 10 0 0.00 0.0 0 13.6 31 350 M M 1 37 350
8 79 39 59 5 6 0 0.00 0.0 0 10.5 24 230 M M 0 34 220
9 71 39 55 1 10 0 0.00 0.0 0 18.6 37 360 M M 0 8 46 360
10 70 33 52 -3 13 0 0.00 0.0 0 11.1 20 240 M M 0 25 230
11 82 44 63 8 2 0 0.00 0.0 0 12.5 24 30 M M 0 32 30
12 60 38 49 -6 16 0 0.00 0.0 0 16.3 30 30 M M 0 36 30
13 62 35 49 -7 16 0 0.00 0.0 0 12.2 21 70 M M 2 28 60
14 51 44 48 -8 17 0 0.00 0.0 0 12.8 21 80 M M 10 24 80
15 45 41 43 -13 22 0 0.02 0.0 0 15.9 24 120 M M 10 12 29 110
16 49 36 43 -13 22 0 0.05 0.0 0 14.8 31 350 M M 8 12 37 360
17 53 30 42 -15 23 0 0.00 0.0 0 12.8 23 10 M M 6 30 360
18 64 28 46 -11 19 0 0.00 0.0 0 9.5 21 320 M M 0 28 300
19 72 33 53 -4 12 0 0.00 0.0 0 13.5 32 20 M M 1 41 20
20 50 29 40 -18 25 0 0.00 0.0 0 17.3 32 10 M M 5 40 20
21 58 28 43 -15 22 0 0.00 0.0 0 11.6 25 150 M M 0 31 150
22 62 36 49 -9 16 0 0.00 0.0 0 20.2 31 180 M M 5 38 170
23 76 46 61 2 4 0 0.00 0.0 0 15.9 36 240 M M 3 18 44 240
24 75 41 58 -1 7 0 0.00 0.0 0 13.5 28 150 M M 1 1 34 150
25 90 47 69 10 0 4 0.00 0.0 0 22.0 33 210 M M 0 43 200
26 90 57 74 14 0 9 0.00 0.0 0 20.0 31 220 M M 0 41 200
27 81 52 67 7 0 2 T 0.0 0 11.8 24 290 M M 2 30 260
28 67 50 59 -1 6 0 T 0.0 0 17.6 30 360 M M 5 35 20
29 73 46 60 0 5 0 0.00 0.0 0 17.7 32 50 M M 1 39 60
30 74 44 59 -2 6 0 0.00 0.0 0 7.2 16 120 M M 0 8 20 120
================================================================================
SM 2087 1218 310 21 0.07 0.0 458.2 M 61
================================================================================
AV 69.6 40.6 15.3 FASTST M M 2 MAX(MPH)
MISC ----> 39 330 55 330
================================================================================
NOTES:
# LAST OF SEVERAL OCCURRENCES
COLUMN 17 PEAK WIND IN M.P.H.
PRELIMINARY LOCAL CLIMATOLOGICAL DATA (WS FORM: F-6) , PAGE 2
STATION: AMARILLO
MONTH: APRIL
YEAR: 2021
LATITUDE: 35 13 N
LONGITUDE: 101 42 W
[TEMPERATURE DATA] [PRECIPITATION DATA] SYMBOLS USED IN COLUMN 16
AVERAGE MONTHLY: 55.1 TOTAL FOR MONTH: 0.07 1 = FOG OR MIST
DPTR FM NORMAL: -1.2 DPTR FM NORMAL: -1.33 2 = FOG REDUCING VISIBILITY
HIGHEST: 90 ON 26,25 GRTST 24HR 0.07 ON 15-16 TO 1/4 MILE OR LESS
LOWEST: 28 ON 21,18 3 = THUNDER
SNOW, ICE PELLETS, HAIL 4 = ICE PELLETS
TOTAL MONTH: 0.0 INCH 5 = HAIL
GRTST 24HR 0.0 6 = FREEZING RAIN OR DRIZZLE
GRTST DEPTH: 0 7 = DUSTSTORM OR SANDSTORM:
VSBY 1/2 MILE OR LESS
8 = SMOKE OR HAZE
[NO. OF DAYS WITH] [WEATHER - DAYS WITH] 9 = BLOWING SNOW
X = TORNADO
MAX 32 OR BELOW: 0 0.01 INCH OR MORE: 2
MAX 90 OR ABOVE: 2 0.10 INCH OR MORE: 0
MIN 32 OR BELOW: 5 0.50 INCH OR MORE: 0
MIN 0 OR BELOW: 0 1.00 INCH OR MORE: 0
[HDD (BASE 65) ]
TOTAL THIS MO. 310 CLEAR (SCALE 0-3) 22
DPTR FM NORMAL 31 PTCLDY (SCALE 4-7) 6
TOTAL FM JUL 1 4080 CLOUDY (SCALE 8-10) 2
DPTR FM NORMAL -10
[CDD (BASE 65) ]
TOTAL THIS MO. 21
DPTR FM NORMAL 2 [PRESSURE DATA]
TOTAL FM JAN 1 21 HIGHEST SLP M ON M
DPTR FM NORMAL 0 LOWEST SLP 29.40 ON 6
[REMARKS]
#FINAL-04-21#