000
CXUS54 KAMA 011641
CLMAMA
CLIMATE REPORT
NATIONAL WEATHER SERVICE AMARILLO
1041 AM CST FRI MAR 01 2024
...................................
...THE AMARILLO CLIMATE SUMMARY FOR THE MONTH OF FEBRUARY 2024...
CLIMATE NORMAL PERIOD: 1991 TO 2020
CLIMATE RECORD PERIOD: 1892 TO 2024
WEATHER OBSERVED NORMAL DEPART LAST YEAR`S
VALUE DATE(S) VALUE FROM VALUE DATE(S)
NORMAL
................................................................
TEMPERATURE (F)
RECORD
HIGH 89 02/10/2017
LOW -16 02/12/1899
HIGHEST 83 02/21 77 02/26
LOWEST 19 02/18 12 02/17
AVG. MAXIMUM 60.6 56.1 4.5 59.2
AVG. MINIMUM 31.8 27.5 4.3 28.1
MEAN 46.2 41.8 4.4 43.7
DAYS MAX >= 90 0 0.0 0.0 0
DAYS MAX <= 32 0 1.8 -1.8 1
DAYS MIN <= 32 16 21.2 -5.2 18
DAYS MIN <= 0 0 0.3 -0.3 0
PRECIPITATION (INCHES)
RECORD
MAXIMUM 2.93 1903
MINIMUM 0.00 1930
TOTALS 0.64 0.53 0.11 0.25
DAILY AVG. 0.02 NAN NAN 0.01
DAYS >= .01 6 4.1 1.9 4
DAYS >= .10 2 1.5 0.5 1
DAYS >= .50 0 0.2 -0.2 0
DAYS >= 1.00 0 0.0 0.0 0
GREATEST
24 HR. TOTAL 0.34 02/10 TO 02/11
SNOWFALL (INCHES)
RECORDS
TOTAL 28.7 1903
TOTALS 6.6 3.5 3.1 0.3
SINCE 7/1 8.3 14.6 -6.3 MM
DAYS >= TRACE 5 2.3 2.7 4
DAYS >= 1.0 2 1.1 0.9 0
GREATEST
SNOW DEPTH 4 02/12
24 HR TOTAL 5.6 02/11 TO 02/12
DEGREE DAYS
HEATING TOTAL 540 650 -110 588
SINCE 7/1 2804 3102 -298 MM
COOLING TOTAL 2 0 2 0
SINCE 1/1 2 0 2 MM
................................................................
WIND (MPH)
AVERAGE WIND SPEED 13.6
HIGHEST WIND SPEED/DIRECTION 45/260 DATE 02/27
HIGHEST GUST SPEED/DIRECTION 62/270 DATE 02/26
62/260 02/27
SKY COVER
POSSIBLE SUNSHINE (PERCENT) MM
NUMBER OF DAYS FAIR 20
NUMBER OF DAYS PC 7
NUMBER OF DAYS CLOUDY 2
AVERAGE RH (PERCENT) 54
WEATHER CONDITIONS. NUMBER OF DAYS WITH
THUNDERSTORM 1 MIXED PRECIP 0
HEAVY RAIN 0 RAIN 2
LIGHT RAIN 4 FREEZING RAIN 0
LT FREEZING RAIN 0 HAIL 1
HEAVY SNOW 0 SNOW 2
LIGHT SNOW 4 SLEET 0
FOG 7 FOG W/VIS <= 1/4 MILE 1
HAZE 4
- INDICATES NEGATIVE NUMBERS.
R INDICATES RECORD WAS SET OR TIED.
MM INDICATES DATA IS MISSING.
T INDICATES TRACE AMOUNT.
$$