000
CXUS54 KBMX 011010
CF6ANB
PRELIMINARY LOCAL CLIMATOLOGICAL DATA (WS FORM: F-6)
STATION: ANNISTON
MONTH: MARCH
YEAR: 2023
LATITUDE: 33 35 N
LONGITUDE: 85 51 W
TEMPERATURE IN F: :PCPN: SNOW: WIND :SUNSHINE: SKY :PK WND
================================================================================
1 2 3 4 5 6A 6B 7 8 9 10 11 12 13 14 15 16 17 18
12Z AVG MX 2MIN
DY MAX MIN AVG DEP HDD CDD WTR SNW DPTH SPD SPD DIR MIN PSBL S-S WX SPD DR
================================================================================
1 79 53 66 14 0 1 0.00 0.0 0 6.2 20 210 M M 6 18 26 200
2 72 59 66 14 0 1 0.97 0.0 M 5.4 22 240 M M 10 1 30 230
3 81 51 66 14 0 1 0.09 0.0 M 10.8 35 260 M M 7 13 48 280
4 71 45 58 6 7 0 0.00 0.0 M 2.3 12 360 M M 1 1 15 290
5 75 42 59 6 6 0 0.00 0.0 0 4.0 12 70 M M 0 16 80
6 81 47 64 11 1 0 0.00 0.0 M 4.3 16 240 M M 0 21 240
7 81 57 69 16 0 4 0.00 0.0 0 6.2 14 10 M M 3 1 19 360
8 71 49 60 6 5 0 T 0.0 0 6.9 15 90 M M 2 20 70
9 62 50 56 2 9 0 0.90 0.0 0 7.3 13 60 M M 10 13 17 60
10 65 47 56 2 9 0 0.23 0.0 0 4.7 16 360 M M 5 1 21 360
11 65 39 52 -2 13 0 0.00 0.0 0 2.3 12 360 M M 3 15 360
12 66 50 58 4 7 0 0.61 0.0 M 6.7 17 340 M M 9 13 24 340
13 58 38 48 -7 17 0 0.00 0.0 M 8.3 17 350 M M 3 25 360
14 52 32 42 -13 23 0 0.00 0.0 0 7.0 16 360 M M 0 23 20
15 62 27 45 -10 20 0 0.00 0.0 0 1.9 8 50 M M 0 12 50
16 71 35 53 -2 12 0 0.00 0.0 0 5.6 14 200 M M 0 24 200
17 63 39 51 -5 14 0 0.46 0.0 0 8.0 17 240 M M 9 1 23 240
18 54 37 46 -10 19 0 0.00 0.0 0 7.4 17 340 M M 0 26 320
19 44 31 38 -18 27 0 0.00 0.0 M 6.9 17 360 M M 0 24 360
20 54 23 39 -17 26 0 0.00 0.0 0 2.5 12 20 M M 0 16 20
21 64 32 48 -9 17 0 0.00 0.0 0 4.4 14 140 M M 0 19 140
22 76 43 60 3 5 0 0.00 0.0 0 4.2 10 40 M M 5 8 13 40
23 82 47 65 8 0 0 0.00 0.0 0 5.6 16 240 M M 0 18 22 240
24 82 54 68 11 0 3 0.00 0.0 0 9.2 21 240 M M 4 1 30 210
25 84 56 70 12 0 5 0.59 0.0 M 8.0 22 240 M M 4 13 38 320
26 76 55 66 8 0 1 1.52 0.0 0 3.8 14 260 M M 6 13 18 250
27 82 55 69 11 0 4 0.16 0.0 0 4.8 14 340 M M 4 13 19 320
28 74 50 62 4 3 0 0.00 0.0 0 7.6 18 10 M M 1 26 340
29 66 42 54 -4 11 0 0.00 0.0 0 4.1 15 70 M M 0 19 50
30 76 39 58 -1 7 0 0.00 0.0 0 3.6 13 100 M M 0 19 110
31 78 55 67 8 0 2 T 0.0 0 8.2 17 200 M M 4 25 210
================================================================================
SM 2167 1379 258 22 5.53 0.0 178.2 M 96
================================================================================
AV 69.9 44.5 5.7 FASTST M M 3 MAX(MPH)
MISC ----> 35 260 48 280
================================================================================
NOTES:
# LAST OF SEVERAL OCCURRENCES
COLUMN 17 PEAK WIND IN M.P.H.
PRELIMINARY LOCAL CLIMATOLOGICAL DATA (WS FORM: F-6) , PAGE 2
STATION: ANNISTON
MONTH: MARCH
YEAR: 2023
LATITUDE: 33 35 N
LONGITUDE: 85 51 W
[TEMPERATURE DATA] [PRECIPITATION DATA] SYMBOLS USED IN COLUMN 16
AVERAGE MONTHLY: 57.2 TOTAL FOR MONTH: 5.53 1 = FOG OR MIST
DPTR FM NORMAL: 1.8 DPTR FM NORMAL: 0.16 2 = FOG REDUCING VISIBILITY
HIGHEST: 84 ON 25 GRTST 24HR 1.68 ON 26-27 TO 1/4 MILE OR LESS
LOWEST: 23 ON 20 3 = THUNDER
SNOW, ICE PELLETS, HAIL 4 = ICE PELLETS
TOTAL MONTH: 0.0 INCH 5 = HAIL
GRTST 24HR 0.0 6 = FREEZING RAIN OR DRIZZLE
GRTST DEPTH: 0 7 = DUSTSTORM OR SANDSTORM:
VSBY 1/2 MILE OR LESS
8 = SMOKE OR HAZE
[NO. OF DAYS WITH] [WEATHER - DAYS WITH] 9 = BLOWING SNOW
X = TORNADO
MAX 32 OR BELOW: 0 0.01 INCH OR MORE: 9
MAX 90 OR ABOVE: 0 0.10 INCH OR MORE: 8
MIN 32 OR BELOW: 5 0.50 INCH OR MORE: 5
MIN 0 OR BELOW: 0 1.00 INCH OR MORE: 1
[HDD (BASE 65) ]
TOTAL THIS MO. 258 CLEAR (SCALE 0-3) 17
DPTR FM NORMAL -56 PTCLDY (SCALE 4-7) 10
TOTAL FM JUL 1 1990 CLOUDY (SCALE 8-10) 4
DPTR FM NORMAL -493
[CDD (BASE 65) ]
TOTAL THIS MO. 22
DPTR FM NORMAL 7 [PRESSURE DATA]
TOTAL FM JAN 1 53 HIGHEST SLP 30.44 ON 21
DPTR FM NORMAL 35 LOWEST SLP 29.34 ON 3
[REMARKS]
#FINAL-03-23#