000
CXAK56 PAFC 060833
CF6ANC
PRELIMINARY LOCAL CLIMATOLOGICAL DATA (WS FORM: F-6)
STATION: ANCHORAGE AK
MONTH: JANUARY
YEAR: 2024
LATITUDE: 61 10 N
LONGITUDE: 150 2 W
TEMPERATURE IN F: :PCPN: SNOW: WIND :SUNSHINE: SKY :PK WND
================================================================================
1 2 3 4 5 6A 6B 7 8 9 10 11 12 13 14 15 16 17 18
12Z AVG MX 2MIN
DY MAX MIN AVG DEP HDD CDD WTR SNW DPTH SPD SPD DIR MIN PSBL S-S WX SPD DR
================================================================================
1 22 14 18 1 47 0 0.00 0.0 24 3.7 6 350 M M 5 M M
2 24 13 19 2 46 0 0.00 0.0 23 6.2 15 360 M M 7 21 350
3 31 15 23 6 42 0 0.00 0.0 23 6.8 15 30 M M 9 20 350
4 30 24 27 10 38 0 0.21 2.7 23 6.3 15 20 M M 10 1 23 30
5 26 18 22 5 43 0 0.00 0.0 25 3.8 14 30 M M 8 18 30
6 26 12 19 3 46 0 0.00 0.0 24 3.7 16 320 M M 6 21 320
7 33 26 30 14 35 0 0.21 4.9 24 6.6 17 330 M M 9 1 22 330
8 33 18 26 10 39 0 0.00 0.0 28 3.2 13 150 M M 6 12 26 150
9 25 13 19 3 46 0 0.00 0.0 27 3.2 8 190 M M 8 1 13 10
10 21 12 17 1 48 0 T T 27 3.1 9 30 M M 9 1 16 320
11 22 16 19 3 46 0 0.00 0.0 26 5.7 10 30 M M 9 20 150
12 25 16 21 5 44 0 0.00 0.0 26 3.2 12 80 M M 9 14 90
13 26 12 19 3 46 0 0.00 0.0 25 3.4 10 320 M M 6 13 320
14 36 17 27 11 38 0 0.05 0.6 25 8.8 21 160 M M 8 1 32 150
15 23 11 17 1 48 0 T T 25 1.1 8 100 M M 8 128 11 200
16 16 6 11 -5 54 0 T T 25 2.9 12 320 M M 5 12 17 330
17 29 4 17 1 48 0 0.00 0.0 25 8.8 26 10 M M 3 12 38 20
18 27 7 17 1 48 0 0.00 0.0 25 8.0 23 350 M M 0 31 340
19 24 4 14 -2 51 0 0.00 0.0 25 3.5 9 170 M M 1 12 150
20 24 7 16 -1 49 0 0.00 0.0 25 5.7 20 350 M M 0 28 340
21 17 5 11 -6 54 0 0.00 0.0 24 13.0 18 350 M M 6 28 350
22 6 -7 0 -17 65 0 0.00 0.0 24 6.0 15 350 M M 0 21 10
23 7 -8 0 -17 65 0 0.00 0.0 24 1.7 8 120 M M 1 128 13 100
24 4 -8 -2 -19 67 0 T T 24 2.7 9 110 M M 6 128 13 80
25 3 -8 -2 -19 67 0 T T 24 2.7 9 100 M M 4 128 11 100
26 7 -6 1 -17 64 0 0.00 0.0 24 5.8 14 10 M M 4 18 23 360
27 3 -2 1 -17 64 0 0.00 0.0 23 7.3 14 350 M M 3 18 350
28 2 -2 0 -18 65 0 0.51 9.9 33 5.1 9 360 M M 9 1 18 160
29 14 2 8 -10 57 0 0.29 6.7 37 6.3 18 220 M M 10 18 29 220
30 7 -1 3 -15 62 0 0.03 0.6 37 5.0 13 230 M M 10 18 26 210
31 1 -18 -8 -27 73 0 T 0.1 36 3.5 9 340 M M 6 18 14 160
================================================================================
SM 594 212 1605 0 1.30 25.5 156.8 M 185
================================================================================
AV 19.2 6.8 5.1 FASTST M M 6 MAX(MPH)
MISC ----> 26 10 38 20
================================================================================
NOTES:
# LAST OF SEVERAL OCCURRENCES
COLUMN 17 PEAK WIND IN M.P.H.
PRELIMINARY LOCAL CLIMATOLOGICAL DATA (WS FORM: F-6) , PAGE 2
STATION: ANCHORAGE AK
MONTH: JANUARY
YEAR: 2024
LATITUDE: 61 10 N
LONGITUDE: 150 2 W
[TEMPERATURE DATA] [PRECIPITATION DATA] SYMBOLS USED IN COLUMN 16
AVERAGE MONTHLY: 13.0 TOTAL FOR MONTH: 1.30 1 = FOG OR MIST
DPTR FM NORMAL: -3.9 DPTR FM NORMAL: 0.55 2 = FOG REDUCING VISIBILITY
HIGHEST: 36 ON 14 GRTST 24HR 1.30 ON 11-11 TO 1/4 MILE OR LESS
LOWEST: -18 ON 31 3 = THUNDER
SNOW, ICE PELLETS, HAIL 4 = ICE PELLETS
TOTAL MONTH: 25.5 INCHES 5 = HAIL
GRTST 24HR 9.9 ON 28-28 6 = FREEZING RAIN OR DRIZZLE
GRTST DEPTH: 37 ON 30,29 7 = DUSTSTORM OR SANDSTORM:
VSBY 1/2 MILE OR LESS
8 = SMOKE OR HAZE
[NO. OF DAYS WITH] [WEATHER - DAYS WITH] 9 = BLOWING SNOW
X = TORNADO
MAX 32 OR BELOW: 28 0.01 INCH OR MORE: 6
MAX 90 OR ABOVE: 0 0.10 INCH OR MORE: 4
MIN 32 OR BELOW: 31 0.50 INCH OR MORE: 1
MIN 0 OR BELOW: 9 1.00 INCH OR MORE: 0
[HDD (BASE 65) ]
TOTAL THIS MO. 1605 CLEAR (SCALE 0-3) 6
DPTR FM NORMAL 112 PTCLDY (SCALE 4-7) 16
TOTAL FM JUL 1 5966 CLOUDY (SCALE 8-10) 9
DPTR FM NORMAL 47
[CDD (BASE 65) ]
TOTAL THIS MO. 0
DPTR FM NORMAL 0 [PRESSURE DATA]
TOTAL FM JAN 1 0 HIGHEST SLP 30.58 ON 16
DPTR FM NORMAL 0 LOWEST SLP 28.60 ON 29
[REMARKS]
#FINAL-01-24#