000
CXUS53 KAPX 010730
CF6ANJ
PRELIMINARY LOCAL CLIMATOLOGICAL DATA (WS FORM: F-6)
STATION: SAULT STE MARIE MI
MONTH: MAY
YEAR: 2021
LATITUDE: 46 28 N
LONGITUDE: 84 21 W
TEMPERATURE IN F: :PCPN: SNOW: WIND :SUNSHINE: SKY :PK WND
================================================================================
1 2 3 4 5 6A 6B 7 8 9 10 11 12 13 14 15 16 17 18
12Z AVG MX 2MIN
DY MAX MIN AVG DEP HDD CDD WTR SNW DPTH SPD SPD DIR MIN PSBL S-S WX SPD DR
================================================================================
1 61 31 46 0 19 0 0.04 0.0 0 6.0 22 230 M M 5 31 230
2 62 46 54 7 11 0 T 0.0 0 7.3 17 110 M M 5 26 130
3 52 46 49 2 16 0 0.51 0.0 0 8.0 16 100 M M 9 1 29 100
4 51 39 45 -3 20 0 0.05 0.0 0 8.0 17 290 M M 10 18 25 280
5 49 37 43 -5 22 0 0.00 0.0 0 10.1 23 300 M M 6 34 320
6 53 34 44 -4 21 0 0.00 0.0 0 7.4 18 300 M M 4 27 310
7 49 34 42 -7 23 0 0.00 0.0 0 8.0 18 320 M M 5 27 310
8 53 34 44 -5 21 0 0.00 0.0 0 8.0 13 300 M M 0 21 300
9 50 31 41 -9 24 0 0.00 0.0 0 9.1 22 320 M M 3 32 330
10 49 35 42 -8 23 0 0.00 0.0 0 10.1 17 290 M M 4 32 310
11 53 37 45 -5 20 0 0.00 0.0 0 11.7 18 300 M M 6 35 310
12 62 36 49 -2 16 0 0.00 0.0 0 8.7 18 310 M M 0 26 330
13 71 35 53 2 12 0 0.00 0.0 0 3.8 15 270 M M 0 24 270
14 73 40 57 5 8 0 0.00 0.0 0 4.6 20 230 M M 0 28 240
15 74 44 59 7 6 0 0.00 0.0 0 5.6 16 190 M M 2 24 220
16 68 46 57 5 8 0 0.00 0.0 0 4.8 15 190 M M 3 21 180
17 79 44 62 9 3 0 0.00 0.0 0 4.9 17 230 M M 1 24 210
18 83 49 66 13 0 1 0.00 0.0 0 4.4 15 140 M M 0 20 150
19 72 56 64 11 1 0 0.05 0.0 0 6.3 18 140 M M 7 26 140
20 81 57 69 15 0 4 T 0.0 0 5.7 17 190 M M 5 24 190
21 86 62 74 20 0 9 T 0.0 0 7.9 21 220 M M 4 30 220
22 82 65 74 20 0 9 T 0.0 0 7.5 13 230 M M 7 20 230
23 68 50 59 4 6 0 0.00 0.0 0 6.1 15 30 M M 4 8 23 20
24 65 47 56 1 9 0 T 0.0 0 6.2 14 130 M M 7 20 130
25 80 54 67 12 0 2 0.26 0.0 0 10.1 25 220 M M 5 13 39 220
26 69 41 55 -1 10 0 0.00 0.0 0 14.4 29 300 M M 3 45 300
27 51 35 43 -13 22 0 0.00 0.0 0 7.1 16 310 M M 0 22 280
28 60 39 50 -6 15 0 0.00 0.0 0 7.6 17 300 M M 0 23 270
29 67 35 51 -5 14 0 0.00 0.0 0 4.3 14 310 M M 0 22 300
30 71 37 54 -3 11 0 0.00 0.0 0 5.1 10 200 M M 0 16 99
31 70 51 61 4 4 0 0.05 0.0 0 3.9 16 270 M M 6 25 280
================================================================================
SM 2014 1327 365 25 0.96 0.0 222.7 M 111
================================================================================
AV 65.0 42.8 7.2 FASTST M M 4 MAX(MPH)
MISC ----> 29 300 45 300
================================================================================
NOTES:
# LAST OF SEVERAL OCCURRENCES
COLUMN 17 PEAK WIND IN M.P.H.
PRELIMINARY LOCAL CLIMATOLOGICAL DATA (WS FORM: F-6) , PAGE 2
STATION: SAULT STE MARIE MI
MONTH: MAY
YEAR: 2021
LATITUDE: 46 28 N
LONGITUDE: 84 21 W
[TEMPERATURE DATA] [PRECIPITATION DATA] SYMBOLS USED IN COLUMN 16
AVERAGE MONTHLY: 53.9 TOTAL FOR MONTH: 0.96 1 = FOG OR MIST
DPTR FM NORMAL: 1.8 DPTR FM NORMAL: -1.68 2 = FOG REDUCING VISIBILITY
HIGHEST: 86 ON 21 GRTST 24HR 0.56 ON 3- 4 TO 1/4 MILE OR LESS
LOWEST: 31 ON 9, 1 3 = THUNDER
SNOW, ICE PELLETS, HAIL 4 = ICE PELLETS
TOTAL MONTH: 0.0 INCH 5 = HAIL
GRTST 24HR 0.0 6 = FREEZING RAIN OR DRIZZLE
GRTST DEPTH: 0 7 = DUSTSTORM OR SANDSTORM:
VSBY 1/2 MILE OR LESS
8 = SMOKE OR HAZE
[NO. OF DAYS WITH] [WEATHER - DAYS WITH] 9 = BLOWING SNOW
X = TORNADO
MAX 32 OR BELOW: 0 0.01 INCH OR MORE: 6
MAX 90 OR ABOVE: 0 0.10 INCH OR MORE: 2
MIN 32 OR BELOW: 2 0.50 INCH OR MORE: 1
MIN 0 OR BELOW: 0 1.00 INCH OR MORE: 0
[HDD (BASE 65) ]
TOTAL THIS MO. 365 CLEAR (SCALE 0-3) 14
DPTR FM NORMAL -42 PTCLDY (SCALE 4-7) 15
TOTAL FM JUL 1 7473 CLOUDY (SCALE 8-10) 2
DPTR FM NORMAL -834
[CDD (BASE 65) ]
TOTAL THIS MO. 25
DPTR FM NORMAL 18 [PRESSURE DATA]
TOTAL FM JAN 1 25 HIGHEST SLP 30.42 ON 12
DPTR FM NORMAL 18 LOWEST SLP 29.52 ON 1
[REMARKS]
#FINAL-05-21#