000
CXUS53 KIWX 010910
CF6AOH
PRELIMINARY LOCAL CLIMATOLOGICAL DATA (WS FORM: F-6)
STATION: LIMA
MONTH: NOVEMBER
YEAR: 2022
LATITUDE: 40 42 N
LONGITUDE: 84 1 W
TEMPERATURE IN F: :PCPN: SNOW: WIND :SUNSHINE: SKY :PK WND
================================================================================
1 2 3 4 5 6A 6B 7 8 9 10 11 12 13 14 15 16 17 18
12Z AVG MX 2MIN
DY MAX MIN AVG DEP HDD CDD WTR SNW DPTH SPD SPD DIR MIN PSBL S-S WX SPD DR
================================================================================
1 68 44 56 8 9 0 0.01 M M 6.4 16 240 M M 5 18 22 230
2 66 40 53 6 12 0 0.00 M M 5.3 12 160 M M 1 128 15 160
3 70 43 57 10 8 0 0.00 M M 8.1 12 180 M M 0 128 19 150
4 73 53 63 17 2 0 T M M 12.6 22 210 M M 0 33 200
5 75 58 67 21 0 2 T M M 18.9 40 180 M M 4 58 190
6 68 44 56 10 9 0 T M M 9.0 18 210 M M 0 24 220
7 61 42 52 7 13 0 T M M 6.6 14 320 M M 0 19 310
8 57 38 48 3 17 0 0.00 M M 10.1 21 70 M M 0 28 90
9 71 34 53 9 12 0 0.00 M M 9.7 20 170 M M 0 25 180
10 72 50 61 17 4 0 0.00 0.0 0 10.0 17 190 M M 0 24 180
11 60 39 50 6 15 0 0.09 0.0 0 7.1 23 310 M M 5 1 32 310
12 40 32 36 -7 29 0 0.13 M M 10.2 15 250 M M 10 12 22 260
13 38 32 35 -8 30 0 T M M 8.1 17 260 M M 10 23 260
14 38 28 33 -9 32 0 0.00 0.0 M 4.0 9 60 M M 8 13 50
15 37 30 34 -8 31 0 0.05 M M 8.1 16 260 M M 8 1 23 260
16 37 29 33 -9 32 0 0.01 M M 15.1 23 250 M M 10 18 32 260
17 32 29 31 -10 34 0 T M M 15.7 24 250 M M 10 18 30 250
18 31 23 27 -14 38 0 0.02 M M 16.6 28 250 M M 10 1 37 250
19 32 19 26 -14 39 0 T M M 17.3 30 260 M M 5 8 40 280
20 28 14 21 -19 44 0 0.00 M M 12.0 23 260 M M 0 31 260
21 50 24 37 -3 28 0 0.00 M M 14.1 28 220 M M 0 37 220
22 56 30 43 4 22 0 0.00 M M 10.3 23 240 M M 0 32 260
23 60 32 46 7 19 0 0.00 M M 7.2 15 240 M M 0 21 220
24 61 34 48 9 17 0 T M M 8.9 23 250 M M 3 31 270
25 52 33 43 5 22 0 0.02 M M 11.8 20 280 M M 5 18 27 280
26 56 31 44 6 21 0 0.00 M M 7.8 16 220 M M 0 18 22 190
27 56 40 48 10 17 0 1.19 M M 13.7 28 230 M M 9 18 42 230
28 43 40 42 5 23 0 0.00 M M 5.2 10 160 M M 10 14 160
29 57 42 50 13 15 0 0.00 M M 14.3 25 170 M M 6 18 34 150
30 58 25 42 5 23 0 0.01 M M 23.9 35 260 M M 8 46 270
================================================================================
SM 1603 1052 617 2 1.53 0.0 328.1 M 127
================================================================================
AV 53.4 35.1 10.9 FASTST M M 4 MAX(MPH)
MISC ----> 40 180 58 190
================================================================================
NOTES:
# LAST OF SEVERAL OCCURRENCES
COLUMN 17 PEAK WIND IN M.P.H.
PRELIMINARY LOCAL CLIMATOLOGICAL DATA (WS FORM: F-6) , PAGE 2
STATION: LIMA
MONTH: NOVEMBER
YEAR: 2022
LATITUDE: 40 42 N
LONGITUDE: 84 1 W
[TEMPERATURE DATA] [PRECIPITATION DATA] SYMBOLS USED IN COLUMN 16
AVERAGE MONTHLY: 44.3 TOTAL FOR MONTH: 1.53 1 = FOG OR MIST
DPTR FM NORMAL: 2.3 DPTR FM NORMAL: -1.28 2 = FOG REDUCING VISIBILITY
HIGHEST: 75 ON 5 GRTST 24HR 1.19 ON 27-27 TO 1/4 MILE OR LESS
LOWEST: 14 ON 20 3 = THUNDER
SNOW, ICE PELLETS, HAIL 4 = ICE PELLETS
TOTAL MONTH: 0.0 INCH 5 = HAIL
GRTST 24HR 0.0 6 = FREEZING RAIN OR DRIZZLE
GRTST DEPTH: 0 7 = DUSTSTORM OR SANDSTORM:
VSBY 1/2 MILE OR LESS
8 = SMOKE OR HAZE
[NO. OF DAYS WITH] [WEATHER - DAYS WITH] 9 = BLOWING SNOW
X = TORNADO
MAX 32 OR BELOW: 4 0.01 INCH OR MORE: 9
MAX 90 OR ABOVE: 0 0.10 INCH OR MORE: 2
MIN 32 OR BELOW: 14 0.50 INCH OR MORE: 1
MIN 0 OR BELOW: 0 1.00 INCH OR MORE: 1
[HDD (BASE 65) ]
TOTAL THIS MO. 617 CLEAR (SCALE 0-3) 14
DPTR FM NORMAL -76 PTCLDY (SCALE 4-7) 7
TOTAL FM JUL 1 1062 CLOUDY (SCALE 8-10) 9
DPTR FM NORMAL -95
[CDD (BASE 65) ]
TOTAL THIS MO. 2
DPTR FM NORMAL 2 [PRESSURE DATA]
TOTAL FM JAN 1 1029 HIGHEST SLP M ON M
DPTR FM NORMAL 183 LOWEST SLP 29.32 ON 27
[REMARKS]
#FINAL-11-22#