000
CXUS51 KCTP 010800
CF6AOO
PRELIMINARY LOCAL CLIMATOLOGICAL DATA (WS FORM: F-6)
STATION: ALTOONA
MONTH: JUNE
YEAR: 2021
LATITUDE: 40 17 N
LONGITUDE: 78 19 W
TEMPERATURE IN F: :PCPN: SNOW: WIND :SUNSHINE: SKY :PK WND
================================================================================
1 2 3 4 5 6A 6B 7 8 9 10 11 12 13 14 15 16 17 18
12Z AVG MX 2MIN
DY MAX MIN AVG DEP HDD CDD WTR SNW DPTH SPD SPD DIR MIN PSBL S-S WX SPD DR
================================================================================
1 76 50 63 -2 2 0 0.00 M M 1.4 8 290 M M 2 12 160
2 76 58 67 2 0 2 0.25 M M 6.0 17 170 M M 5 13 23 160
3 73 64 69 4 0 4 0.13 M M 8.2 16 210 M M 7 20 200
4 80 63 72 6 0 7 0.00 M M 7.4 16 280 M M 4 23 310
5 88 65 77 11 0 12 0.00 M M 7.3 16 270 M M 1 22 180
6 89 62 76 10 0 11 0.00 M M 4.2 13 280 M M 2 18 17 230
7 87 67 77 11 0 12 0.08 M M 2.6 17 240 M M 3 13 24 230
8 84 69 77 10 0 12 0.40 M M 2.5 21 270 M M 6 13 26 260
9 83 67 75 8 0 10 0.09 M M 5.1 16 80 M M 3 13 21 350
10 81 66 74 7 0 9 0.57 M M 4.6 17 120 M M 9 13 25 130
11 68 60 64 -4 1 0 0.05 M M 5.1 13 100 M M 10 18 15 110
12 77 59 68 0 0 3 0.00 M M 3.5 9 30 M M 7 1 12 40
13 81 64 73 5 0 8 0.18 M M 5.2 14 200 M M 4 13 18 200
14 82 59 71 3 0 6 T M M 5.3 18 20 M M 3 18 23 20
15 74 58 66 -3 0 1 0.02 M M 7.2 24 330 M M 4 29 330
16 73 50 62 -7 3 0 0.00 M M 7.7 18 310 M M 0 24 300
17 75 45 60 -9 5 0 0.00 M M 5.5 16 310 M M 0 8 20 350
18 83 52 68 -1 0 3 0.10 M M 7.7 20 210 M M 2 3 25 210
19 77 63 70 0 0 5 0.08 M M 6.3 18 300 M M 7 13 25 290
20 88 63 76 6 0 11 0.00 M M 5.9 16 210 M M 3 18 22 230
21 90 65 78 8 0 13 0.11 M M 8.3 31 280 M M 3 138 39 280
22 68 49 59 -11 6 0 0.29 M M 7.7 18 310 M M 6 1 28 290
23 73 45 59 -11 6 0 0.00 M M 3.6 13 310 M M 1 15 340
24 77 53 65 -6 0 0 0.00 M M 6.5 17 170 M M 0 22 180
25 80 57 69 -2 0 4 0.00 M M 8.8 17 160 M M 0 23 150
26 86 63 75 4 0 10 0.00 M M 8.3 17 160 M M 2 21 150
27 90 65 78 7 0 13 0.00 M M 6.3 14 170 M M 1 19 160
28 92 68 80 9 0 15 0.12 M M 3.3 17 210 M M 2 8 23 210
29 92 70 81 9 0 16 0.00 M M 4.4 14 210 M M 1 19 200
30 92 69 81 9 0 16 0.01 M M 5.8 26 320 M M 2 35 310
================================================================================
SM 2435 1808 23 203 2.48 M 171.7 M 100
================================================================================
AV 81.2 60.3 5.7 FASTST M M 3 MAX(MPH)
MISC ----> 31 280 39 280
================================================================================
NOTES:
# LAST OF SEVERAL OCCURRENCES
COLUMN 17 PEAK WIND IN M.P.H.
PRELIMINARY LOCAL CLIMATOLOGICAL DATA (WS FORM: F-6) , PAGE 2
STATION: ALTOONA
MONTH: JUNE
YEAR: 2021
LATITUDE: 40 17 N
LONGITUDE: 78 19 W
[TEMPERATURE DATA] [PRECIPITATION DATA] SYMBOLS USED IN COLUMN 16
AVERAGE MONTHLY: 70.7 TOTAL FOR MONTH: 2.48 1 = FOG OR MIST
DPTR FM NORMAL: 2.2 DPTR FM NORMAL: -0.94 2 = FOG REDUCING VISIBILITY
HIGHEST: 92 ON 30,29 GRTST 24HR 0.61 ON 10-11 TO 1/4 MILE OR LESS
LOWEST: 45 ON 23,17 3 = THUNDER
SNOW, ICE PELLETS, HAIL 4 = ICE PELLETS
TOTAL MONTH: M 5 = HAIL
GRTST 24HR M ON M 6 = FREEZING RAIN OR DRIZZLE
GRTST DEPTH: M ON M 7 = DUSTSTORM OR SANDSTORM:
VSBY 1/2 MILE OR LESS
8 = SMOKE OR HAZE
[NO. OF DAYS WITH] [WEATHER - DAYS WITH] 9 = BLOWING SNOW
X = TORNADO
MAX 32 OR BELOW: 0 0.01 INCH OR MORE: 15
MAX 90 OR ABOVE: 5 0.10 INCH OR MORE: 9
MIN 32 OR BELOW: 0 0.50 INCH OR MORE: 1
MIN 0 OR BELOW: 0 1.00 INCH OR MORE: 0
[HDD (BASE 65) ]
TOTAL THIS MO. 23 CLEAR (SCALE 0-3) 16
DPTR FM NORMAL -14 PTCLDY (SCALE 4-7) 12
TOTAL FM JUL 1 5460 CLOUDY (SCALE 8-10) 2
DPTR FM NORMAL -302
[CDD (BASE 65) ]
TOTAL THIS MO. 203
DPTR FM NORMAL 61 [PRESSURE DATA]
TOTAL FM JAN 1 266 HIGHEST SLP 30.35 ON 24
DPTR FM NORMAL 69 LOWEST SLP 29.59 ON 21
[REMARKS]
#FINAL-06-21#