000
CXUS55 KBOU 011000
CF6APA
PRELIMINARY LOCAL CLIMATOLOGICAL DATA (WS FORM: F-6)
STATION: CENTENNIAL CO
MONTH: FEBRUARY
YEAR: 2024
LATITUDE: 39 33 N
LONGITUDE: 104 51 W
TEMPERATURE IN F: :PCPN: SNOW: WIND :SUNSHINE: SKY :PK WND
================================================================================
1 2 3 4 5 6A 6B 7 8 9 10 11 12 13 14 15 16 17 18
12Z AVG MX 2MIN
DY MAX MIN AVG DEP HDD CDD WTR SNW DPTH SPD SPD DIR MIN PSBL S-S WX SPD DR
================================================================================
1 61 30 46 14 19 0 0.00 M M 6.2 15 160 M M 3 20 150
2 54 29 42 10 23 0 0.12 M M 3.8 20 170 M M 7 1 24 170
3 36 32 34 2 31 0 0.83 M M 6.2 14 340 M M 10 12 18 340
4 39 21 30 -2 35 0 0.00 M M 5.1 14 170 M M 3 17 160
5 50 19 35 3 30 0 0.00 M M 4.7 13 170 M M 3 18 150
6 59 26 43 11 22 0 0.00 M M 9.2 20 210 M M 7 30 210
7 55 36 46 14 19 0 0.00 M M 14.7 26 210 M M 5 35 200
8 50 29 40 8 25 0 0.00 M M 7.3 23 310 M M 6 30 310
9 42 23 33 1 32 0 0.02 M M 6.6 17 170 M M 7 1 22 170
10 31 22 27 -5 38 0 0.13 M M 9.6 18 350 M M 10 18 25 10
11 34 15 25 -7 40 0 T M M 3.7 9 160 M M 4 12 160
12 51 18 35 3 30 0 0.00 M M 5.2 13 20 M M 4 17 20
13 51 28 40 8 25 0 0.00 M M 8.9 21 310 M M 3 28 320
14 51 26 39 7 26 0 0.00 M M 9.1 20 350 M M 4 25 360
15 54 21 38 5 27 0 T M M 4.6 16 10 M M 5 12 21 10
16 37 16 27 -6 38 0 0.07 M M 7.4 17 10 M M 10 16 23 360
17 35 12 24 -9 41 0 T M M 4.7 12 170 M M 4 1 13 170
18 53 19 36 3 29 0 0.00 M M 5.1 20 300 M M 5 30 300
19 60 30 45 12 20 0 T M M 6.7 16 310 M M 3 24 290
20 66 37 52 18 13 0 0.00 M M 9.7 22 250 M M 4 30 240
21 63 34 49 15 16 0 0.00 M M 10.1 23 240 M M 4 44 250
22 44 26 35 1 30 0 T M M 6.6 17 350 M M 5 20 10
23 52 25 39 5 26 0 0.00 M M 8.7 23 320 M M 1 33 350
24 62 24 43 8 22 0 0.00 M M 8.8 26 230 M M 4 35 230
25 64 41 53 18 12 0 0.00 M M 15.5 32 300 M M 2 53 310
26 64 40 52 17 13 0 0.00 M M 15.5 31 240 M M 4 42 250
27 46 22 34 -2 31 0 0.07 M M 12.5 29 320 M M 6 12 45 320
28 54 11 33 -3 32 0 0.00 M M 8.4 21 310 M M 2 30 320
29 63 28 46 10 19 0 0.00 M M 6.6 17 340 M M 1 23 330
================================================================================
SM 1481 740 764 0 1.24 M 231.2 M 136
================================================================================
AV 51.1 25.5 8.0 FASTST M M 5 MAX(MPH)
MISC ----> 32 300 53 310
================================================================================
NOTES:
# LAST OF SEVERAL OCCURRENCES
COLUMN 17 PEAK WIND IN M.P.H.
PRELIMINARY LOCAL CLIMATOLOGICAL DATA (WS FORM: F-6) , PAGE 2
STATION: CENTENNIAL CO
MONTH: FEBRUARY
YEAR: 2024
LATITUDE: 39 33 N
LONGITUDE: 104 51 W
[TEMPERATURE DATA] [PRECIPITATION DATA] SYMBOLS USED IN COLUMN 16
AVERAGE MONTHLY: 38.3 TOTAL FOR MONTH: 1.24 1 = FOG OR MIST
DPTR FM NORMAL: 5.3 DPTR FM NORMAL: 0.81 2 = FOG REDUCING VISIBILITY
HIGHEST: 66 ON 20 GRTST 24HR 0.95 ON 2- 3 TO 1/4 MILE OR LESS
LOWEST: 11 ON 28 3 = THUNDER
SNOW, ICE PELLETS, HAIL 4 = ICE PELLETS
TOTAL MONTH: M 5 = HAIL
GRTST 24HR M ON M 6 = FREEZING RAIN OR DRIZZLE
GRTST DEPTH: M ON M 7 = DUSTSTORM OR SANDSTORM:
VSBY 1/2 MILE OR LESS
8 = SMOKE OR HAZE
[NO. OF DAYS WITH] [WEATHER - DAYS WITH] 9 = BLOWING SNOW
X = TORNADO
MAX 32 OR BELOW: 1 0.01 INCH OR MORE: 6
MAX 90 OR ABOVE: 0 0.10 INCH OR MORE: 3
MIN 32 OR BELOW: 24 0.50 INCH OR MORE: 1
MIN 0 OR BELOW: 0 1.00 INCH OR MORE: 0
[HDD (BASE 65) ]
TOTAL THIS MO. 764 CLEAR (SCALE 0-3) 6
DPTR FM NORMAL -132 PTCLDY (SCALE 4-7) 20
TOTAL FM JUL 1 3866 CLOUDY (SCALE 8-10) 3
DPTR FM NORMAL -540
[CDD (BASE 65) ]
TOTAL THIS MO. 0
DPTR FM NORMAL 0 [PRESSURE DATA]
TOTAL FM JAN 1 0 HIGHEST SLP 30.49 ON 17
DPTR FM NORMAL 0 LOWEST SLP 29.26 ON 7
[REMARKS]
#FINAL-02-24#