000
CXUS52 KMFL 011030
CF6APF
PRELIMINARY LOCAL CLIMATOLOGICAL DATA (WS FORM: F-6)
STATION: NAPLES
MONTH: MARCH
YEAR: 2022
LATITUDE: 26 8 N
LONGITUDE: 81 46 W
TEMPERATURE IN F: :PCPN: SNOW: WIND :SUNSHINE: SKY :PK WND
================================================================================
1 2 3 4 5 6A 6B 7 8 9 10 11 12 13 14 15 16 17 18
12Z AVG MX 2MIN
DY MAX MIN AVG DEP HDD CDD WTR SNW DPTH SPD SPD DIR MIN PSBL S-S WX SPD DR
================================================================================
1 74 62 68 -1 0 3 0.00 0.0 0 9.4 16 270 M M 3 22 290
2 80 62 71 2 0 6 0.00 0.0 0 7.2 16 40 M M 6 21 60
3 84 62 73 4 0 8 0.00 M M 5.8 14 280 M M 3 18 70
4 86 65 76 7 0 11 0.00 M M 8.9 21 50 M M 3 25 60
5 89 65 77 8 0 12 T 0.0 0 12.6 23 90 M M 2 29 90
6 89 68 79 10 0 14 0.00 0.0 0 11.3 21 100 M M 2 26 100
7 87 71 79 9 0 14 0.00 0.0 0 10.6 20 120 M M 3 27 110
8 88 72 80 10 0 15 0.00 0.0 0 10.7 22 210 M M 2 1 27 210
9 87 72 80 10 0 15 0.00 0.0 0 10.2 22 180 M M 2 26 190
10 86 73 80 10 0 15 0.00 0.0 0 6.9 18 210 M M 2 24 200
11 88 72 80 10 0 15 0.00 0.0 M 8.5 21 170 M M 4 12 27 160
12 85 56 71 1 0 6 0.07 0.0 0 14.4 31 310 M M 5 18 48 300
13 77 47 62 -8 3 0 0.00 0.0 0 11.7 21 60 M M 1 26 70
14 84 56 70 0 0 5 0.00 0.0 0 10.7 21 90 M M 1 26 60
15 86 69 78 8 0 13 0.43 0.0 0 9.5 20 90 M M 5 1 24 70
16 85 70 78 8 0 13 0.00 0.0 0 8.6 18 210 M M 5 3 25 220
17 85 73 79 9 0 14 0.00 0.0 0 3.8 12 270 M M 4 15 270
18 88 70 79 9 0 14 0.00 0.0 0 8.1 20 200 M M 1 24 200
19 87 71 79 9 0 14 0.00 0.0 0 6.9 17 210 M M 3 12 22 220
20 86 72 79 9 0 14 0.00 0.0 0 6.9 17 300 M M 2 12 20 290
21 87 66 77 6 0 12 0.00 0.0 0 13.8 22 70 M M 1 27 70
22 89 65 77 6 0 12 0.00 0.0 0 12.7 22 140 M M 2 29 150
23 88 72 80 9 0 15 0.00 0.0 0 11.5 24 140 M M 2 33 140
24 86 73 80 9 0 15 T 0.0 0 12.6 25 210 M M 3 30 210
25 77 68 73 2 0 8 0.00 0.0 0 10.3 22 290 M M 5 26 290
26 77 63 70 -1 0 5 0.00 M M 10.5 20 300 M M 1 25 290
27 83 66 75 4 0 10 0.00 0.0 M 9.4 20 280 M M 0 23 340
28 81 61 71 -1 0 6 0.00 0.0 M 6.3 17 280 M M 0 20 280
29 88 63 76 4 0 11 0.00 0.0 M 5.3 14 210 M M 0 17 230
30 87 66 77 5 0 12 0.00 0.0 0 13.8 26 140 M M 2 35 150
31 87 72 80 8 0 15 0.00 0.0 0 14.8 26 150 M M 4 35 150
================================================================================
SM 2631 2063 3 342 0.50 0.0 303.7 M 79
================================================================================
AV 84.9 66.5 9.8 FASTST M M 3 MAX(MPH)
MISC ----> 31 310 48 300
================================================================================
NOTES:
# LAST OF SEVERAL OCCURRENCES
COLUMN 17 PEAK WIND IN M.P.H.
PRELIMINARY LOCAL CLIMATOLOGICAL DATA (WS FORM: F-6) , PAGE 2
STATION: NAPLES
MONTH: MARCH
YEAR: 2022
LATITUDE: 26 8 N
LONGITUDE: 81 46 W
[TEMPERATURE DATA] [PRECIPITATION DATA] SYMBOLS USED IN COLUMN 16
AVERAGE MONTHLY: 75.7 TOTAL FOR MONTH: 0.50 1 = FOG OR MIST
DPTR FM NORMAL: 5.4 DPTR FM NORMAL: -1.38 2 = FOG REDUCING VISIBILITY
HIGHEST: 89 ON 22, 5 GRTST 24HR 0.43 ON 15-15 TO 1/4 MILE OR LESS
LOWEST: 47 ON 13 3 = THUNDER
SNOW, ICE PELLETS, HAIL 4 = ICE PELLETS
TOTAL MONTH: 0.0 INCH 5 = HAIL
GRTST 24HR 0.0 6 = FREEZING RAIN OR DRIZZLE
GRTST DEPTH: 0 7 = DUSTSTORM OR SANDSTORM:
VSBY 1/2 MILE OR LESS
8 = SMOKE OR HAZE
[NO. OF DAYS WITH] [WEATHER - DAYS WITH] 9 = BLOWING SNOW
X = TORNADO
MAX 32 OR BELOW: 0 0.01 INCH OR MORE: 2
MAX 90 OR ABOVE: 0 0.10 INCH OR MORE: 1
MIN 32 OR BELOW: 0 0.50 INCH OR MORE: 0
MIN 0 OR BELOW: 0 1.00 INCH OR MORE: 0
[HDD (BASE 65) ]
TOTAL THIS MO. 3 CLEAR (SCALE 0-3) 20
DPTR FM NORMAL -19 PTCLDY (SCALE 4-7) 11
TOTAL FM JUL 1 87 CLOUDY (SCALE 8-10) 0
DPTR FM NORMAL -132
[CDD (BASE 65) ]
TOTAL THIS MO. 342
DPTR FM NORMAL 156 [PRESSURE DATA]
TOTAL FM JAN 1 643 HIGHEST SLP 30.31 ON 13
DPTR FM NORMAL 242 LOWEST SLP 29.85 ON 12
[REMARKS]
#FINAL-03-22#