933
CXUS52 KMFL 011030
CF6APF
PRELIMINARY LOCAL CLIMATOLOGICAL DATA (WS FORM: F-6)
STATION: NAPLES
MONTH: MARCH
YEAR: 2021
LATITUDE: 26 8 N
LONGITUDE: 81 46 W
TEMPERATURE IN F: :PCPN: SNOW: WIND :SUNSHINE: SKY :PK WND
================================================================================
1 2 3 4 5 6A 6B 7 8 9 10 11 12 13 14 15 16 17 18
12Z AVG MX 2MIN
DY MAX MIN AVG DEP HDD CDD WTR SNW DPTH SPD SPD DIR MIN PSBL S-S WX SPD DR
================================================================================
1 86 69 78 9 0 13 0.00 0.0 0 7.7 17 210 M M 1 1 24 170
2 82 69 76 7 0 11 T 0.0 0 5.6 15 210 M M 4 128 18 220
3 81 64 73 4 0 8 0.00 0.0 0 13.8 22 300 M M 6 1 27 220
4 73 61 67 -2 0 2 0.00 0.0 M 7.6 17 290 M M 6 22 290
5 79 56 68 -1 0 3 0.00 0.0 M 7.6 14 280 M M 0 18 20
6 76 59 68 -1 0 3 0.46 0.0 M 7.7 18 40 M M 5 8 24 40
7 75 54 65 -4 0 0 0.00 M M 11.4 22 40 M M 2 28 50
8 74 52 63 -6 2 0 0.00 0.0 M 12.7 23 50 M M 3 32 50
9 77 54 66 -3 0 1 0.00 0.0 M 11.4 25 70 M M 2 33 60
10 81 58 70 0 0 5 0.00 0.0 M 11.5 22 70 M M 4 30 70
11 82 63 73 3 0 8 T 0.0 0 11.1 22 70 M M 5 18 26 90
12 84 59 72 2 0 7 0.00 0.0 0 9.3 17 70 M M 2 22 80
13 82 60 71 1 0 6 0.00 0.0 0 6.9 15 250 M M 0 18 100
14 82 60 71 1 0 6 0.00 0.0 0 4.7 17 220 M M 2 20 220
15 83 64 74 4 0 9 0.00 0.0 0 6.4 17 220 M M 2 20 220
16 84 65 75 5 0 10 0.00 M M 8.9 20 150 M M 1 1 26 170
17 85 64 75 5 0 10 0.00 0.0 M 8.9 21 150 M M 1 27 140
18 83 68 76 6 0 11 0.00 0.0 0 10.6 23 200 M M 2 1 28 210
19 75 60 68 -2 0 3 0.00 0.0 0 11.0 18 290 M M 6 8 25 300
20 73 56 65 -5 0 0 0.00 0.0 0 9.8 18 300 M M 6 23 310
21 70 56 63 -7 2 0 0.00 0.0 0 10.9 20 280 M M 8 26 290
22 73 59 66 -4 0 1 0.00 0.0 0 8.0 18 290 M M 5 23 280
23 75 59 67 -3 0 2 0.00 0.0 0 4.7 13 260 M M 3 17 270
24 84 58 71 0 0 6 0.00 0.0 0 6.4 16 230 M M 2 19 210
25 88 69 79 8 0 14 0.00 0.0 0 11.8 24 160 M M 1 1 32 140
26 87 73 80 9 0 15 0.00 0.0 0 10.5 21 210 M M 3 1 24 200
27 89 69 79 8 0 14 0.00 0.0 0 9.6 18 200 M M 2 1 22 190
28 87 70 79 8 0 14 0.00 0.0 0 7.7 18 170 M M 1 1 27 190
29 85 69 77 6 0 12 0.00 0.0 0 4.6 10 250 M M 4 M M
30 89 70 80 9 0 15 0.00 0.0 0 8.8 21 200 M M 2 1 25 220
31 89 70 80 9 0 15 0.00 0.0 0 9.1 21 210 M M 2 1 25 210
================================================================================
SM 2513 1937 4 224 0.46 0.0 276.7 M 93
================================================================================
AV 81.1 62.5 8.9 FASTST M M 3 MAX(MPH)
MISC ----> 25 70 33 60
================================================================================
NOTES:
# LAST OF SEVERAL OCCURRENCES
COLUMN 17 PEAK WIND IN M.P.H.
PRELIMINARY LOCAL CLIMATOLOGICAL DATA (WS FORM: F-6) , PAGE 2
STATION: NAPLES
MONTH: MARCH
YEAR: 2021
LATITUDE: 26 8 N
LONGITUDE: 81 46 W
[TEMPERATURE DATA] [PRECIPITATION DATA] SYMBOLS USED IN COLUMN 16
AVERAGE MONTHLY: 71.8 TOTAL FOR MONTH: 0.46 1 = FOG OR MIST
DPTR FM NORMAL: 1.8 DPTR FM NORMAL: -1.92 2 = FOG REDUCING VISIBILITY
HIGHEST: 89 ON 31,30 GRTST 24HR 0.46 ON 6- 6 TO 1/4 MILE OR LESS
LOWEST: 52 ON 8 3 = THUNDER
SNOW, ICE PELLETS, HAIL 4 = ICE PELLETS
TOTAL MONTH: 0.0 INCH 5 = HAIL
GRTST 24HR 0.0 6 = FREEZING RAIN OR DRIZZLE
GRTST DEPTH: 0 7 = DUSTSTORM OR SANDSTORM:
VSBY 1/2 MILE OR LESS
8 = SMOKE OR HAZE
[NO. OF DAYS WITH] [WEATHER - DAYS WITH] 9 = BLOWING SNOW
X = TORNADO
MAX 32 OR BELOW: 0 0.01 INCH OR MORE: 1
MAX 90 OR ABOVE: 0 0.10 INCH OR MORE: 1
MIN 32 OR BELOW: 0 0.50 INCH OR MORE: 0
MIN 0 OR BELOW: 0 1.00 INCH OR MORE: 0
[HDD (BASE 65) ]
TOTAL THIS MO. 4 CLEAR (SCALE 0-3) 18
DPTR FM NORMAL -19 PTCLDY (SCALE 4-7) 13
TOTAL FM JUL 1 174 CLOUDY (SCALE 8-10) 0
DPTR FM NORMAL -78
[CDD (BASE 65) ]
TOTAL THIS MO. 224
DPTR FM NORMAL 48 [PRESSURE DATA]
TOTAL FM JAN 1 500 HIGHEST SLP 30.43 ON 9
DPTR FM NORMAL 133 LOWEST SLP 29.87 ON 6
[REMARKS]
#FINAL-03-21#