000
CXUS52 KMFL 031522
CLMAPF
CLIMATE REPORT
NATIONAL WEATHER SERVICE MIAMI, FL
1122 AM EDT MON JUL 03 2023
...................................
...THE NAPLES CLIMATE SUMMARY FOR THE MONTH OF JUNE 2023...
CLIMATE NORMAL PERIOD: 1991 TO 2020
CLIMATE RECORD PERIOD: 1942 TO 2023
WEATHER OBSERVED NORMAL DEPART LAST YEAR`S
VALUE DATE(S) VALUE FROM VALUE DATE(S)
NORMAL
................................................................
TEMPERATURE (F)
RECORD
HIGH 98 06/26/2019
06/06/1985
06/05/1985
LOW 61 06/04/1955
HIGHEST 94 06/25 96 06/15
LOWEST 72 06/01 72 06/04
06/04
06/05
06/10
06/11
AVG. MAXIMUM 91.1 89.8 1.3 89.4
AVG. MINIMUM 77.2 74.4 2.8 75.0
MEAN 84.2 82.1 2.1 82.2
DAYS MAX >= 90 22 15
DAYS MAX <= 32 0 0
DAYS MIN <= 32 0 0
DAYS MIN <= 0 0 0
PRECIPITATION (INCHES)
RECORD
MAXIMUM 21.28 2005
MINIMUM 0.91 1980
TOTALS 4.54 7.41 -2.87 7.82
DAILY AVG. 0.15 0.25 -0.10 0.26
DAYS >= .01 12 14
DAYS >= .10 11 8
DAYS >= .50 3 3
DAYS >= 1.00 1 3
GREATEST
24 HR. TOTAL 1.62 06/18 TO 06/18 4.62
DEGREE DAYS
HEATING TOTAL 0 0 0 0
SINCE 7/1 93 222 -129 MM
COOLING TOTAL 582 513 69 525
SINCE 1/1 2192 1635 557 MM
................................................................
WIND (MPH)
AVERAGE WIND SPEED 7.4
HIGHEST WIND SPEED/DIRECTION 23/210 DATE 06/07
HIGHEST GUST SPEED/DIRECTION 33/050 DATE 06/30
SKY COVER
POSSIBLE SUNSHINE (PERCENT) MM
AVERAGE SKY COVER 0.21
NUMBER OF DAYS FAIR 28
NUMBER OF DAYS PC 2
NUMBER OF DAYS CLOUDY 0
AVERAGE RH (PERCENT) 74
WEATHER CONDITIONS. NUMBER OF DAYS WITH
THUNDERSTORM 21 MIXED PRECIP 0
HEAVY RAIN 0 RAIN 3
LIGHT RAIN 2 FREEZING RAIN 0
LT FREEZING RAIN 0 HAIL 0
HEAVY SNOW 0 SNOW 0
LIGHT SNOW 0 SLEET 0
FOG 7 FOG W/VIS <= 1/4 MILE 1
HAZE 7
- INDICATES NEGATIVE NUMBERS.
R INDICATES RECORD WAS SET OR TIED.
MM INDICATES DATA IS MISSING.
T INDICATES TRACE AMOUNT.
$$