000
CXUS53 KAPX 010730
CF6APX
PRELIMINARY LOCAL CLIMATOLOGICAL DATA (WS FORM: F-6)
STATION: GAYLORD WFO
MONTH: OCTOBER
YEAR: 2022
LATITUDE: 45 4 N
LONGITUDE: 84 43 W
TEMPERATURE IN F: :PCPN: SNOW: WIND :SUNSHINE: SKY :PK WND
================================================================================
1 2 3 4 5 6A 6B 7 8 9 10 11 12 13 14 15 16 17 18
12Z AVG MX 2MIN
DY MAX MIN AVG DEP HDD CDD WTR SNW DPTH SPD SPD DIR MIN PSBL S-S WX SPD DR
================================================================================
1 66 42 54 1 11 0 0.00 0.0 0 M M M M M M M M
2 59 37 48 -4 17 0 0.00 0.0 0 M M M M M M M M
3 66 34 50 -2 15 0 0.00 0.0 0 M M M M M M M M
4 72 44 58 7 7 0 0.00 0.0 0 M M M M M M M M
5 69 49 59 8 6 0 0.00 0.0 0 M M M M M M M M
6 57 37 47 -3 18 0 0.27 0.0 0 M M M M M M M M
7 44 32 38 -12 27 0 T T 0 M M M M M M M M
8 51 32 42 -8 23 0 T T 0 M M M M M M M M
9 56 35 46 -3 19 0 0.00 0.0 0 M M M M M M M M
10 55 29 42 -7 23 0 0.00 0.0 0 M M M M M M M M
11 73 42 58 10 7 0 0.03 0.0 0 M M M M M M M M
12 59 42 51 3 14 0 0.51 0.0 0 M M M M M M M M
13 49 34 42 -5 23 0 0.07 0.0 0 M M M M M M M M
14 43 34 39 -8 26 0 0.03 0.0 0 M M M M M M M M
15 43 33 38 -8 27 0 0.10 T 0 M M M M M M 4 M M
16 45 38 42 -4 23 0 0.21 0.0 0 M M M M M M M M
17 42 33 38 -8 27 0 0.58 0.5 T M M M M M M M M
18 37 32 35 -10 30 0 0.69 3.0 1 M M M M M M M M
19 35 31 33 -12 32 0 0.19 0.4 T M M M M M M M M
20 42 31 37 -7 28 0 0.07 0.5 T M M M M M M M M
21 65 34 50 6 15 0 0.00 0.0 0 M M M M M M M M
22 71 48 60 16 5 0 0.00 0.0 0 M M M M M M M M
23 72 52 62 19 3 0 0.00 0.0 0 M M M M M M M M
24 72 53 63 20 2 0 0.03 0.0 0 M M M M M M M M
25 65 52 59 17 6 0 0.45 0.0 0 M M M M M M M M
26 52 34 43 1 22 0 0.69 0.0 0 M M M M M M M M
27 50 29 40 -2 25 0 0.00 0.0 0 M M M M M M M M
28 55 36 46 5 19 0 0.00 0.0 0 M M M M M M M M
29 64 38 51 10 14 0 0.00 0.0 0 M M M M M M M M
30 61 38 50 10 15 0 0.00 0.0 0 M M M M M M M M
31 63 42 53 13 12 0 0.00 0.0 0 M M M M M M M M
================================================================================
SM 1753 1177 541 0 3.92 4.4 M M M
================================================================================
AV 56.5 38.0 M FASTST M M M MAX(MPH)
MISC ----> M M M M
================================================================================
NOTES:
# LAST OF SEVERAL OCCURRENCES
COLUMN 17 PEAK WIND IN M.P.H.
PRELIMINARY LOCAL CLIMATOLOGICAL DATA (WS FORM: F-6) , PAGE 2
STATION: GAYLORD WFO
MONTH: OCTOBER
YEAR: 2022
LATITUDE: 45 4 N
LONGITUDE: 84 43 W
[TEMPERATURE DATA] [PRECIPITATION DATA] SYMBOLS USED IN COLUMN 16
AVERAGE MONTHLY: 47.3 TOTAL FOR MONTH: 3.92 1 = FOG OR MIST
DPTR FM NORMAL: 1.2 DPTR FM NORMAL: -0.23 2 = FOG REDUCING VISIBILITY
HIGHEST: 73 ON 11 GRTST 24HR 0.69 ON 18-18 TO 1/4 MILE OR LESS
LOWEST: 29 ON 27,10 3 = THUNDER
SNOW, ICE PELLETS, HAIL 4 = ICE PELLETS
TOTAL MONTH: 4.4 INCHES 5 = HAIL
GRTST 24HR 3.0 ON 18-18 6 = FREEZING RAIN OR DRIZZLE
GRTST DEPTH: 1 ON 18 7 = DUSTSTORM OR SANDSTORM:
VSBY 1/2 MILE OR LESS
8 = SMOKE OR HAZE
[NO. OF DAYS WITH] [WEATHER - DAYS WITH] 9 = BLOWING SNOW
X = TORNADO
MAX 32 OR BELOW: 0 0.01 INCH OR MORE: 14
MAX 90 OR ABOVE: 0 0.10 INCH OR MORE: 9
MIN 32 OR BELOW: 7 0.50 INCH OR MORE: 4
MIN 0 OR BELOW: 0 1.00 INCH OR MORE: 0
[HDD (BASE 65) ]
TOTAL THIS MO. 541 CLEAR (SCALE 0-3) 0
DPTR FM NORMAL -46 PTCLDY (SCALE 4-7) 0
TOTAL FM JUL 1 786 CLOUDY (SCALE 8-10) 31
DPTR FM NORMAL -130
[CDD (BASE 65) ]
TOTAL THIS MO. 0
DPTR FM NORMAL -3 [PRESSURE DATA]
TOTAL FM JAN 1 350 HIGHEST SLP M ON M
DPTR FM NORMAL 26 LOWEST SLP M ON M
[REMARKS]
#FINAL-10-22#