000
CXUS53 KAPX 010731
CF6APX
PRELIMINARY LOCAL CLIMATOLOGICAL DATA (WS FORM: F-6)
STATION: GAYLORD WFO
MONTH: OCTOBER
YEAR: 2021
LATITUDE: 45 4 N
LONGITUDE: 84 43 W
TEMPERATURE IN F: :PCPN: SNOW: WIND :SUNSHINE: SKY :PK WND
================================================================================
1 2 3 4 5 6A 6B 7 8 9 10 11 12 13 14 15 16 17 18
12Z AVG MX 2MIN
DY MAX MIN AVG DEP HDD CDD WTR SNW DPTH SPD SPD DIR MIN PSBL S-S WX SPD DR
================================================================================
1 76 48 62 9 3 0 0.00 0.0 0 M M M M M M 12 M M
2 75 59 67 15 0 2 0.06 0.0 0 M M M M M M M M
3 73 60 67 15 0 2 0.66 0.0 0 M M M M M M M M
4 60 54 57 6 8 0 T 0.0 0 M M M M M M M M
5 70 51 61 10 4 0 0.00 0.0 0 M M M M M M M M
6 68 47 58 8 7 0 0.00 0.0 0 M M M M M M M M
7 69 52 61 11 4 0 0.04 0.0 0 M M M M M M M M
8 67 59 63 13 2 0 0.26 0.0 0 M M M M M M M M
9 71 57 64 15 1 0 0.26 0.0 0 M M M M M M 1 M M
10 72 57 65 16 0 0 0.03 0.0 0 M M M M M M M M
11 74 63 69 21 0 4 0.11 0.0 0 M M M M M M M M
12 64 57 61 13 4 0 0.19 0.0 0 M M M M M M M M
13 63 56 60 13 5 0 0.01 0.0 0 M M M M M M M M
14 66 51 59 12 6 0 0.14 0.0 0 M M M M M M M M
15 63 45 54 8 11 0 0.02 0.0 0 M M M M M M M M
16 52 43 48 2 17 0 0.10 0.0 0 M M M M M M M M
17 58 39 49 3 16 0 0.01 0.0 0 M M M M M M M M
18 60 36 48 3 17 0 0.00 0.0 0 M M M M M M M M
19 71 43 57 12 8 0 0.00 0.0 0 M M M M M M M M
20 67 52 60 16 5 0 0.19 0.0 0 M M M M M M 1 M M
21 54 34 44 0 21 0 0.06 0.0 0 M M M M M M 1 M M
22 45 30 38 -6 27 0 T T 0 M M M M M M M M
23 50 33 42 -1 23 0 0.00 0.0 0 M M M M M M M M
24 48 32 40 -3 25 0 0.05 T 0 M M M M M M M M
25 44 37 41 -1 24 0 0.04 0.0 0 M M M M M M M M
26 47 34 41 -1 24 0 0.00 0.0 0 M M M M M M M M
27 47 41 44 2 21 0 T 0.0 0 M M M M M M M M
28 58 45 52 11 13 0 T 0.0 0 M M M M M M M M
29 48 45 47 6 18 0 0.01 0.0 0 M M M M M M 1 M M
30 55 35 45 5 20 0 0.00 0.0 0 M M M M M M M M
31 52 35 44 4 21 0 0.19 T 0 M M M M M M M M
================================================================================
SM 1887 1430 355 8 2.43 T M M M
================================================================================
AV 60.9 46.1 M FASTST M M M MAX(MPH)
MISC ----> M M M M
================================================================================
NOTES:
# LAST OF SEVERAL OCCURRENCES
COLUMN 17 PEAK WIND IN M.P.H.
PRELIMINARY LOCAL CLIMATOLOGICAL DATA (WS FORM: F-6) , PAGE 2
STATION: GAYLORD WFO
MONTH: OCTOBER
YEAR: 2021
LATITUDE: 45 4 N
LONGITUDE: 84 43 W
[TEMPERATURE DATA] [PRECIPITATION DATA] SYMBOLS USED IN COLUMN 16
AVERAGE MONTHLY: 53.5 TOTAL FOR MONTH: 2.43 1 = FOG OR MIST
DPTR FM NORMAL: 7.4 DPTR FM NORMAL: -1.72 2 = FOG REDUCING VISIBILITY
HIGHEST: 76 ON 1 GRTST 24HR 0.66 ON 3- 3 TO 1/4 MILE OR LESS
LOWEST: 30 ON 22 3 = THUNDER
SNOW, ICE PELLETS, HAIL 4 = ICE PELLETS
TOTAL MONTH: T 5 = HAIL
GRTST 24HR T ON 22-22 6 = FREEZING RAIN OR DRIZZLE
GRTST DEPTH: 0 7 = DUSTSTORM OR SANDSTORM:
VSBY 1/2 MILE OR LESS
8 = SMOKE OR HAZE
[NO. OF DAYS WITH] [WEATHER - DAYS WITH] 9 = BLOWING SNOW
X = TORNADO
MAX 32 OR BELOW: 0 0.01 INCH OR MORE: 19
MAX 90 OR ABOVE: 0 0.10 INCH OR MORE: 9
MIN 32 OR BELOW: 2 0.50 INCH OR MORE: 1
MIN 0 OR BELOW: 0 1.00 INCH OR MORE: 0
[HDD (BASE 65) ]
TOTAL THIS MO. 355 CLEAR (SCALE 0-3) 0
DPTR FM NORMAL -232 PTCLDY (SCALE 4-7) 0
TOTAL FM JUL 1 606 CLOUDY (SCALE 8-10) 31
DPTR FM NORMAL -310
[CDD (BASE 65) ]
TOTAL THIS MO. 8
DPTR FM NORMAL 5 [PRESSURE DATA]
TOTAL FM JAN 1 410 HIGHEST SLP M ON M
DPTR FM NORMAL 86 LOWEST SLP M ON M
[REMARKS]
#FINAL-10-21#