000
CXUS54 KLCH 010830
CF6ARA
PRELIMINARY LOCAL CLIMATOLOGICAL DATA (WS FORM: F-6)
STATION: NEW IBERIA
MONTH: APRIL
YEAR: 2022
LATITUDE: 30 1 N
LONGITUDE: 91 53 W
TEMPERATURE IN F: :PCPN: SNOW: WIND :SUNSHINE: SKY :PK WND
================================================================================
1 2 3 4 5 6A 6B 7 8 9 10 11 12 13 14 15 16 17 18
12Z AVG MX 2MIN
DY MAX MIN AVG DEP HDD CDD WTR SNW DPTH SPD SPD DIR MIN PSBL S-S WX SPD DR
================================================================================
1 76 50 63 -3 2 0 0.00 0.0 M 5.9 14 60 M M 0 18 60
2 81 57 69 3 0 4 0.02 0.0 M 6.3 16 80 M M 4 3 20 90
3 83 53 68 2 0 3 0.00 0.0 M 6.7 15 180 M M 0 21 180
4 83 55 69 3 0 4 T 0.0 M 9.3 18 120 M M 5 1 24 130
5 81 71 76 9 0 11 0.13 0.0 M 13.8 23 200 M M 10 13 32 200
6 85 65 75 8 0 10 T 0.0 M 12.1 23 360 M M 9 18 31 360
7 74 52 63 -4 2 0 0.00 0.0 M 14.2 31 320 M M 2 42 290
8 71 47 59 -8 6 0 0.00 0.0 M 12.9 28 280 M M 0 40 330
9 76 40 58 -10 7 0 0.00 0.0 M 6.6 17 180 M M 0 27 340
10 77 53 65 -3 0 0 0.00 0.0 M 15.0 29 170 M M 1 40 150
11 76 66 71 3 0 6 0.05 0.0 0 12.5 31 150 M M 8 13 41 150
12 75 63 69 1 0 4 0.52 0.0 M 16.8 36 140 M M 7 13 50 140
13 79 60 70 2 0 5 1.14 0.0 M 17.7 30 170 M M 7 13 40 150
14 82 60 71 3 0 6 0.00 0.0 M 9.7 21 40 M M 3 32 40
15 82 65 74 5 0 9 T 0.0 M 13.2 25 170 M M 9 35 180
16 84 72 78 9 0 13 T 0.0 M 10.2 20 200 M M 7 1 27 180
17 84 72 78 9 0 13 T 0.0 M 9.5 16 220 M M 8 1 22 200
18 73 57 65 -4 0 0 0.02 0.0 M 13.4 24 10 M M 5 18 33 20
19 74 52 63 -7 2 0 0.00 0.0 M 9.0 18 100 M M 0 24 100
20 80 54 67 -3 0 2 0.00 0.0 M 12.2 33 150 M M 2 42 140
21 85 65 75 5 0 10 0.00 0.0 M 12.1 24 160 M M 6 32 140
22 84 64 74 4 0 9 0.00 0.0 M 10.3 21 160 M M 5 27 140
23 85 66 76 6 0 11 0.02 0.0 M 14.6 25 140 M M 8 1 33 150
24 85 70 78 7 0 13 0.00 0.0 M 14.3 24 170 M M 7 35 180
25 85 64 75 4 0 10 0.13 0.0 M 10.1 31 10 M M 8 1 44 10
26 79 64 72 1 0 7 M M M 10.6 16 20 M M 2 M M
27 81 55 68 -3 0 3 0.00 0.0 M 7.3 10 60 M M 0 M M
28 82 54 68 -4 0 3 M M M 5.9 12 210 M M 0 M M
29 83 55 69 -3 0 4 0.00 M M 7.2 17 200 M M 1 24 210
30 86 62 74 2 0 9 0.00 0.0 M 8.2 18 210 M M 2 25 170
================================================================================
SM 2411 1783 19 169 2.03 0.0 327.7 M 126
================================================================================
AV 80.4 59.4 10.9 FASTST M M 4 MAX(MPH)
MISC ----> 36 140 50 140
================================================================================
NOTES:
# LAST OF SEVERAL OCCURRENCES
COLUMN 17 PEAK WIND IN M.P.H.
PRELIMINARY LOCAL CLIMATOLOGICAL DATA (WS FORM: F-6) , PAGE 2
STATION: NEW IBERIA
MONTH: APRIL
YEAR: 2022
LATITUDE: 30 1 N
LONGITUDE: 91 53 W
[TEMPERATURE DATA] [PRECIPITATION DATA] SYMBOLS USED IN COLUMN 16
AVERAGE MONTHLY: 69.9 TOTAL FOR MONTH: 2.03 1 = FOG OR MIST
DPTR FM NORMAL: 1.0 DPTR FM NORMAL: -2.79 2 = FOG REDUCING VISIBILITY
HIGHEST: 86 ON 30 GRTST 24HR 1.14 ON 13-13 TO 1/4 MILE OR LESS
LOWEST: 40 ON 9 3 = THUNDER
SNOW, ICE PELLETS, HAIL 4 = ICE PELLETS
TOTAL MONTH: 0.0 INCH 5 = HAIL
GRTST 24HR 0.0 6 = FREEZING RAIN OR DRIZZLE
GRTST DEPTH: 0 7 = DUSTSTORM OR SANDSTORM:
VSBY 1/2 MILE OR LESS
8 = SMOKE OR HAZE
[NO. OF DAYS WITH] [WEATHER - DAYS WITH] 9 = BLOWING SNOW
X = TORNADO
MAX 32 OR BELOW: 0 0.01 INCH OR MORE: 8
MAX 90 OR ABOVE: 0 0.10 INCH OR MORE: 4
MIN 32 OR BELOW: 0 0.50 INCH OR MORE: 2
MIN 0 OR BELOW: 0 1.00 INCH OR MORE: 1
[HDD (BASE 65) ]
TOTAL THIS MO. 19 CLEAR (SCALE 0-3) 14
DPTR FM NORMAL -17 PTCLDY (SCALE 4-7) 13
TOTAL FM JUL 1 1249 CLOUDY (SCALE 8-10) 3
DPTR FM NORMAL -111
[CDD (BASE 65) ]
TOTAL THIS MO. 169
DPTR FM NORMAL 16 [PRESSURE DATA]
TOTAL FM JAN 1 252 HIGHEST SLP 30.27 ON 22
DPTR FM NORMAL -6 LOWEST SLP 29.62 ON 6
[REMARKS]
#FINAL-04-22#