291
CXUS54 KHGX 011524
CF6ARM
PRELIMINARY LOCAL CLIMATOLOGICAL DATA (WS FORM: F-6)
STATION: Wharton
MONTH: DECEMBER
YEAR: 2020
LATITUDE: 29 15 N
LONGITUDE: 96 9 W
TEMPERATURE IN F: :PCPN: SNOW: WIND :SUNSHINE: SKY :PK WND
================================================================================
1 2 3 4 5 6A 6B 7 8 9 10 11 12 13 14 15 16 17 18
12Z AVG MX 2MIN
DY MAX MIN AVG DEP HDD CDD WTR SNW DPTH SPD SPD DIR MIN PSBL S-S WX SPD DR
================================================================================
1 65 30 48 M 17 0 0.00 0.0 0 4.9 15 190 M M 4 20 190
2 70 50 60 M 5 0 0.37 0.0 0 6.7 20 340 M M 10 28 340
3 56 41 49 M 16 0 0.00 M 0 11.7 18 340 M M 4 24 330
4 56 38 47 M 18 0 0.00 0.0 0 5.1 12 350 M M 1 16 350
5 54 37 46 M 19 0 0.03 0.0 0 2.3 7 50 M M 7 M M
6 64 42 53 M 12 0 0.01 0.0 0 4.8 16 300 M M 2 1 20 300
7 66 38 52 M 13 0 M 0.0 0 6.4 13 320 M M 0 18 320
8 72 38 55 M 10 0 0.00 M M 2.7 7 180 M M 0 M M
9 77 41 59 M 6 0 M M M 4.3 10 230 M M 0 1 16 230
10 76 42 59 M 6 0 0.00 M M 5.7 15 160 M M 5 12 21 170
11 75 58 67 M 0 2 0.20 0.0 M 5.1 16 150 M M 6 12 20 150
12 64 55 60 M 5 0 0.02 0.0 0 5.1 12 360 M M 7 12 20 330
13 76 43 60 M 5 0 1.46 0.0 0 13.7 29 330 M M 9 13 43 340
14 47 40 44 M 21 0 0.00 0.0 0 9.3 20 340 M M 9 30 330
15 53 42 48 M 17 0 0.00 0.0 0 6.3 13 340 M M 8 1 16 340
16 52 38 45 M 20 0 0.00 0.0 0 9.5 16 350 M M 1 1 21 330
17 58 31 45 M 20 0 0.00 0.0 0 2.2 6 110 M M 0 1 M M
18 65 40 53 M 12 0 0.00 0.0 0 6.0 13 140 M M 6 18 140
19 70 52 61 M 4 0 1.37 0.0 0 5.6 20 340 M M 8 24 340
20 66 43 55 M 10 0 0.00 0.0 0 3.4 8 330 M M 0 1 M M
21 70 41 56 M 9 0 0.00 0.0 0 3.5 10 180 M M 2 1 16 170
22 71 45 58 M 7 0 0.00 0.0 0 6.6 16 150 M M 5 1 20 140
23 78 54 66 M 0 1 0.00 0.0 0 11.6 25 350 M M 8 38 350
24 54 37 46 M 19 0 0.00 0.0 0 15.8 25 340 M M 1 36 340
25 64 35 50 M 15 0 M M M 3.3 9 230 M M 0 8 M M
26 69 37 53 M 12 0 0.00 0.0 0 3.9 12 170 M M 0 8 17 200
27 74 51 63 M 2 0 M 0.0 0 9.1 18 190 M M 5 23 190
28 77 57 67 M 0 2 0.00 0.0 0 8.0 14 150 M M 5 1 21 140
29 74 57 66 M 0 1 0.00 0.0 0 12.8 23 140 M M 6 28 150
30 78 51 65 M 0 0 2.02 0.0 0 12.3 21 170 M M 8 3 35 350
31 51 41 46 M 19 0 1.38 0.0 0 14.6 22 260 M M 9 3 28 240
================================================================================
SM 2042 1345 319 6 6.86 0.0 222.4 M 136
================================================================================
AV 65.9 43.4 7.2 FASTST M M 4 MAX(MPH)
MISC ----> 29 330 43 340
================================================================================
NOTES:
# LAST OF SEVERAL OCCURRENCES
COLUMN 17 PEAK WIND IN M.P.H.
PRELIMINARY LOCAL CLIMATOLOGICAL DATA (WS FORM: F-6) , PAGE 2
STATION: Wharton
MONTH: DECEMBER
YEAR: 2020
LATITUDE: 29 15 N
LONGITUDE: 96 9 W
[TEMPERATURE DATA] [PRECIPITATION DATA] SYMBOLS USED IN COLUMN 16
AVERAGE MONTHLY: 54.6 TOTAL FOR MONTH: 6.86 1 = FOG OR MIST
DPTR FM NORMAL: 0.0 DPTR FM NORMAL: M 2 = FOG REDUCING VISIBILITY
HIGHEST: 78 ON 30,23 GRTST 24HR 2.02 ON 30-30 TO 1/4 MILE OR LESS
LOWEST: 30 ON 1 3 = THUNDER
SNOW, ICE PELLETS, HAIL 4 = ICE PELLETS
TOTAL MONTH: 0.0 INCH 5 = HAIL
GRTST 24HR 0.0 6 = FREEZING RAIN OR DRIZZLE
GRTST DEPTH: 0 7 = DUSTSTORM OR SANDSTORM:
VSBY 1/2 MILE OR LESS
8 = SMOKE OR HAZE
[NO. OF DAYS WITH] [WEATHER - DAYS WITH] 9 = BLOWING SNOW
X = TORNADO
MAX 32 OR BELOW: 0 0.01 INCH OR MORE: 9
MAX 90 OR ABOVE: 0 0.10 INCH OR MORE: 6
MIN 32 OR BELOW: 2 0.50 INCH OR MORE: 4
MIN 0 OR BELOW: 0 1.00 INCH OR MORE: 4
[HDD (BASE 65) ]
TOTAL THIS MO. 319 CLEAR (SCALE 0-3) 12
DPTR FM NORMAL M PTCLDY (SCALE 4-7) 14
TOTAL FM JUL 1 442 CLOUDY (SCALE 8-10) 5
DPTR FM NORMAL M
[CDD (BASE 65) ]
TOTAL THIS MO. 6
DPTR FM NORMAL M [PRESSURE DATA]
TOTAL FM JAN 1 3166 HIGHEST SLP M ON M
DPTR FM NORMAL M LOWEST SLP M ON M
[REMARKS]
#FINAL-12-20#