000
CXUS53 KARX 010900
CF6ARX
PRELIMINARY LOCAL CLIMATOLOGICAL DATA (WS FORM: F-6)
STATION: LA CROSSE WEATHER OFFICE WI
MONTH: MARCH
YEAR: 2024
LATITUDE: 43 49 N
LONGITUDE: 91 12 W
TEMPERATURE IN F: :PCPN: SNOW: WIND :SUNSHINE: SKY :PK WND
================================================================================
1 2 3 4 5 6A 6B 7 8 9 10 11 12 13 14 15 16 17 18
12Z AVG MX 2MIN
DY MAX MIN AVG DEP HDD CDD WTR SNW DPTH SPD SPD DIR MIN PSBL S-S WX SPD DR
================================================================================
1 52 32 42 16 23 0 0.00 0.0 0 M M M M M M 28 M
2 62 33 48 21 17 0 0.00 0.0 0 M M M M M M 33 M
3 72 42 57 30 8 0 T 0.0 0 M M M M M M 38 M
4 42 32 37 9 28 0 0.80 T 0 M M M M M M 34 19 M
5 49 26 38 10 27 0 0.00 0.0 0 M M M M M M 18 M
6 54 26 40 11 25 0 0.00 0.0 0 M M M M M M 21 M
7 54 34 44 15 21 0 0.00 0.0 0 M M M M M M 25 M
8 42 28 35 6 30 0 0.03 0.0 0 M M M M M M 25 M
9 39 22 31 1 34 0 0.00 0.0 0 M M M M M M 27 M
10 47 23 35 5 30 0 0.00 0.0 0 M M M M M M 27 M
11 67 37 52 21 13 0 0.00 0.0 0 M M M M M M 27 M
12 67 49 58 27 7 0 0.00 0.0 0 M M M M M M M M
13 69 39 54 22 11 0 0.00 0.0 0 M M M M M M M M
14 54 41 48 16 17 0 T 0.0 0 M M M M M M 13 M
15 55 31 43 11 22 0 0.00 0.0 0 M M M M M M 18 M
16 47 32 40 7 25 0 0.00 0.0 0 M M M M M M 43 M
17 32 23 28 -5 37 0 T T 0 M M M M M M 33 M
18 35 19 27 -7 38 0 T T 0 M M M M M M 25 M
19 52 28 40 6 25 0 0.00 0.0 0 M M M M M M M M
20 33 18 26 -8 39 0 0.00 0.0 0 M M M M M M 10 M
21 35 22 29 -6 36 0 0.08 0.9 0 M M M M M M 15 M
22 29 22 26 -9 39 0 0.10 1.3 2 M M M M M M 16 M
23 34 17 26 -10 39 0 T T 1 M M M M M M 14 M
24 33 25 29 -7 36 0 0.62 5.6 1 M M M M M M 12 30 120
25 47 33 40 4 25 0 0.22 0.0 5 M M M M M M 20 M
26 46 21 34 -3 31 0 0.30 0.1 0 M M M M M M 38 M
27 33 20 27 -10 38 0 T T T M M M M M M 27 M
28 41 17 29 -9 36 0 0.00 0.0 0 M M M M M M 21 M
29 54 25 40 2 25 0 0.00 0.0 0 M M M M M M M M
30 52 34 43 4 22 0 T 0.0 0 M M M M M M M M
31 46 32 39 0 26 0 0.00 0.0 0 M M M M M M M M
================================================================================
SM 1474 883 830 0 2.15 7.9 M M M
================================================================================
AV 47.5 28.5 M FASTST M M M MAX(MPH)
MISC ----> M M 43 9999
================================================================================
NOTES:
# LAST OF SEVERAL OCCURRENCES
COLUMN 17 PEAK WIND IN M.P.H.
PRELIMINARY LOCAL CLIMATOLOGICAL DATA (WS FORM: F-6) , PAGE 2
STATION: LA CROSSE WEATHER OFFICE WI
MONTH: MARCH
YEAR: 2024
LATITUDE: 43 49 N
LONGITUDE: 91 12 W
[TEMPERATURE DATA] [PRECIPITATION DATA] SYMBOLS USED IN COLUMN 16
AVERAGE MONTHLY: 38.0 TOTAL FOR MONTH: 2.15 1 = FOG OR MIST
DPTR FM NORMAL: 5.2 DPTR FM NORMAL: 0.22 2 = FOG REDUCING VISIBILITY
HIGHEST: 72 ON 3 GRTST 24HR 0.80 ON 4- 4 TO 1/4 MILE OR LESS
LOWEST: 17 ON 28,23 3 = THUNDER
SNOW, ICE PELLETS, HAIL 4 = ICE PELLETS
TOTAL MONTH: 7.9 INCHES 5 = HAIL
GRTST 24HR 5.6 ON 24-24 6 = FREEZING RAIN OR DRIZZLE
GRTST DEPTH: 5 ON 25 7 = DUSTSTORM OR SANDSTORM:
VSBY 1/2 MILE OR LESS
8 = SMOKE OR HAZE
[NO. OF DAYS WITH] [WEATHER - DAYS WITH] 9 = BLOWING SNOW
X = TORNADO
MAX 32 OR BELOW: 2 0.01 INCH OR MORE: 7
MAX 90 OR ABOVE: 0 0.10 INCH OR MORE: 5
MIN 32 OR BELOW: 22 0.50 INCH OR MORE: 2
MIN 0 OR BELOW: 0 1.00 INCH OR MORE: 0
[HDD (BASE 65) ]
TOTAL THIS MO. 830 CLEAR (SCALE 0-3) 0
DPTR FM NORMAL -170 PTCLDY (SCALE 4-7) 0
TOTAL FM JUL 1 5501 CLOUDY (SCALE 8-10) 31
DPTR FM NORMAL -1198
[CDD (BASE 65) ]
TOTAL THIS MO. 0
DPTR FM NORMAL -1 [PRESSURE DATA]
TOTAL FM JAN 1 0 HIGHEST SLP M ON M
DPTR FM NORMAL -1 LOWEST SLP M ON M
[REMARKS]
#FINAL-03-24#