081
CXUS53 KARX 040537
CF6ARX
PRELIMINARY LOCAL CLIMATOLOGICAL DATA (WS FORM: F-6)
STATION: LA CROSSE WEATHER OFFICE WI
MONTH: FEBRUARY
YEAR: 2021
LATITUDE: 43 49 N
LONGITUDE: 91 12 W
TEMPERATURE IN F: :PCPN: SNOW: WIND :SUNSHINE: SKY :PK WND
================================================================================
1 2 3 4 5 6A 6B 7 8 9 10 11 12 13 14 15 16 17 18
12Z AVG MX 2MIN
DY MAX MIN AVG DEP HDD CDD WTR SNW DPTH SPD SPD DIR MIN PSBL S-S WX SPD DR
================================================================================
1 29 22 26 9 39 0 T T 8 M M M M M M 18 M
2 31 19 25 8 40 0 0.00 0.0 8 M M M M M M 8 M
3 34 16 25 8 40 0 T 0.0 8 M M M M M M 6 23 M
4 32 7 20 3 45 0 0.39 6.5 8 M M M M M M 56 31 M
5 10 1 6 -12 59 0 0.00 0.0 14 M M M M M M 31 M
6 4 -13 -4 -22 69 0 0.00 0.0 14 M M M M M M 25 M
7 -4 -19 -11 -29 76 0 T T 14 M M M M M M 11 M
8 4 -8 -2 -20 67 0 T 0.1 13 M M M M M M 10 M
9 10 -13 -1 -19 66 0 0.00 0.0 12 M M M M M M 16 M
10 10 -3 4 -15 61 0 0.00 0.0 12 M M M M M M 16 M
11 -1 -9 -5 -24 70 0 0.04 0.6 11 M M M M M M 14 M
12 -3 -10 -6 -25 71 0 T T 12 M M M M M M 19 M
13 -2 -13 -7 -27 72 0 0.04 0.6 12 M M M M M M 19 M
14 -6 -17 -11 -31 76 0 0.00 0.0 13 M M M M M M 15 M
15 0 -17 -8 -28 73 0 0.00 0.0 13 M M M M M M 15 M
16 13 -12 1 -20 64 0 0.00 0.0 13 M M M M M M 11 M
17 14 -3 6 -15 59 0 T T 12 M M M M M M 13 M
18 19 5 12 -9 53 0 T T 11 M M M M M M 13 M
19 17 2 10 -12 55 0 T T 11 M M M M M M 12 M
20 23 2 13 -9 52 0 0.00 0.0 11 M M M M M M 23 M
21 26 19 23 1 42 0 0.26 4.2 11 M M M M M M 1 23 M
22 39 20 30 7 35 0 T T 15 M M M M M M 1 28 M
23 42 32 37 14 28 0 0.00 0.0 14 M M M M M M 19 M
24 39 26 33 9 32 0 T T 11 M M M M M M 27 M
25 39 24 32 8 33 0 0.00 0.0 10 M M M M M M 21 M
26 39 23 31 7 34 0 0.00 0.0 10 M M M M M M 1 27 M
27 49 29 39 14 26 0 0.00 0.0 9 M M M M M M 16 M
28 37 18 28 3 37 0 T 0.0 7 M M M M M M 32 M
================================================================================
SM 544 128 1474 0 0.73 12.0 M M M
================================================================================
AV 19.4 4.6 M FASTST M M M MAX(MPH)
MISC ----> M M 32 9999
================================================================================
NOTES:
# LAST OF SEVERAL OCCURRENCES
COLUMN 17 PEAK WIND IN M.P.H.
PRELIMINARY LOCAL CLIMATOLOGICAL DATA (WS FORM: F-6) , PAGE 2
STATION: LA CROSSE WEATHER OFFICE WI
MONTH: FEBRUARY
YEAR: 2021
LATITUDE: 43 49 N
LONGITUDE: 91 12 W
[TEMPERATURE DATA] [PRECIPITATION DATA] SYMBOLS USED IN COLUMN 16
AVERAGE MONTHLY: 12.0 TOTAL FOR MONTH: 0.73 1 = FOG OR MIST
DPTR FM NORMAL: -8.5 DPTR FM NORMAL: -0.24 2 = FOG REDUCING VISIBILITY
HIGHEST: 49 ON 27 GRTST 24HR 0.39 ON 4- 4 TO 1/4 MILE OR LESS
LOWEST: -19 ON 7 3 = THUNDER
SNOW, ICE PELLETS, HAIL 4 = ICE PELLETS
TOTAL MONTH: 12.0 INCHES 5 = HAIL
GRTST 24HR 6.5 ON 4- 4 6 = FREEZING RAIN OR DRIZZLE
GRTST DEPTH: 15 ON 22 7 = DUSTSTORM OR SANDSTORM:
VSBY 1/2 MILE OR LESS
8 = SMOKE OR HAZE
[NO. OF DAYS WITH] [WEATHER - DAYS WITH] 9 = BLOWING SNOW
X = TORNADO
MAX 32 OR BELOW: 20 0.01 INCH OR MORE: 4
MAX 90 OR ABOVE: 0 0.10 INCH OR MORE: 2
MIN 32 OR BELOW: 28 0.50 INCH OR MORE: 0
MIN 0 OR BELOW: 12 1.00 INCH OR MORE: 0
[HDD (BASE 65) ]
TOTAL THIS MO. 1474 CLEAR (SCALE 0-3) 0
DPTR FM NORMAL 227 PTCLDY (SCALE 4-7) 0
TOTAL FM JUL 1 5694 CLOUDY (SCALE 8-10) 28
DPTR FM NORMAL -118
[CDD (BASE 65) ]
TOTAL THIS MO. 0
DPTR FM NORMAL 0 [PRESSURE DATA]
TOTAL FM JAN 1 0 HIGHEST SLP M ON M
DPTR FM NORMAL 0 LOWEST SLP M ON M
[REMARKS]
#FINAL-02-21#