000
CXUS53 KARX 020320
CF6ARX
PRELIMINARY LOCAL CLIMATOLOGICAL DATA (WS FORM: F-6)
STATION: La Crosse Weather Office WI
MONTH: APRIL
YEAR: 2020
LATITUDE: 43 49 N
LONGITUDE: 91 12 W
TEMPERATURE IN F: :PCPN: SNOW: WIND :SUNSHINE: SKY :PK WND
================================================================================
1 2 3 4 5 6A 6B 7 8 9 10 11 12 13 14 15 16 17 18
12Z AVG MX 2MIN
DY MAX MIN AVG DEP HDD CDD WTR SNW DPTH SPD SPD DIR MIN PSBL S-S WX SPD DR
================================================================================
1 56 31 44 4 21 0 0.00 0.0 0 M M M M M M 20 M
2 62 41 52 12 13 0 0.00 0.0 0 M M M M M M 29 M
3 54 25 40 -1 25 0 0.57 0.6 0 M M M M M M 6 18 M
4 42 22 32 -9 33 0 0.00 0.0 1 M M M M M M 18 M
5 56 28 42 0 23 0 0.00 0.0 0 M M M M M M 15 M
6 54 42 48 6 17 0 0.02 0.0 0 M M M M M M 23 M
7 64 47 56 13 9 0 0.05 0.0 0 M M M M M M 26 M
8 54 37 46 3 19 0 0.08 0.0 0 M M M M M M 33 M
9 42 31 37 -7 28 0 T T 0 M M M M M M 34 M
10 48 28 38 -6 27 0 0.00 0.0 0 M M M M M M 22 M
11 58 38 48 4 17 0 0.00 0.0 0 M M M M M M 15 M
12 44 28 36 -9 29 0 0.60 1.8 0 M M M M M M 4 27 M
13 34 22 28 -18 37 0 0.03 0.6 2 M M M M M M 32 M
14 29 20 25 -21 40 0 T T T M M M M M M 28 M
15 32 18 25 -21 40 0 T T T M M M M M M 22 M
16 40 21 31 -16 34 0 0.00 0.0 0 M M M M M M 23 240
17 47 31 39 -8 26 0 0.00 0.0 0 M M M M M M 23 M
18 66 32 49 1 16 0 T 0.0 0 M M M M M M 37 M
19 51 38 45 -3 20 0 0.00 0.0 0 M M M M M M 26 M
20 58 34 46 -2 19 0 0.03 0.0 0 M M M M M M 3 45 M
21 47 28 38 -11 27 0 T 0.0 0 M M M M M M 26 M
22 69 39 54 5 11 0 T 0.0 0 M M M M M M 31 M
23 53 34 44 -6 21 0 T 0.0 0 M M M M M M 14 M
24 60 36 48 -2 17 0 0.00 0.0 0 M M M M M M 13 M
25 66 42 54 4 11 0 0.00 0.0 0 M M M M M M 16 M
26 68 40 54 3 11 0 T 0.0 0 M M M M M M 19 M
27 68 48 58 7 7 0 0.15 0.0 0 M M M M M M 3 21 M
28 65 45 55 3 10 0 0.28 0.0 0 M M M M M M 13 25 M
29 55 42 49 -3 16 0 0.02 0.0 0 M M M M M M 36 M
30 65 42 54 2 11 0 0.00 0.0 0 M M M M M M 24 M
================================================================================
SM 1607 1010 635 0 1.83 3.0 M M M
================================================================================
AV 53.6 33.7 M FASTST M M 0 MAX(MPH)
MISC ----> M M 45 M
================================================================================
NOTES:
# LAST OF SEVERAL OCCURRENCES
COLUMN 17 PEAK WIND IN M.P.H.
PRELIMINARY LOCAL CLIMATOLOGICAL DATA (WS FORM: F-6) , PAGE 2
STATION: La Crosse Weather Office WI
MONTH: APRIL
YEAR: 2020
LATITUDE: 43 49 N
LONGITUDE: 91 12 W
[TEMPERATURE DATA] [PRECIPITATION DATA] SYMBOLS USED IN COLUMN 16
AVERAGE MONTHLY: 43.6 TOTAL FOR MONTH: 1.83 1 = FOG OR MIST
DPTR FM NORMAL: -2.8 DPTR FM NORMAL: -1.64 2 = FOG REDUCING VISIBILITY
HIGHEST: 69 ON 22 GRTST 24HR 0.60 ON 12-12 TO 1/4 MILE OR LESS
LOWEST: 18 ON 15 3 = THUNDER
SNOW, ICE PELLETS, HAIL 4 = ICE PELLETS
TOTAL MONTH: 3.0 INCHES 5 = HAIL
GRTST 24HR 1.8 ON 12-12 6 = FREEZING RAIN OR DRIZZLE
GRTST DEPTH: 2 ON 13 7 = DUSTSTORM OR SANDSTORM:
VSBY 1/2 MILE OR LESS
8 = SMOKE OR HAZE
[NO. OF DAYS WITH] [WEATHER - DAYS WITH] 9 = BLOWING SNOW
X = TORNADO
MAX 32 OR BELOW: 2 0.01 INCH OR MORE: 10
MAX 90 OR ABOVE: 0 0.10 INCH OR MORE: 4
MIN 32 OR BELOW: 14 0.50 INCH OR MORE: 2
MIN 0 OR BELOW: 0 1.00 INCH OR MORE: 0
[HDD (BASE 65) ]
TOTAL THIS MO. 635 CLEAR (SCALE 0-3) 0
DPTR FM NORMAL 74 PTCLDY (SCALE 4-7) 0
TOTAL FM JUL 1 7205 CLOUDY (SCALE 8-10) 0
DPTR FM NORMAL -186
[CDD (BASE 65) ]
TOTAL THIS MO. 0
DPTR FM NORMAL -1 [PRESSURE DATA]
TOTAL FM JAN 1 0 HIGHEST SLP M ON M
DPTR FM NORMAL -1 LOWEST SLP M ON M
[REMARKS]
#FINAL-04-20#