000
CXUS53 KARX 011232
CF6ARX
PRELIMINARY LOCAL CLIMATOLOGICAL DATA (WS FORM: F-6)
STATION: LA CROSSE WEATHER OFFICE WI
MONTH: SEPTEMBER
YEAR: 2023
LATITUDE: 43 49 N
LONGITUDE: 91 12 W
TEMPERATURE IN F: :PCPN: SNOW: WIND :SUNSHINE: SKY :PK WND
================================================================================
1 2 3 4 5 6A 6B 7 8 9 10 11 12 13 14 15 16 17 18
12Z AVG MX 2MIN
DY MAX MIN AVG DEP HDD CDD WTR SNW DPTH SPD SPD DIR MIN PSBL S-S WX SPD DR
================================================================================
1 82 57 70 3 0 5 0.00 0.0 0 M M M M M M 22 M
2 91 63 77 11 0 12 0.00 0.0 0 M M M M M M 31 M
3 93 67 80 14 0 15 0.00 0.0 0 M M M M M M 31 M
4 91 70 81 15 0 16 0.00 0.0 0 M M M M M M M M
5 86 72 79 14 0 14 0.00 0.0 0 M M M M M M M M
6 74 59 67 2 0 2 0.05 0.0 0 M M M M M M M M
7 62 54 58 -7 7 0 0.03 0.0 0 M M M M M M 11 M
8 70 54 62 -2 3 0 0.02 0.0 0 M M M M M M 1 9 M
9 76 54 65 1 0 0 T 0.0 0 M M M M M M 12 M
10 65 59 62 -2 3 0 0.00 0.0 0 M M M M M M 12 M
11 70 51 61 -2 4 0 0.02 0.0 0 M M M M M M 15 M
12 69 48 59 -4 6 0 0.58 T 0 M M M M M M 35 31 M
13 65 47 56 -7 9 0 0.00 0.0 0 M M M M M M 10 M
14 75 48 62 0 3 0 0.00 0.0 0 M M M M M M 19 M
15 67 57 62 0 3 0 0.02 0.0 0 M M M M M M 20 M
16 68 54 61 0 4 0 0.20 0.0 0 M M M M M M 123 18 M
17 70 50 60 -1 5 0 0.00 0.0 0 M M M M M M 10 M
18 74 49 62 1 3 0 T 0.0 0 M M M M M M 11 M
19 77 55 66 6 0 1 0.13 0.0 0 M M M M M M 30 M
20 76 57 67 7 0 2 T 0.0 0 M M M M M M 25 M
21 82 61 72 13 0 7 0.00 0.0 0 M M M M M M 19 M
22 70 57 64 5 1 0 0.31 0.0 0 M M M M M M 3 20 M
23 73 61 67 9 0 2 1.02 0.0 0 M M M M M M 3 32 M
24 70 56 63 5 2 0 0.06 0.0 0 M M M M M M 3 29 M
25 67 56 62 4 3 0 0.73 0.0 0 M M M M M M 3 23 M
26 68 56 62 5 3 0 0.51 0.0 0 M M M M M M 1 M M
27 68 59 64 7 1 0 0.03 0.0 0 M M M M M M 1 16 M
28 65 57 61 5 4 0 0.00 0.0 0 M M M M M M 18 M
29 77 57 67 11 0 2 0.00 0.0 0 M M M M M M 26 M
30 82 65 74 18 0 9 0.00 0.0 0 M M M M M M 22 M
================================================================================
SM 2223 1710 64 87 3.71 T M M M
================================================================================
AV 74.1 57.0 M FASTST M M M MAX(MPH)
MISC ----> M M 32 9999
================================================================================
NOTES:
# LAST OF SEVERAL OCCURRENCES
COLUMN 17 PEAK WIND IN M.P.H.
PRELIMINARY LOCAL CLIMATOLOGICAL DATA (WS FORM: F-6) , PAGE 2
STATION: LA CROSSE WEATHER OFFICE WI
MONTH: SEPTEMBER
YEAR: 2023
LATITUDE: 43 49 N
LONGITUDE: 91 12 W
[TEMPERATURE DATA] [PRECIPITATION DATA] SYMBOLS USED IN COLUMN 16
AVERAGE MONTHLY: 65.6 TOTAL FOR MONTH: 3.71 1 = FOG OR MIST
DPTR FM NORMAL: 4.2 DPTR FM NORMAL: -0.29 2 = FOG REDUCING VISIBILITY
HIGHEST: 93 ON 3 GRTST 24HR 1.02 ON 23-23 TO 1/4 MILE OR LESS
LOWEST: 47 ON 13 3 = THUNDER
SNOW, ICE PELLETS, HAIL 4 = ICE PELLETS
TOTAL MONTH: T 5 = HAIL
GRTST 24HR T ON 12-12 6 = FREEZING RAIN OR DRIZZLE
GRTST DEPTH: 0 7 = DUSTSTORM OR SANDSTORM:
VSBY 1/2 MILE OR LESS
8 = SMOKE OR HAZE
[NO. OF DAYS WITH] [WEATHER - DAYS WITH] 9 = BLOWING SNOW
X = TORNADO
MAX 32 OR BELOW: 0 0.01 INCH OR MORE: 14
MAX 90 OR ABOVE: 3 0.10 INCH OR MORE: 7
MIN 32 OR BELOW: 0 0.50 INCH OR MORE: 4
MIN 0 OR BELOW: 0 1.00 INCH OR MORE: 1
[HDD (BASE 65) ]
TOTAL THIS MO. 64 CLEAR (SCALE 0-3) 0
DPTR FM NORMAL -98 PTCLDY (SCALE 4-7) 0
TOTAL FM JUL 1 89 CLOUDY (SCALE 8-10) 30
DPTR FM NORMAL -107
[CDD (BASE 65) ]
TOTAL THIS MO. 87
DPTR FM NORMAL 33 [PRESSURE DATA]
TOTAL FM JAN 1 663 HIGHEST SLP M ON M
DPTR FM NORMAL 126 LOWEST SLP M ON M
[REMARKS]
#FINAL-09-23#