000
CXUS55 KGJT 010910
CF6ASE
PRELIMINARY LOCAL CLIMATOLOGICAL DATA (WS FORM: F-6)
STATION: ASPEN CO
MONTH: OCTOBER
YEAR: 2022
LATITUDE: 39 13 N
LONGITUDE: 106 52 W
TEMPERATURE IN F: :PCPN: SNOW: WIND :SUNSHINE: SKY :PK WND
================================================================================
1 2 3 4 5 6A 6B 7 8 9 10 11 12 13 14 15 16 17 18
12Z AVG MX 2MIN
DY MAX MIN AVG DEP HDD CDD WTR SNW DPTH SPD SPD DIR MIN PSBL S-S WX SPD DR
================================================================================
1 58 33 46 -4 19 0 0.15 M M 5.9 38 320 M M 4 13 50 310
2 62 43 53 3 12 0 0.30 M M 6.1 22 320 M M 6 1 34 320
3 60 34 47 -3 18 0 T M M 4.7 16 270 M M 4 27 260
4 63 32 48 -1 17 0 0.00 M M 5.9 13 350 M M 2 19 10
5 66 32 49 0 16 0 0.02 M M 5.3 21 140 M M 2 29 150
6 66 34 50 2 15 0 0.00 M M 4.7 14 320 M M 0 20 320
7 65 34 50 2 15 0 0.00 M M 6.6 14 330 M M 1 21 330
8 64 32 48 1 17 0 0.00 M M 6.8 20 30 M M 3 28 20
9 65 31 48 1 17 0 0.00 M M 5.5 15 330 M M 0 23 300
10 64 31 48 1 17 0 0.00 M M 6.0 16 340 M M 0 27 350
11 63 32 48 2 17 0 0.00 M M 6.4 21 330 M M 3 40 330
12 64 31 48 2 17 0 0.00 M M 7.0 16 350 M M 0 27 360
13 62 29 46 0 19 0 0.00 M M 7.0 15 330 M M 0 23 320
14 65 27 46 1 19 0 0.00 M M 7.0 16 330 M M 0 26 20
15 67 28 48 3 17 0 0.00 M M 6.7 15 320 M M 0 25 10
16 62 28 45 1 20 0 0.00 M M 5.3 15 350 M M 0 24 340
17 63 27 45 1 20 0 0.00 M M 6.5 14 270 M M 0 22 260
18 65 27 46 2 19 0 0.00 M M 6.5 13 220 M M 0 17 10
19 68 26 47 4 18 0 0.00 M M 6.5 13 330 M M 0 21 320
20 66 29 48 5 17 0 0.00 M M 6.6 14 350 M M 0 20 330
21 63 29 46 4 19 0 0.00 M M 6.7 20 330 M M 0 31 310
22 62 30 46 4 19 0 T M M 7.1 23 210 M M 3 41 230
23 51 26 39 -3 26 0 0.68 M M 6.3 28 160 M M 10 128 42 160
24 32 18 25 -16 40 0 T M M 6.4 15 340 M M 7 1 23 340
25 41 15 28 -13 37 0 0.01 M M 3.6 13 10 M M 7 18 19 30
26 38 28 33 -7 32 0 0.50 M M 2.8 9 160 M M 10 12 12 340
27 33 22 28 -12 37 0 0.19 M M 4.2 16 360 M M 10 128 22 10
28 40 10 25 -15 40 0 0.00 M M 5.4 9 200 M M 1 13 210
29 45 15 30 -9 35 0 0.00 M M 4.4 10 210 M M 0 14 200
30 49 24 37 -2 28 0 0.00 M M 5.4 10 220 M M 3 15 330
31 51 21 36 -3 29 0 0.00 M M 5.3 13 320 M M 0 16 330
================================================================================
SM 1783 858 688 0 1.85 M 180.6 M 76
================================================================================
AV 57.5 27.7 5.8 FASTST M M 2 MAX(MPH)
MISC ----> 38 320 50 310
================================================================================
NOTES:
# LAST OF SEVERAL OCCURRENCES
COLUMN 17 PEAK WIND IN M.P.H.
PRELIMINARY LOCAL CLIMATOLOGICAL DATA (WS FORM: F-6) , PAGE 2
STATION: ASPEN CO
MONTH: OCTOBER
YEAR: 2022
LATITUDE: 39 13 N
LONGITUDE: 106 52 W
[TEMPERATURE DATA] [PRECIPITATION DATA] SYMBOLS USED IN COLUMN 16
AVERAGE MONTHLY: 42.6 TOTAL FOR MONTH: 1.85 1 = FOG OR MIST
DPTR FM NORMAL: -1.8 DPTR FM NORMAL: 0.52 2 = FOG REDUCING VISIBILITY
HIGHEST: 68 ON 19 GRTST 24HR 0.68 ON 23-23 TO 1/4 MILE OR LESS
LOWEST: 10 ON 28 3 = THUNDER
SNOW, ICE PELLETS, HAIL 4 = ICE PELLETS
TOTAL MONTH: M 5 = HAIL
GRTST 24HR M ON M 6 = FREEZING RAIN OR DRIZZLE
GRTST DEPTH: M ON M 7 = DUSTSTORM OR SANDSTORM:
VSBY 1/2 MILE OR LESS
8 = SMOKE OR HAZE
[NO. OF DAYS WITH] [WEATHER - DAYS WITH] 9 = BLOWING SNOW
X = TORNADO
MAX 32 OR BELOW: 1 0.01 INCH OR MORE: 7
MAX 90 OR ABOVE: 0 0.10 INCH OR MORE: 5
MIN 32 OR BELOW: 26 0.50 INCH OR MORE: 2
MIN 0 OR BELOW: 0 1.00 INCH OR MORE: 0
[HDD (BASE 65) ]
TOTAL THIS MO. 688 CLEAR (SCALE 0-3) 22
DPTR FM NORMAL 48 PTCLDY (SCALE 4-7) 6
TOTAL FM JUL 1 953 CLOUDY (SCALE 8-10) 3
DPTR FM NORMAL -74
[CDD (BASE 65) ]
TOTAL THIS MO. 0
DPTR FM NORMAL 0 [PRESSURE DATA]
TOTAL FM JAN 1 125 HIGHEST SLP M ON M
DPTR FM NORMAL 37 LOWEST SLP 29.18 ON 22
[REMARKS]
#FINAL-10-22#