000
CXUS55 KGJT 011010
CF6ASE
PRELIMINARY LOCAL CLIMATOLOGICAL DATA (WS FORM: F-6)
STATION: ASPEN CO
MONTH: JANUARY
YEAR: 2022
LATITUDE: 39 13 N
LONGITUDE: 106 52 W
TEMPERATURE IN F: :PCPN: SNOW: WIND :SUNSHINE: SKY :PK WND
================================================================================
1 2 3 4 5 6A 6B 7 8 9 10 11 12 13 14 15 16 17 18
12Z AVG MX 2MIN
DY MAX MIN AVG DEP HDD CDD WTR SNW DPTH SPD SPD DIR MIN PSBL S-S WX SPD DR
================================================================================
1 19 -13 3 -17 62 0 T M M 4.3 13 350 M M 8 18 22 340
2 19 -12 4 -17 61 0 0.00 M M 4.2 10 180 M M 1 18 15 200
3 30 -4 13 -8 52 0 0.00 M M 3.8 12 170 M M 0 13 170
4 33 14 24 3 41 0 0.00 M M 4.9 14 360 M M 4 20 360
5 37 19 28 7 37 0 0.00 M M 8.4 21 10 M M 10 8 37 360
6 37 28 33 12 32 0 0.06 M M 3.9 13 360 M M 9 18 19 30
7 45 18 32 11 33 0 0.00 M M 5.8 12 150 M M 0 16 200
8 38 17 28 7 37 0 0.09 M M 3.6 23 320 M M 8 12 41 310
9 29 2 16 -5 49 0 0.00 M M 5.6 12 230 M M 0 8 16 210
10 32 -2 15 -6 50 0 0.00 M M 4.3 10 180 M M 0 13 170
11 34 2 18 -3 47 0 0.00 M M 5.7 12 210 M M 0 17 190
12 38 7 23 2 42 0 0.00 M M 5.5 12 180 M M 0 14 180
13 40 10 25 4 40 0 0.00 M M 2.8 10 200 M M 1 12 200
14 35 17 26 4 39 0 T M M 5.1 14 340 M M 7 8 27 350
15 31 6 19 -3 46 0 0.00 M M 5.0 10 210 M M 1 14 210
16 41 4 23 1 42 0 0.00 M M 5.0 12 210 M M 0 13 220
17 39 8 24 2 41 0 0.00 M M 5.7 10 170 M M 0 14 180
18 37 8 23 1 42 0 0.00 M M 4.2 10 190 M M 2 14 230
19 36 11 24 2 41 0 0.00 M M 5.1 12 330 M M 2 14 310
20 33 11 22 0 43 0 0.00 M M 3.0 9 320 M M 6 14 310
21 28 16 22 0 43 0 0.03 M M 3.5 9 190 M M 10 18 10 10
22 36 8 22 0 43 0 0.00 M M 5.4 12 220 M M 1 8 20 350
23 35 3 19 -3 46 0 0.00 M M 5.4 10 210 M M 0 12 210
24 36 7 22 0 43 0 0.00 M M 4.4 9 200 M M 5 12 190
25 29 7 18 -4 47 0 T M M 4.1 12 340 M M 8 18 17 350
26 30 -1 15 -7 50 0 0.00 M M 5.7 10 220 M M 2 14 210
27 27 5 16 -6 49 0 T M M 5.2 12 280 M M 7 18 17 360
28 29 -6 12 -11 53 0 0.00 M M 5.4 10 200 M M 0 14 200
29 34 -4 15 -8 50 0 0.00 M M 4.6 10 190 M M 0 13 210
30 36 0 18 -5 47 0 0.00 M M 6.1 12 170 M M 0 14 160
31 39 3 21 -2 44 0 0.00 M M 5.3 12 210 M M 0 8 15 210
================================================================================
SM 1042 189 1392 0 0.18 M 151.0 M 92
================================================================================
AV 33.6 6.1 4.9 FASTST M M 3 MAX(MPH)
MISC ----> 23 320 41 310
================================================================================
NOTES:
# LAST OF SEVERAL OCCURRENCES
COLUMN 17 PEAK WIND IN M.P.H.
PRELIMINARY LOCAL CLIMATOLOGICAL DATA (WS FORM: F-6) , PAGE 2
STATION: ASPEN CO
MONTH: JANUARY
YEAR: 2022
LATITUDE: 39 13 N
LONGITUDE: 106 52 W
[TEMPERATURE DATA] [PRECIPITATION DATA] SYMBOLS USED IN COLUMN 16
AVERAGE MONTHLY: 19.9 TOTAL FOR MONTH: 0.18 1 = FOG OR MIST
DPTR FM NORMAL: -1.8 DPTR FM NORMAL: -0.87 2 = FOG REDUCING VISIBILITY
HIGHEST: 45 ON 7 GRTST 24HR 0.16 ON 8- 8 TO 1/4 MILE OR LESS
LOWEST: -13 ON 1 3 = THUNDER
SNOW, ICE PELLETS, HAIL 4 = ICE PELLETS
TOTAL MONTH: M 5 = HAIL
GRTST 24HR M ON M 6 = FREEZING RAIN OR DRIZZLE
GRTST DEPTH: M ON M 7 = DUSTSTORM OR SANDSTORM:
VSBY 1/2 MILE OR LESS
8 = SMOKE OR HAZE
[NO. OF DAYS WITH] [WEATHER - DAYS WITH] 9 = BLOWING SNOW
X = TORNADO
MAX 32 OR BELOW: 11 0.01 INCH OR MORE: 3
MAX 90 OR ABOVE: 0 0.10 INCH OR MORE: 0
MIN 32 OR BELOW: 31 0.50 INCH OR MORE: 0
MIN 0 OR BELOW: 8 1.00 INCH OR MORE: 0
[HDD (BASE 65) ]
TOTAL THIS MO. 1392 CLEAR (SCALE 0-3) 20
DPTR FM NORMAL 48 PTCLDY (SCALE 4-7) 6
TOTAL FM JUL 1 4315 CLOUDY (SCALE 8-10) 5
DPTR FM NORMAL -386
[CDD (BASE 65) ]
TOTAL THIS MO. 0
DPTR FM NORMAL 0 [PRESSURE DATA]
TOTAL FM JAN 1 0 HIGHEST SLP 30.90 ON 10
DPTR FM NORMAL 0 LOWEST SLP 29.46 ON 1
[REMARKS]
#FINAL-01-22#