000
CXUS55 KGJT 011622
CF6ASE
PRELIMINARY LOCAL CLIMATOLOGICAL DATA (WS FORM: F-6)
STATION: ASPEN CO
MONTH: JANUARY
YEAR: 2024
LATITUDE: 39 13 N
LONGITUDE: 106 52 W
TEMPERATURE IN F: :PCPN: SNOW: WIND :SUNSHINE: SKY :PK WND
================================================================================
1 2 3 4 5 6A 6B 7 8 9 10 11 12 13 14 15 16 17 18
12Z AVG MX 2MIN
DY MAX MIN AVG DEP HDD CDD WTR SNW DPTH SPD SPD DIR MIN PSBL S-S WX SPD DR
================================================================================
1 40 11 26 6 39 0 0.00 M M 5.5 12 320 M M 1 17 310
2 39 7 23 2 42 0 0.00 M M 5.7 12 210 M M 0 16 210
3 34 4 19 -2 46 0 0.00 M M 4.6 12 170 M M 1 13 200
4 33 20 27 6 38 0 T M M 2.1 12 340 M M 9 1 16 340
5 26 16 21 0 44 0 T M M 3.8 16 340 M M 9 18 29 360
6 25 8 17 -4 48 0 0.03 M M 4.0 10 190 M M 7 18 16 340
7 27 12 20 -1 45 0 T M M 6.0 15 170 M M 8 18 21 130
8 21 0 11 -10 54 0 0.01 M M 5.4 21 330 M M 9 18 29 300
9 24 -5 10 -11 55 0 T M M 4.6 12 330 M M 6 18 17 20
10 23 12 18 -3 47 0 0.01 M M 6.3 22 170 M M 9 18 28 160
11 22 0 11 -10 54 0 0.04 M M 6.1 21 340 M M 8 18 33 330
12 24 1 13 -8 52 0 T M M 6.7 22 330 M M 9 8 40 320
13 28 21 25 4 40 0 T M M 10.5 29 330 M M 8 8 53 310
14 32 21 27 5 38 0 0.28 M M 3.3 17 360 M M 10 128 25 10
15 27 5 16 -6 49 0 0.01 M M 9.8 28 330 M M 10 128 45 320
16 28 -7 11 -11 54 0 0.00 M M 4.8 10 180 M M 1 8 15 190
17 26 2 14 -8 51 0 0.16 M M 3.8 14 310 M M 8 18 17 310
18 38 16 27 5 38 0 0.04 M M 4.3 12 360 M M 6 1 16 350
19 40 9 25 3 40 0 0.00 M M 4.2 9 220 M M 4 13 130
20 41 14 28 6 37 0 0.00 M M 3.4 8 190 M M 3 11 190
21 42 21 32 10 33 0 T M M 2.9 12 360 M M 8 18 18 10
22 40 18 29 7 36 0 0.00 M M 4.0 9 210 M M 7 13 230
23 39 13 26 4 39 0 0.00 M M 4.9 10 220 M M 4 8 15 210
24 39 19 29 7 36 0 0.00 M M 3.5 12 330 M M 9 8 17 330
25 37 17 27 5 38 0 0.00 M M 4.3 10 160 M M 7 15 150
26 34 18 26 4 39 0 0.00 M M 2.8 9 360 M M 9 13 10
27 37 13 25 3 40 0 0.00 M M 5.6 12 150 M M 3 17 300
28 42 10 26 3 39 0 0.00 M M 5.0 10 220 M M 0 13 210
29 46 15 31 8 34 0 0.00 M M 5.9 12 10 M M 2 16 10
30 46 14 30 7 35 0 0.00 M M 5.4 10 210 M M 0 15 210
31 48 13 31 8 34 0 0.00 M M 5.2 10 210 M M 0 13 330
================================================================================
SM 1048 338 1314 0 0.58 M 154.4 M 175
================================================================================
AV 33.8 10.9 5.0 FASTST M M 6 MAX(MPH)
MISC ----> 29 330 53 310
================================================================================
NOTES:
# LAST OF SEVERAL OCCURRENCES
COLUMN 17 PEAK WIND IN M.P.H.
PRELIMINARY LOCAL CLIMATOLOGICAL DATA (WS FORM: F-6) , PAGE 2
STATION: ASPEN CO
MONTH: JANUARY
YEAR: 2024
LATITUDE: 39 13 N
LONGITUDE: 106 52 W
[TEMPERATURE DATA] [PRECIPITATION DATA] SYMBOLS USED IN COLUMN 16
AVERAGE MONTHLY: 22.4 TOTAL FOR MONTH: 0.58 1 = FOG OR MIST
DPTR FM NORMAL: 0.7 DPTR FM NORMAL: -0.47 2 = FOG REDUCING VISIBILITY
HIGHEST: 48 ON 31 GRTST 24HR 0.28 ON 14-14 TO 1/4 MILE OR LESS
LOWEST: -7 ON 16 3 = THUNDER
SNOW, ICE PELLETS, HAIL 4 = ICE PELLETS
TOTAL MONTH: M 5 = HAIL
GRTST 24HR M ON M 6 = FREEZING RAIN OR DRIZZLE
GRTST DEPTH: M ON M 7 = DUSTSTORM OR SANDSTORM:
VSBY 1/2 MILE OR LESS
8 = SMOKE OR HAZE
[NO. OF DAYS WITH] [WEATHER - DAYS WITH] 9 = BLOWING SNOW
X = TORNADO
MAX 32 OR BELOW: 13 0.01 INCH OR MORE: 8
MAX 90 OR ABOVE: 0 0.10 INCH OR MORE: 2
MIN 32 OR BELOW: 31 0.50 INCH OR MORE: 0
MIN 0 OR BELOW: 4 1.00 INCH OR MORE: 0
[HDD (BASE 65) ]
TOTAL THIS MO. 1314 CLEAR (SCALE 0-3) 10
DPTR FM NORMAL -30 PTCLDY (SCALE 4-7) 10
TOTAL FM JUL 1 4481 CLOUDY (SCALE 8-10) 11
DPTR FM NORMAL -220
[CDD (BASE 65) ]
TOTAL THIS MO. 0
DPTR FM NORMAL 0 [PRESSURE DATA]
TOTAL FM JAN 1 0 HIGHEST SLP 30.66 ON 28
DPTR FM NORMAL 0 LOWEST SLP 29.33 ON 11
[REMARKS]
#FINAL-01-24#