000
CXUS55 KGJT 011010
CF6ASE
PRELIMINARY LOCAL CLIMATOLOGICAL DATA (WS FORM: F-6)
STATION: ASPEN CO
MONTH: JANUARY
YEAR: 2021
LATITUDE: 39 13 N
LONGITUDE: 106 52 W
TEMPERATURE IN F: :PCPN: SNOW: WIND :SUNSHINE: SKY :PK WND
================================================================================
1 2 3 4 5 6A 6B 7 8 9 10 11 12 13 14 15 16 17 18
12Z AVG MX 2MIN
DY MAX MIN AVG DEP HDD CDD WTR SNW DPTH SPD SPD DIR MIN PSBL S-S WX SPD DR
================================================================================
1 31 7 19 0 46 0 0.00 M M 4.6 12 360 M M 4 15 350
2 30 0 15 -4 50 0 0.00 M M 6.2 10 220 M M 1 15 320
3 34 4 19 -1 46 0 0.01 M M 4.9 13 360 M M 6 18 18 360
4 37 11 24 4 41 0 T M M 4.3 10 210 M M 4 15 200
5 33 19 26 6 39 0 T M M 5.0 22 320 M M 8 18 35 330
6 31 3 17 -3 48 0 0.00 M M 4.4 10 190 M M 1 12 210
7 37 5 21 1 44 0 0.00 M M 5.8 12 210 M M 0 14 330
8 31 4 18 -2 47 0 0.00 M M 4.6 9 180 M M 1 11 210
9 33 5 19 -1 46 0 0.00 M M 5.4 13 200 M M 3 15 210
10 29 -2 14 -6 51 0 0.00 M M 5.5 12 210 M M 0 18 220
11 29 -5 12 -8 53 0 0.00 M M 5.4 10 210 M M 0 13 180
12 32 -4 14 -6 51 0 0.00 M M 4.9 12 330 M M 0 8 13 320
13 39 7 23 3 42 0 T M M 6.0 18 350 M M 6 26 350
14 31 7 19 -1 46 0 T M M 10.4 22 330 M M 3 35 350
15 37 4 21 1 44 0 0.00 M M 5.4 12 210 M M 0 33 240
16 35 19 27 7 38 0 0.00 M M 4.0 13 340 M M 6 18 340
17 40 21 31 11 34 0 0.00 M M 3.3 13 360 M M 9 18 20
18 34 16 25 5 40 0 0.01 M M 3.9 14 350 M M 7 20 340
19 34 11 23 3 42 0 0.00 M M 4.4 10 200 M M 5 13 220
20 39 7 23 3 42 0 0.00 M M 5.1 10 330 M M 4 12 170
21 40 14 27 7 38 0 0.00 M M 5.0 14 320 M M 7 8 18 330
22 40 18 29 9 36 0 0.00 M M 3.5 9 330 M M 9 12 320
23 39 8 24 4 41 0 0.08 M M 3.3 16 180 M M 7 18 23 260
24 30 5 18 -2 47 0 T M M 4.1 12 10 M M 6 8 16 10
25 30 7 19 -1 46 0 0.04 M M 4.6 10 180 M M 4 18 16 190
26 23 1 12 -8 53 0 T M M 4.1 14 340 M M 5 8 20 340
27 34 -6 14 -6 51 0 0.00 M M 3.7 14 210 M M 4 20 200
28 49 21 35 15 30 0 0.00 M M 4.7 16 180 M M 3 22 160
29 44 23 34 14 31 0 0.01 M M 6.6 20 190 M M 6 1 30 160
30 33 14 24 4 41 0 0.06 M M 5.7 14 320 M M 9 18 20 10
31 36 6 21 1 44 0 0.00 M M 6.4 12 210 M M 1 16 210
================================================================================
SM 1074 250 1348 0 0.21 M 155.2 M 129
================================================================================
AV 34.6 8.1 5.0 FASTST M M 4 MAX(MPH)
MISC ----> # 22 320 # 35 330
================================================================================
NOTES:
# LAST OF SEVERAL OCCURRENCES
COLUMN 17 PEAK WIND IN M.P.H.
PRELIMINARY LOCAL CLIMATOLOGICAL DATA (WS FORM: F-6) , PAGE 2
STATION: ASPEN CO
MONTH: JANUARY
YEAR: 2021
LATITUDE: 39 13 N
LONGITUDE: 106 52 W
[TEMPERATURE DATA] [PRECIPITATION DATA] SYMBOLS USED IN COLUMN 16
AVERAGE MONTHLY: 21.4 TOTAL FOR MONTH: 0.21 1 = FOG OR MIST
DPTR FM NORMAL: 1.6 DPTR FM NORMAL: -0.82 2 = FOG REDUCING VISIBILITY
HIGHEST: 49 ON 28 GRTST 24HR 0.08 ON 23-23 TO 1/4 MILE OR LESS
LOWEST: -6 ON 27 3 = THUNDER
SNOW, ICE PELLETS, HAIL 4 = ICE PELLETS
TOTAL MONTH: M 5 = HAIL
GRTST 24HR M ON M 6 = FREEZING RAIN OR DRIZZLE
GRTST DEPTH: M ON M 7 = DUSTSTORM OR SANDSTORM:
VSBY 1/2 MILE OR LESS
8 = SMOKE OR HAZE
[NO. OF DAYS WITH] [WEATHER - DAYS WITH] 9 = BLOWING SNOW
X = TORNADO
MAX 32 OR BELOW: 11 0.01 INCH OR MORE: 6
MAX 90 OR ABOVE: 0 0.10 INCH OR MORE: 0
MIN 32 OR BELOW: 31 0.50 INCH OR MORE: 0
MIN 0 OR BELOW: 5 1.00 INCH OR MORE: 0
[HDD (BASE 65) ]
TOTAL THIS MO. 1348 CLEAR (SCALE 0-3) 10
DPTR FM NORMAL -53 PTCLDY (SCALE 4-7) 17
TOTAL FM JUL 1 4540 CLOUDY (SCALE 8-10) 4
DPTR FM NORMAL -579
[CDD (BASE 65) ]
TOTAL THIS MO. 0
DPTR FM NORMAL 0 [PRESSURE DATA]
TOTAL FM JAN 1 0 HIGHEST SLP 30.65 ON 12
DPTR FM NORMAL 0 LOWEST SLP 29.53 ON 30
[REMARKS]
#FINAL-01-21#