153
CXUS55 KGJT 011000
CF6ASE
PRELIMINARY LOCAL CLIMATOLOGICAL DATA (WS FORM: F-6)
STATION: ASPEN CO
MONTH: SEPTEMBER
YEAR: 2020
LATITUDE: 39 13 N
LONGITUDE: 106 52 W
TEMPERATURE IN F: :PCPN: SNOW: WIND :SUNSHINE: SKY :PK WND
================================================================================
1 2 3 4 5 6A 6B 7 8 9 10 11 12 13 14 15 16 17 18
12Z AVG MX 2MIN
DY MAX MIN AVG DEP HDD CDD WTR SNW DPTH SPD SPD DIR MIN PSBL S-S WX SPD DR
================================================================================
1 69 41 55 -3 10 0 0.11 M M 6.0 15 340 M M 2 23 320
2 78 38 58 0 7 0 0.00 M M 7.4 17 20 M M 0 25 20
3 84 42 63 5 2 0 0.00 M M 7.1 13 320 M M 0 20 320
4 87 45 66 9 0 1 0.00 M M 6.2 13 200 M M 0 17 320
5 88 48 68 11 0 3 0.00 M M 6.3 17 330 M M 0 26 350
6 86 48 67 10 0 2 0.00 M M 6.8 16 320 M M 0 27 240
7 78 45 62 6 3 0 0.00 M M 7.5 15 340 M M 5 8 25 340
8 63 31 47 -9 18 0 0.05 M M 14.1 29 150 M M 9 128 43 130
9 56 29 43 -13 22 0 T M M 2.6 12 130 M M 6 17 140
10 53 36 45 -10 20 0 0.00 M M 4.2 17 330 M M 8 13 24 330
11 60 38 49 -6 16 0 T M M 6.3 15 340 M M 5 23 340
12 72 34 53 -2 12 0 0.00 M M 6.0 13 330 M M 0 19 340
13 76 37 57 3 8 0 0.00 M M 6.3 15 360 M M 0 23 340
14 78 40 59 5 6 0 0.00 M M M M M M M M M M
15 76 41 59 5 6 0 0.00 M M M M M M M M M M
16 77 41 59 6 6 0 0.00 M M 5.7 13 220 M M 0 16 320
17 76 40 58 5 7 0 0.00 M M 5.0 16 340 M M 0 8 26 330
18 76 39 58 6 7 0 0.00 M M 4.7 12 220 M M 2 15 330
19 74 47 61 9 4 0 T M M 8.6 22 180 M M 2 37 150
20 74 45 60 8 5 0 T M M 5.6 15 360 M M 6 21 350
21 77 44 61 10 4 0 0.00 M M 6.9 16 340 M M 1 26 300
22 71 43 57 6 8 0 T M M 6.5 24 320 M M 3 3 37 320
23 74 41 58 7 7 0 0.00 M M 6.8 15 360 M M 2 23 360
24 79 41 60 10 5 0 0.00 M M 7.0 14 10 M M 0 22 10
25 79 45 62 12 3 0 0.00 M M 6.9 18 200 M M 0 29 190
26 76 42 59 9 6 0 0.00 M M 7.3 24 330 M M 0 39 340
27 63 33 48 -1 17 0 0.00 M M 8.8 21 330 M M 0 34 310
28 58 24 41 -8 24 0 0.00 M M 5.7 14 350 M M 0 22 350
29 73 26 50 2 15 0 0.00 M M 6.4 15 320 M M 0 22 330
30 74 34 54 6 11 0 0.00 M M 7.0 16 330 M M 0 22 330
================================================================================
SM 2205 1178 259 6 0.16 M 185.7 M 51
================================================================================
AV 73.5 39.3 6.6 FASTST M M 2 MAX(MPH)
MISC ----> # 29 150 # 43 130
================================================================================
NOTES:
# LAST OF SEVERAL OCCURRENCES
COLUMN 17 PEAK WIND IN M.P.H.
PRELIMINARY LOCAL CLIMATOLOGICAL DATA (WS FORM: F-6) , PAGE 2
STATION: ASPEN CO
MONTH: SEPTEMBER
YEAR: 2020
LATITUDE: 39 13 N
LONGITUDE: 106 52 W
[TEMPERATURE DATA] [PRECIPITATION DATA] SYMBOLS USED IN COLUMN 16
AVERAGE MONTHLY: 56.4 TOTAL FOR MONTH: 0.16 1 = FOG OR MIST
DPTR FM NORMAL: 3.1 DPTR FM NORMAL: -1.66 2 = FOG REDUCING VISIBILITY
HIGHEST: 88 ON 5 GRTST 24HR 0.11 ON 1- 1 TO 1/4 MILE OR LESS
LOWEST: 24 ON 28 3 = THUNDER
SNOW, ICE PELLETS, HAIL 4 = ICE PELLETS
TOTAL MONTH: M 5 = HAIL
GRTST 24HR M ON M 6 = FREEZING RAIN OR DRIZZLE
GRTST DEPTH: M ON M 7 = DUSTSTORM OR SANDSTORM:
VSBY 1/2 MILE OR LESS
8 = SMOKE OR HAZE
[NO. OF DAYS WITH] [WEATHER - DAYS WITH] 9 = BLOWING SNOW
X = TORNADO
MAX 32 OR BELOW: 0 0.01 INCH OR MORE: 2
MAX 90 OR ABOVE: 0 0.10 INCH OR MORE: 1
MIN 32 OR BELOW: 4 0.50 INCH OR MORE: 0
MIN 0 OR BELOW: 0 1.00 INCH OR MORE: 0
[HDD (BASE 65) ]
TOTAL THIS MO. 259 CLEAR (SCALE 0-3) 22
DPTR FM NORMAL -92 PTCLDY (SCALE 4-7) 5
TOTAL FM JUL 1 293 CLOUDY (SCALE 8-10) 1
DPTR FM NORMAL -254
[CDD (BASE 65) ]
TOTAL THIS MO. 6
DPTR FM NORMAL 6 [PRESSURE DATA]
TOTAL FM JAN 1 135 HIGHEST SLP 30.42 ON 29
DPTR FM NORMAL 96 LOWEST SLP 29.27 ON 8
[REMARKS]
#FINAL-09-20#