000
CXUS56 KPQR 011155
CF6AST
PRELIMINARY LOCAL CLIMATOLOGICAL DATA (WS FORM: F-6)
STATION: ASTORIA OR
MONTH: AUGUST
YEAR: 2022
LATITUDE: 46 9 N
LONGITUDE: 123 53 W
TEMPERATURE IN F: :PCPN: SNOW: WIND :SUNSHINE: SKY :PK WND
================================================================================
1 2 3 4 5 6A 6B 7 8 9 10 11 12 13 14 15 16 17 18
12Z AVG MX 2MIN
DY MAX MIN AVG DEP HDD CDD WTR SNW DPTH SPD SPD DIR MIN PSBL S-S WX SPD DR
================================================================================
1 68 57 63 1 2 0 0.00 M M 5.2 12 300 M M 10 1 18 270
2 71 56 64 2 1 0 0.00 M M 8.0 18 310 M M 5 22 320
3 67 53 60 -2 5 0 0.00 M M 5.8 13 250 M M 10 1 16 270
4 70 57 64 2 1 0 0.15 M M 8.7 18 320 M M 6 1 23 320
5 72 49 61 -1 4 0 0.00 M M 7.8 22 310 M M 0 27 310
6 82 49 66 4 0 1 0.00 M M 6.0 21 310 M M 1 12 26 320
7 88 53 71 9 0 6 0.00 M M 6.1 16 220 M M 1 22 220
8 65 55 60 -2 5 0 0.00 M M 8.1 18 230 M M 9 1 25 240
9 70 59 65 3 0 0 0.00 M M 4.4 13 250 M M 9 13 16 270
10 70 55 63 2 2 0 0.01 M M 7.9 22 220 M M 6 3 30 220
11 76 53 65 4 0 0 0.00 M M 5.2 15 260 M M 2 12 18 250
12 69 58 64 3 1 0 0.00 M M 8.0 18 220 M M 10 25 200
13 71 56 64 3 1 0 0.02 M M 6.1 13 190 M M 8 18 16 240
14 73 51 62 1 3 0 0.00 M M 6.7 17 330 M M 0 1 21 320
15 72 54 63 2 2 0 0.00 M M 6.0 14 280 M M 6 12 17 270
16 76 59 68 7 0 3 0.01 M M 7.1 20 320 M M 2 25 320
17 84 60 72 11 0 7 0.00 M M 5.3 14 290 M M 3 12 22 250
18 77 57 67 6 0 2 0.00 M M 5.7 15 240 M M 6 128 20 320
19 70 62 66 5 0 1 0.02 M M 8.0 17 230 M M 10 1 22 230
20 71 60 66 5 0 1 0.01 M M 5.8 13 260 M M 10 1 16 220
21 74 58 66 5 0 1 T M M 4.9 13 330 M M 5 1 16 350
22 75 58 67 6 0 2 0.00 M M 7.3 14 310 M M 5 17 310
23 69 61 65 4 0 0 0.00 M M 10.3 17 300 M M 9 1 21 310
24 74 59 67 6 0 2 0.00 M M 6.5 13 240 M M 7 1 15 250
25 67 60 64 3 1 0 0.00 M M 5.8 14 280 M M 10 18 16 280
26 70 60 65 4 0 0 0.03 M M 6.6 18 320 M M 10 1 22 320
27 68 59 64 3 1 0 T M M 8.3 16 320 M M 8 8 19 320
28 69 55 62 1 3 0 0.00 M M 10.1 20 320 M M 5 24 320
29 81 50 66 5 0 1 0.00 M M 5.3 17 320 M M 1 12 22 320
30 76 54 65 4 0 0 0.00 M M 6.3 15 240 M M 2 1 20 230
31 66 55 61 0 4 0 0.00 M M 7.5 21 230 M M 9 1 26 230
================================================================================
SM 2251 1742 36 27 0.25 M 210.8 M 185
================================================================================
AV 72.6 56.2 6.8 FASTST M M 6 MAX(MPH)
MISC ----> # 22 310 30 220
================================================================================
NOTES:
# LAST OF SEVERAL OCCURRENCES
COLUMN 17 PEAK WIND IN M.P.H.
PRELIMINARY LOCAL CLIMATOLOGICAL DATA (WS FORM: F-6) , PAGE 2
STATION: ASTORIA OR
MONTH: AUGUST
YEAR: 2022
LATITUDE: 46 9 N
LONGITUDE: 123 53 W
[TEMPERATURE DATA] [PRECIPITATION DATA] SYMBOLS USED IN COLUMN 16
AVERAGE MONTHLY: 64.4 TOTAL FOR MONTH: 0.25 1 = FOG OR MIST
DPTR FM NORMAL: 3.1 DPTR FM NORMAL: -0.87 2 = FOG REDUCING VISIBILITY
HIGHEST: 88 ON 7 GRTST 24HR 0.15 ON 4- 4 TO 1/4 MILE OR LESS
LOWEST: 49 ON 6, 5 3 = THUNDER
SNOW, ICE PELLETS, HAIL 4 = ICE PELLETS
TOTAL MONTH: M 5 = HAIL
GRTST 24HR M ON M 6 = FREEZING RAIN OR DRIZZLE
GRTST DEPTH: M ON M 7 = DUSTSTORM OR SANDSTORM:
VSBY 1/2 MILE OR LESS
8 = SMOKE OR HAZE
[NO. OF DAYS WITH] [WEATHER - DAYS WITH] 9 = BLOWING SNOW
X = TORNADO
MAX 32 OR BELOW: 0 0.01 INCH OR MORE: 7
MAX 90 OR ABOVE: 0 0.10 INCH OR MORE: 1
MIN 32 OR BELOW: 0 0.50 INCH OR MORE: 0
MIN 0 OR BELOW: 0 1.00 INCH OR MORE: 0
[HDD (BASE 65) ]
TOTAL THIS MO. 36 CLEAR (SCALE 0-3) 8
DPTR FM NORMAL -86 PTCLDY (SCALE 4-7) 11
TOTAL FM JUL 1 108 CLOUDY (SCALE 8-10) 12
DPTR FM NORMAL -156
[CDD (BASE 65) ]
TOTAL THIS MO. 27
DPTR FM NORMAL 20 [PRESSURE DATA]
TOTAL FM JAN 1 48 HIGHEST SLP 30.20 ON 13
DPTR FM NORMAL 32 LOWEST SLP 29.86 ON 17
[REMARKS]
#FINAL-08-22#