000
CXUS52 KFFC 011010
CF6ATL
PRELIMINARY LOCAL CLIMATOLOGICAL DATA (WS FORM: F-6)
STATION: ATLANTA
MONTH: JULY
YEAR: 2021
LATITUDE: 33 39 N
LONGITUDE: 84 26 W
TEMPERATURE IN F: :PCPN: SNOW: WIND :SUNSHINE: SKY :PK WND
================================================================================
1 2 3 4 5 6A 6B 7 8 9 10 11 12 13 14 15 16 17 18
12Z AVG MX 2MIN
DY MAX MIN AVG DEP HDD CDD WTR SNW DPTH SPD SPD DIR MIN PSBL S-S WX SPD DR
================================================================================
1 87 70 79 -1 0 14 T 0.0 M 6.3 13 210 M M 7 20 180
2 81 73 77 -3 0 12 0.77 0.0 0 7.0 15 310 M M 8 18 20 310
3 84 67 76 -4 0 11 0.00 0.0 M 6.9 14 300 M M 4 22 290
4 87 65 76 -4 0 11 0.00 0.0 0 3.5 9 350 M M 3 8 13 160
5 88 69 79 -1 0 14 0.00 0.0 M 5.5 12 120 M M 4 8 18 120
6 86 71 79 -2 0 14 0.11 0.0 0 7.8 21 180 M M 8 1 33 180
7 86 71 79 -2 0 14 0.17 0.0 M 6.2 16 130 M M 9 1 23 130
8 85 71 78 -3 0 13 0.03 0.0 M 6.7 16 280 M M 7 13 23 260
9 89 72 81 0 0 16 0.22 0.0 M 9.2 32 350 M M 6 138 42 350
10 88 71 80 -1 0 15 0.90 0.0 M 7.0 21 230 M M 6 38 32 230
11 86 71 79 -2 0 14 0.00 0.0 M 8.1 18 200 M M 8 18 26 190
12 83 69 76 -5 0 11 0.39 0.0 0 6.2 30 180 M M 7 13 41 180
13 84 69 77 -4 0 12 0.01 0.0 M 4.9 12 180 M M 7 1 16 170
14 88 71 80 -1 0 15 0.07 0.0 0 4.2 22 220 M M 6 1 32 210
15 90 72 81 0 0 16 0.00 0.0 M 5.4 16 330 M M 6 28 330
16 89 73 81 0 0 16 0.20 0.0 M 5.4 20 160 M M 7 3 35 150
17 88 71 80 -1 0 15 T 0.0 0 6.2 20 200 M M 7 3 27 200
18 85 73 79 -2 0 14 0.57 0.0 0 4.0 23 240 M M 8 1 34 240
19 83 72 78 -3 0 13 1.39 0.0 M 5.3 14 190 M M 9 13 19 200
20 83 71 77 -4 0 12 0.31 0.0 M 4.6 16 20 M M 10 13 18 20
21 88 72 80 -1 0 15 T 0.0 M 4.4 8 220 M M 8 M M
22 90 72 81 0 0 16 0.00 0.0 M 6.5 14 300 M M 6 8 20 320
23 91 74 83 2 0 18 0.32 0.0 M 3.7 16 20 M M 5 138 24 20
24 90 73 82 1 0 17 0.00 0.0 M 4.0 10 190 M M 4 18 16 180
25 90 75 83 2 0 18 0.00 0.0 M 4.4 12 190 M M 6 138 17 300
26 93 75 84 3 0 19 0.49 0.0 M 5.4 18 360 M M 6 13 26 10
27 91 74 83 2 0 18 T 0.0 0 5.1 20 80 M M 7 3 25 70
28 95 73 84 3 0 19 0.03 0.0 M 5.8 14 120 M M 5 13 23 110
29 94 77 86 5 0 21 0.00 0.0 M 5.5 12 290 M M 4 8 16 280
30 92 75 84 3 0 19 T 0.0 0 8.5 23 360 M M 8 38 31 10
31 93 75 84 3 0 19 0.00 0.0 M 8.0 15 320 M M 6 22 330
================================================================================
SM 2727 2227 0 471 5.98 0.0 181.7 M 202
================================================================================
AV 88.0 71.8 5.9 FASTST M M 7 MAX(MPH)
MISC ----> 32 350 42 350
================================================================================
NOTES:
# LAST OF SEVERAL OCCURRENCES
COLUMN 17 PEAK WIND IN M.P.H.
PRELIMINARY LOCAL CLIMATOLOGICAL DATA (WS FORM: F-6) , PAGE 2
STATION: ATLANTA
MONTH: JULY
YEAR: 2021
LATITUDE: 33 39 N
LONGITUDE: 84 26 W
[TEMPERATURE DATA] [PRECIPITATION DATA] SYMBOLS USED IN COLUMN 16
AVERAGE MONTHLY: 79.9 TOTAL FOR MONTH: 5.98 1 = FOG OR MIST
DPTR FM NORMAL: -1.0 DPTR FM NORMAL: 1.23 2 = FOG REDUCING VISIBILITY
HIGHEST: 95 ON 28 GRTST 24HR 1.65 ON 19-20 TO 1/4 MILE OR LESS
LOWEST: 65 ON 4 3 = THUNDER
SNOW, ICE PELLETS, HAIL 4 = ICE PELLETS
TOTAL MONTH: 0.0 INCH 5 = HAIL
GRTST 24HR 0.0 6 = FREEZING RAIN OR DRIZZLE
GRTST DEPTH: 0 7 = DUSTSTORM OR SANDSTORM:
VSBY 1/2 MILE OR LESS
8 = SMOKE OR HAZE
[NO. OF DAYS WITH] [WEATHER - DAYS WITH] 9 = BLOWING SNOW
X = TORNADO
MAX 32 OR BELOW: 0 0.01 INCH OR MORE: 16
MAX 90 OR ABOVE: 11 0.10 INCH OR MORE: 12
MIN 32 OR BELOW: 0 0.50 INCH OR MORE: 4
MIN 0 OR BELOW: 0 1.00 INCH OR MORE: 1
[HDD (BASE 65) ]
TOTAL THIS MO. 0 CLEAR (SCALE 0-3) 1
DPTR FM NORMAL 0 PTCLDY (SCALE 4-7) 26
TOTAL FM JUL 1 0 CLOUDY (SCALE 8-10) 4
DPTR FM NORMAL 0
[CDD (BASE 65) ]
TOTAL THIS MO. 471
DPTR FM NORMAL -23 [PRESSURE DATA]
TOTAL FM JAN 1 1126 HIGHEST SLP 30.29 ON 13
DPTR FM NORMAL -52 LOWEST SLP 29.82 ON 2
[REMARKS]
#FINAL-07-21#