000
CXUS52 KFFC 011110
CF6ATL
PRELIMINARY LOCAL CLIMATOLOGICAL DATA (WS FORM: F-6)
STATION: ATLANTA
MONTH: DECEMBER
YEAR: 2023
LATITUDE: 33 39 N
LONGITUDE: 84 26 W
TEMPERATURE IN F: :PCPN: SNOW: WIND :SUNSHINE: SKY :PK WND
================================================================================
1 2 3 4 5 6A 6B 7 8 9 10 11 12 13 14 15 16 17 18
12Z AVG MX 2MIN
DY MAX MIN AVG DEP HDD CDD WTR SNW DPTH SPD SPD DIR MIN PSBL S-S WX SPD DR
================================================================================
1 66 47 57 7 8 0 0.15 0.0 0 6.2 10 180 M M 10 1 16 170
2 67 58 63 13 2 0 T 0.0 M 5.6 12 180 M M 10 128 19 190
3 69 52 61 11 4 0 0.10 0.0 0 8.1 14 260 M M 9 1 21 220
4 69 45 57 8 8 0 0.00 0.0 M 9.1 22 290 M M 4 1 33 270
5 61 40 51 2 14 0 0.00 0.0 0 9.0 17 290 M M 3 24 280
6 54 39 47 -2 18 0 0.00 0.0 0 11.6 23 330 M M 3 32 10
7 59 32 46 -3 19 0 0.00 0.0 M 3.8 9 260 M M 3 8 16 270
8 63 37 50 1 15 0 0.00 0.0 0 4.2 10 230 M M 8 15 230
9 69 52 61 13 4 0 0.28 0.0 0 4.8 10 200 M M 9 1 16 210
10 65 38 52 4 13 0 1.16 0.0 0 12.3 29 320 M M 9 13 41 320
11 51 33 42 -6 23 0 0.00 0.0 0 11.1 20 310 M M 1 27 310
12 56 33 45 -3 20 0 0.00 0.0 0 5.4 12 70 M M 3 17 40
13 59 35 47 -1 18 0 0.00 0.0 0 3.8 9 40 M M 6 15 10
14 59 42 51 3 14 0 0.00 0.0 0 10.1 22 80 M M 4 28 70
15 60 35 48 1 17 0 0.00 0.0 M 8.6 15 80 M M 3 22 90
16 58 41 50 3 15 0 T 0.0 0 12.1 20 90 M M 9 1 28 30
17 54 48 51 4 14 0 0.01 0.0 0 13.7 22 310 M M 10 1 32 320
18 58 37 48 1 17 0 0.00 0.0 0 18.0 28 340 M M 3 42 350
19 47 29 38 -9 27 0 0.00 0.0 0 8.4 25 330 M M 1 35 320
20 53 29 41 -5 24 0 0.00 0.0 0 3.8 9 130 M M 6 12 90
21 57 32 45 -1 20 0 0.00 0.0 0 1.7 6 100 M M 8 11 40
22 58 40 49 3 16 0 0.00 0.0 0 2.8 8 140 M M 8 11 190
23 67 44 56 10 9 0 0.00 0.0 0 4.0 9 110 M M 6 15 180
24 65 46 56 10 9 0 0.01 0.0 0 9.3 16 110 M M 8 1 24 120
25 63 57 60 14 5 0 1.70 0.0 0 11.2 22 120 M M 10 1 33 120
26 63 53 58 12 7 0 0.27 0.0 M 7.5 15 150 M M 10 1 21 170
27 58 47 53 7 12 0 T M M 7.7 14 290 M M 8 1 18 290
28 56 39 48 2 17 0 0.00 0.0 0 8.1 18 320 M M 5 24 300
29 45 34 40 -5 25 0 T M M 9.3 20 260 M M 8 30 230
30 49 34 42 -3 23 0 0.00 0.0 M 8.5 15 300 M M 6 22 300
31 57 31 44 -1 21 0 0.00 0.0 0 6.2 15 230 M M 2 21 220
================================================================================
SM 1835 1259 458 0 3.68 0.0 246.0 M 193
================================================================================
AV 59.2 40.6 7.9 FASTST M M 6 MAX(MPH)
MISC ----> 29 320 42 350
================================================================================
NOTES:
# LAST OF SEVERAL OCCURRENCES
COLUMN 17 PEAK WIND IN M.P.H.
PRELIMINARY LOCAL CLIMATOLOGICAL DATA (WS FORM: F-6) , PAGE 2
STATION: ATLANTA
MONTH: DECEMBER
YEAR: 2023
LATITUDE: 33 39 N
LONGITUDE: 84 26 W
[TEMPERATURE DATA] [PRECIPITATION DATA] SYMBOLS USED IN COLUMN 16
AVERAGE MONTHLY: 49.9 TOTAL FOR MONTH: 3.68 1 = FOG OR MIST
DPTR FM NORMAL: 2.6 DPTR FM NORMAL: -0.89 2 = FOG REDUCING VISIBILITY
HIGHEST: 69 ON 9, 4 GRTST 24HR 1.84 ON 25-26 TO 1/4 MILE OR LESS
LOWEST: 29 ON 20,19 3 = THUNDER
SNOW, ICE PELLETS, HAIL 4 = ICE PELLETS
TOTAL MONTH: 0.0 INCH 5 = HAIL
GRTST 24HR 0.0 6 = FREEZING RAIN OR DRIZZLE
GRTST DEPTH: 0 7 = DUSTSTORM OR SANDSTORM:
VSBY 1/2 MILE OR LESS
8 = SMOKE OR HAZE
[NO. OF DAYS WITH] [WEATHER - DAYS WITH] 9 = BLOWING SNOW
X = TORNADO
MAX 32 OR BELOW: 0 0.01 INCH OR MORE: 8
MAX 90 OR ABOVE: 0 0.10 INCH OR MORE: 6
MIN 32 OR BELOW: 5 0.50 INCH OR MORE: 2
MIN 0 OR BELOW: 0 1.00 INCH OR MORE: 2
[HDD (BASE 65) ]
TOTAL THIS MO. 458 CLEAR (SCALE 0-3) 8
DPTR FM NORMAL -92 PTCLDY (SCALE 4-7) 13
TOTAL FM JUL 1 797 CLOUDY (SCALE 8-10) 10
DPTR FM NORMAL -194
[CDD (BASE 65) ]
TOTAL THIS MO. 0
DPTR FM NORMAL -2 [PRESSURE DATA]
TOTAL FM JAN 1 2221 HIGHEST SLP 30.68 ON 14
DPTR FM NORMAL 171 LOWEST SLP 29.73 ON 17
[REMARKS]
#FINAL-12-23#