000
CXUS54 KMAF 011210
CF6ATS
PRELIMINARY LOCAL CLIMATOLOGICAL DATA (WS FORM: F-6)
STATION: ARTESIA
MONTH: JANUARY
YEAR: 2023
LATITUDE: 32 54 N
LONGITUDE: 104 30 W
TEMPERATURE IN F: :PCPN: SNOW: WIND :SUNSHINE: SKY :PK WND
================================================================================
1 2 3 4 5 6A 6B 7 8 9 10 11 12 13 14 15 16 17 18
12Z AVG MX 2MIN
DY MAX MIN AVG DEP HDD CDD WTR SNW DPTH SPD SPD DIR MIN PSBL S-S WX SPD DR
================================================================================
1 70 50 60 M 5 0 0.00 M M 14.5 27 250 M M 0 37 250
2 59 37 48 M 17 0 0.00 M M 14.6 29 290 M M 1 37 240
3 59 36 48 M 17 0 0.00 M M 10.2 23 290 M M 1 29 250
4 63 30 47 M 18 0 0.00 M M 6.9 14 270 M M 0 21 340
5 64 32 48 M 17 0 0.00 M M 9.0 21 170 M M 0 22 140
6 75 32 54 M 11 0 0.00 M M 11.2 28 240 M M 0 35 240
7 54 32 43 M 22 0 0.00 M M 6.7 12 280 M M 0 M M
8 63 25 44 M 21 0 0.00 M M 8.5 20 160 M M 0 26 160
9 70 30 50 M 15 0 0.00 M M 7.6 16 240 M M 0 13 280
10 75 41 58 M 7 0 0.00 M M 11.2 30 250 M M 0 36 250
11 70 43 57 M 8 0 0.00 M M 17.0 38 270 M M 0 48 270
12 55 34 45 M 20 0 0.00 M M 7.2 17 360 M M 0 18 360
13 64 25 45 M 20 0 0.00 M M 5.3 13 150 M M 0 M M
14 75 32 54 M 11 0 0.00 M M 12.3 29 230 M M 0 36 230
15 68 45 57 M 8 0 0.00 M M 18.4 45 240 M M 0 58 240
16 64 45 55 M 10 0 0.00 M M 18.9 32 230 M M 1 39 230
17 63 41 52 M 13 0 0.00 M M 13.9 30 220 M M 1 38 220
18 55 36 46 M 19 0 0.00 M M 15.2 33 260 M M 0 44 260
19 54 27 41 M 24 0 0.00 M M 7.0 17 150 M M 0 22 130
20 63 25 44 M 21 0 0.00 M M 8.2 14 260 M M 0 21 250
21 52 25 39 M 26 0 0.00 M M 4.7 12 290 M M 1 16 260
22 54 19 37 M 28 0 0.00 M M 7.1 14 140 M M 0 16 130
23 50 28 39 M 26 0 0.34 M M 9.2 22 60 M M 4 33 60
24 45 32 39 M 26 0 0.12 M M 9.1 16 350 M M 7 M M
25 46 28 37 M 28 0 0.00 M M 5.5 14 20 M M 2 1 20 20
26 43 25 34 M 31 0 0.00 M M 6.3 13 180 M M 0 16 210
27 55 25 40 M 25 0 0.00 M M 6.0 15 210 M M 0 16 220
28 66 28 47 M 18 0 0.00 M M 9.0 29 240 M M 0 37 240
29 63 30 47 M 18 0 0.00 M M 7.9 18 130 M M 0 23 130
30 32 28 30 M 35 0 0.00 M M 8.9 14 160 M M 9 1 16 160
31 30 25 28 M 37 0 0.00 M M 7.0 10 180 M M 10 1 13 99
================================================================================
SM 1819 991 602 0 0.46 M 304.4 M 37
================================================================================
AV 58.7 32.0 9.8 FASTST M M 1 MAX(MPH)
MISC ----> 45 240 58 240
================================================================================
NOTES:
# LAST OF SEVERAL OCCURRENCES
COLUMN 17 PEAK WIND IN M.P.H.
PRELIMINARY LOCAL CLIMATOLOGICAL DATA (WS FORM: F-6) , PAGE 2
STATION: ARTESIA
MONTH: JANUARY
YEAR: 2023
LATITUDE: 32 54 N
LONGITUDE: 104 30 W
[TEMPERATURE DATA] [PRECIPITATION DATA] SYMBOLS USED IN COLUMN 16
AVERAGE MONTHLY: 45.3 TOTAL FOR MONTH: 0.46 1 = FOG OR MIST
DPTR FM NORMAL: 0.0 DPTR FM NORMAL: M 2 = FOG REDUCING VISIBILITY
HIGHEST: 75 ON 14,10 GRTST 24HR 0.34 ON 23-23 TO 1/4 MILE OR LESS
LOWEST: 19 ON 22 3 = THUNDER
SNOW, ICE PELLETS, HAIL 4 = ICE PELLETS
TOTAL MONTH: M 5 = HAIL
GRTST 24HR M ON M 6 = FREEZING RAIN OR DRIZZLE
GRTST DEPTH: M ON M 7 = DUSTSTORM OR SANDSTORM:
VSBY 1/2 MILE OR LESS
8 = SMOKE OR HAZE
[NO. OF DAYS WITH] [WEATHER - DAYS WITH] 9 = BLOWING SNOW
X = TORNADO
MAX 32 OR BELOW: 2 0.01 INCH OR MORE: 2
MAX 90 OR ABOVE: 0 0.10 INCH OR MORE: 2
MIN 32 OR BELOW: 21 0.50 INCH OR MORE: 0
MIN 0 OR BELOW: 0 1.00 INCH OR MORE: 0
[HDD (BASE 65) ]
TOTAL THIS MO. 602 CLEAR (SCALE 0-3) 27
DPTR FM NORMAL M PTCLDY (SCALE 4-7) 2
TOTAL FM JUL 1 1880 CLOUDY (SCALE 8-10) 2
DPTR FM NORMAL M
[CDD (BASE 65) ]
TOTAL THIS MO. 0
DPTR FM NORMAL M [PRESSURE DATA]
TOTAL FM JAN 1 0 HIGHEST SLP M ON M
DPTR FM NORMAL M LOWEST SLP M ON M
[REMARKS]
#FINAL-01-23#