000
CXUS54 KMAF 251110
CF6ATS
PRELIMINARY LOCAL CLIMATOLOGICAL DATA (WS FORM: F-6)
STATION: ARTESIA
MONTH: APRIL
YEAR: 2024
LATITUDE: 32 54 N
LONGITUDE: 104 30 W
TEMPERATURE IN F: :PCPN: SNOW: WIND :SUNSHINE: SKY :PK WND
================================================================================
1 2 3 4 5 6A 6B 7 8 9 10 11 12 13 14 15 16 17 18
12Z AVG MX 2MIN
DY MAX MIN AVG DEP HDD CDD WTR SNW DPTH SPD SPD DIR MIN PSBL S-S WX SPD DR
================================================================================
1 70 48 59 M 6 0 0.00 M M 20.2 44 230 M M 0 8 52 230
2 63 41 52 M 13 0 0.00 M M 11.2 17 350 M M 3 21 360
3 75 37 56 M 9 0 0.00 M M 5.5 14 230 M M 0 17 10
4 82 45 64 M 1 0 0.00 M M 8.8 16 240 M M 0 28 170
5 86 43 65 M 0 0 0.00 M M 12.0 23 220 M M 0 33 170
6 70 45 58 M 7 0 0.00 M M 23.5 43 250 M M 0 8 56 250
7 75 36 56 M 9 0 0.00 M M 9.4 21 240 M M 0 29 240
8 75 43 59 M 6 0 0.00 M M 7.3 16 140 M M 0 22 140
9 59 39 49 M 16 0 0.00 M M 16.4 26 350 M M 6 33 350
10 68 32 50 M 15 0 0.00 M M 5.5 14 20 M M 0 20 20
11 79 39 59 M 6 0 0.00 M M 11.7 23 140 M M 0 36 140
12 84 43 64 M 1 0 0.00 M M 12.9 30 160 M M 0 38 160
13 88 46 67 M 0 2 0.00 M M 12.9 31 220 M M 0 37 220
14 90 55 73 M 0 8 0.00 M M 13.0 25 230 M M 0 32 210
15 86 57 72 M 0 7 0.00 M M 22.1 44 240 M M 0 8 52 240
16 84 48 66 M 0 1 0.00 M M 7.8 15 270 M M 0 20 130
17 90 50 70 M 0 5 0.00 M M 11.5 26 220 M M 0 35 220
18 84 55 70 M 0 5 0.00 M M 10.6 16 100 M M 0 25 50
19 70 48 59 M 6 0 0.00 M M 9.6 17 150 M M 1 23 130
20 59 46 53 M 12 0 0.01 M M 8.4 15 110 M M 7 1 21 90
21 57 45 51 M 14 0 0.00 M M 8.1 15 160 M M 10 1 15 130
22 82 45 64 M 1 0 0.00 M M 16.5 25 150 M M 1 35 150
23 93 52 73 M 0 8 0.00 M M 11.4 24 230 M M 0 29 220
24 88 59 74 M 0 9 0.00 M M 10.8 20 340 M M 0 23 340
================================================================================
SM 1857 1097 122 45 0.01 M 287.2 M 28
================================================================================
AV 77.4 45.7 12.0 FASTST M M 1 MAX(MPH)
MISC ----> # 44 230 56 250
================================================================================
NOTES:
# LAST OF SEVERAL OCCURRENCES
COLUMN 17 PEAK WIND IN M.P.H.
PRELIMINARY LOCAL CLIMATOLOGICAL DATA (WS FORM: F-6) , PAGE 2
STATION: ARTESIA
MONTH: APRIL
YEAR: 2024
LATITUDE: 32 54 N
LONGITUDE: 104 30 W
[TEMPERATURE DATA] [PRECIPITATION DATA] SYMBOLS USED IN COLUMN 16
AVERAGE MONTHLY: 61.5 TOTAL FOR MONTH: 0.01 1 = FOG OR MIST
DPTR FM NORMAL: 0.0 DPTR FM NORMAL: 0.01 2 = FOG REDUCING VISIBILITY
HIGHEST: 93 ON 23 GRTST 24HR 0.01 ON 20-20 TO 1/4 MILE OR LESS
LOWEST: 32 ON 10 3 = THUNDER
SNOW, ICE PELLETS, HAIL 4 = ICE PELLETS
TOTAL MONTH: M 5 = HAIL
GRTST 24HR M ON M 6 = FREEZING RAIN OR DRIZZLE
GRTST DEPTH: M ON M 7 = DUSTSTORM OR SANDSTORM:
VSBY 1/2 MILE OR LESS
8 = SMOKE OR HAZE
[NO. OF DAYS WITH] [WEATHER - DAYS WITH] 9 = BLOWING SNOW
X = TORNADO
MAX 32 OR BELOW: 0 0.01 INCH OR MORE: 1
MAX 90 OR ABOVE: 3 0.10 INCH OR MORE: 0
MIN 32 OR BELOW: 1 0.50 INCH OR MORE: 0
MIN 0 OR BELOW: 0 1.00 INCH OR MORE: 0
[HDD (BASE 65) ]
TOTAL THIS MO. 122 CLEAR (SCALE 0-3) 21
DPTR FM NORMAL M PTCLDY (SCALE 4-7) 2
TOTAL FM JUL 1 2550 CLOUDY (SCALE 8-10) 1
DPTR FM NORMAL M
[CDD (BASE 65) ]
TOTAL THIS MO. 45
DPTR FM NORMAL M [PRESSURE DATA]
TOTAL FM JAN 1 62 HIGHEST SLP M ON M
DPTR FM NORMAL M LOWEST SLP M ON M
[REMARKS]