000
CXUS54 KEWX 031220
CF6ATT
PRELIMINARY LOCAL CLIMATOLOGICAL DATA (WS FORM: F-6)
STATION: AUSTIN CAMP MABRY
MONTH: FEBRUARY
YEAR: 2021
LATITUDE: 30 17 N
LONGITUDE: 97 42 W
TEMPERATURE IN F: :PCPN: SNOW: WIND :SUNSHINE: SKY :PK WND
================================================================================
1 2 3 4 5 6A 6B 7 8 9 10 11 12 13 14 15 16 17 18
12Z AVG MX 2MIN
DY MAX MIN AVG DEP HDD CDD WTR SNW DPTH SPD SPD DIR MIN PSBL S-S WX SPD DR
================================================================================
1 67 41 54 1 11 0 0.00 0.0 0 3.9 14 20 M M 0 24 360
2 69 40 55 2 10 0 0.00 0.0 0 2.5 10 160 M M 0 19 160
3 77 45 61 8 4 0 0.00 0.0 0 5.4 13 170 M M 1 26 190
4 85 55 70 17 0 5 0.00 0.0 0 9.1 18 360 M M 5 30 10
5 61 44 53 0 12 0 0.06 0.0 0 5.7 13 120 M M 5 3 25 40
6 75 48 62 9 3 0 0.00 0.0 0 4.9 17 350 M M 5 18 34 330
7 70 40 55 1 10 0 0.00 0.0 0 5.4 13 160 M M 0 27 210
8 76 51 64 10 1 0 0.00 0.0 0 3.6 13 230 M M 6 128 23 230
9 64 46 55 1 10 0 T 0.0 0 4.1 9 30 M M 9 1 17 30
10 46 37 42 -12 23 0 0.04 0.0 0 7.1 13 10 M M 10 18 22 10
11 37 31 34 -20 31 0 0.45 0.0 0 8.5 15 360 M M 10 136 30 340
12 33 29 31 -23 34 0 T 0.0 0 5.5 14 360 M M 9 16 23 10
13 31 26 29 -26 36 0 T 0.0 0 7.9 13 10 M M 10 168 25 10
14 30 13 22 -33 43 0 0.20 1.0 0 9.4 17 350 M M 10 1468 30 10
15 25 8 17 -38 48 0 0.52 5.4 6 8.5 17 340 M M 5 12 32 330
16 26 7 17 -38 48 0 0.02 0.0 5 2.9 9 10 M M 4 168 15 100
17 32 24 28 -27 37 0 0.54 T 4 2.8 8 140 M M 10 146 M M
18 33 24 29 -27 36 0 0.01 T 4 4.9 16 360 M M 8 1 25 360
19 43 21 32 -24 33 0 0.00 0.0 2 2.4 8 320 M M 1 1 14 330
20 62 26 44 -12 21 0 0.00 0.0 2 5.1 16 150 M M 0 18 25 170
21 76 44 60 4 5 0 0.00 0.0 0 4.3 15 210 M M 4 1 32 200
22 76 42 59 3 6 0 0.00 0.0 0 2.0 9 140 M M 0 15 140
23 79 47 63 6 2 0 0.00 0.0 0 5.2 15 210 M M 0 31 190
24 86 64 75 18 0 10 0.00 0.0 0 5.2 12 230 M M 7 23 220
25 66 51 59 2 6 0 0.04 0.0 0 5.6 13 20 M M 10 1 20 40
26 60 47 54 -3 11 0 0.02 0.0 0 1.7 9 340 M M 10 1 18 340
27 79 58 69 11 0 4 0.01 0.0 0 4.3 15 180 M M 8 12 29 160
28 74 58 66 8 0 1 T 0.0 0 5.8 14 10 M M 9 8 25 30
================================================================================
SM 1638 1067 481 20 1.91 6.4 143.7 M 156
================================================================================
AV 58.5 38.1 5.1 FASTST M M 6 MAX(MPH)
MISC ----> 18 360 34 330
================================================================================
NOTES:
# LAST OF SEVERAL OCCURRENCES
COLUMN 17 PEAK WIND IN M.P.H.
PRELIMINARY LOCAL CLIMATOLOGICAL DATA (WS FORM: F-6) , PAGE 2
STATION: AUSTIN CAMP MABRY
MONTH: FEBRUARY
YEAR: 2021
LATITUDE: 30 17 N
LONGITUDE: 97 42 W
[TEMPERATURE DATA] [PRECIPITATION DATA] SYMBOLS USED IN COLUMN 16
AVERAGE MONTHLY: 48.3 TOTAL FOR MONTH: 1.91 1 = FOG OR MIST
DPTR FM NORMAL: -6.7 DPTR FM NORMAL: -0.11 2 = FOG REDUCING VISIBILITY
HIGHEST: 86 ON 24 GRTST 24HR 0.72 ON 14-15 TO 1/4 MILE OR LESS
LOWEST: 7 ON 16 3 = THUNDER
SNOW, ICE PELLETS, HAIL 4 = ICE PELLETS
TOTAL MONTH: 6.4 INCHES 5 = HAIL
GRTST 24HR 5.4 ON 15-15 6 = FREEZING RAIN OR DRIZZLE
GRTST DEPTH: 6 ON 15 7 = DUSTSTORM OR SANDSTORM:
VSBY 1/2 MILE OR LESS
8 = SMOKE OR HAZE
[NO. OF DAYS WITH] [WEATHER - DAYS WITH] 9 = BLOWING SNOW
X = TORNADO
MAX 32 OR BELOW: 5 0.01 INCH OR MORE: 11
MAX 90 OR ABOVE: 0 0.10 INCH OR MORE: 4
MIN 32 OR BELOW: 10 0.50 INCH OR MORE: 2
MIN 0 OR BELOW: 0 1.00 INCH OR MORE: 0
[HDD (BASE 65) ]
TOTAL THIS MO. 481 CLEAR (SCALE 0-3) 8
DPTR FM NORMAL 184 PTCLDY (SCALE 4-7) 10
TOTAL FM JUL 1 1288 CLOUDY (SCALE 8-10) 10
DPTR FM NORMAL -50
[CDD (BASE 65) ]
TOTAL THIS MO. 20
DPTR FM NORMAL 2 [PRESSURE DATA]
TOTAL FM JAN 1 23 HIGHEST SLP 30.62 ON 19
DPTR FM NORMAL -9 LOWEST SLP 29.73 ON 4
[REMARKS]
DUE TO THE WINTER WEATHER IMPACTS, ATT ASOS SUFFERED DATA LOSS
BETWEEN 10Z 2/17 AND 16Z 2/18. DATA WERE FILLED BY THE OFFICIAL
BACKUP OBSERVER, COOPERATIVE OBSERVER AGHT2 IN COLLABORATION WITH
LCRA. BACKUP OBSERVER NOTES HIGH CONFIDENCE IN THE POSTED DATA
DURING THAT TIME.
#FINAL-02-21#