000
CXUS53 KGRB 171620
CF6ATW
PRELIMINARY LOCAL CLIMATOLOGICAL DATA (WS FORM: F-6)
STATION: APPLETON WI
MONTH: FEBRUARY
YEAR: 2022
LATITUDE: 44 16 N
LONGITUDE: 88 31 W
TEMPERATURE IN F: :PCPN: SNOW: WIND :SUNSHINE: SKY :PK WND
================================================================================
1 2 3 4 5 6A 6B 7 8 9 10 11 12 13 14 15 16 17 18
12Z AVG MX 2MIN
DY MAX MIN AVG DEP HDD CDD WTR SNW DPTH SPD SPD DIR MIN PSBL S-S WX SPD DR
================================================================================
1 41 19 30 12 35 0 M M M 15.7 22 190 M M 5 30 250
2 18 9 14 -4 51 0 M M M 11.8 18 290 M M 6 22 290
3 12 0 6 -12 59 0 M M M 10.5 15 350 M M 3 20 360
4 12 0 6 -12 59 0 M M M 4.7 10 320 M M 8 M M
5 18 -2 8 -10 57 0 M M M 10.9 18 190 M M 5 25 190
6 32 16 24 5 41 0 M M M 8.5 16 200 M M 8 16 23 200
7 25 14 20 1 45 0 M M M 8.4 13 300 M M 7 M M
8 37 16 27 8 38 0 M M M 8.5 14 210 M M 5 M M
9 37 27 32 13 33 0 M M M 12.7 18 260 M M 9 28 260
10 28 21 25 6 40 0 0.02 M M 13.6 21 180 M M 10 28 180
11 39 10 25 5 40 0 M M M 15.2 22 350 M M 10 31 350
12 10 3 7 -13 58 0 M M M 8.7 21 330 M M 4 24 330
13 16 1 9 -11 56 0 M M M 5.8 10 20 M M 6 M M
14 19 7 13 -7 52 0 M M M 4.2 10 260 M M 7 M M
15 30 5 18 -3 47 0 M M M 9.8 18 140 M M 5 26 130
16 45 30 38 17 27 0 M M M 11.5 17 210 M M 6 24 210
17 30 9 20 -1 45 0 M M M 11.8 17 330 M M 7 23 330
18 32 0 16 -5 49 0 M M M 16.1 36 280 M M 6 8 46 290
19 18 0 9 -13 56 0 M M M 17.4 25 280 M M 2 40 290
20 50 18 34 12 31 0 M M M 16.7 25 230 M M 3 32 230
21 28 18 23 1 42 0 M M M 17.9 22 40 M M 9 1 31 40
22 19 12 16 -7 49 0 M M M 14.1 20 30 M M 10 28 30
23 19 7 13 -10 52 0 M M M 7.9 20 320 M M 3 24 320
24 21 12 17 -6 48 0 M M M 9.8 16 30 M M 10 8 23 30
25 23 10 17 -7 48 0 M M M 8.7 17 360 M M 7 21 360
26 32 9 21 -3 44 0 M M M 13.1 17 240 M M 0 28 240
27 34 21 28 4 37 0 M M M 9.9 16 310 M M 5 22 320
28 41 21 31 6 34 0 M M M 7.9 17 150 M M 6 M M
================================================================================
SM 766 313 1273 0 0.02 M 311.7 M 172
================================================================================
AV 27.4 11.2 11.1 FASTST M M 6 MAX(MPH)
MISC ----> 36 280 46 290
================================================================================
NOTES:
# LAST OF SEVERAL OCCURRENCES
COLUMN 17 PEAK WIND IN M.P.H.
PRELIMINARY LOCAL CLIMATOLOGICAL DATA (WS FORM: F-6) , PAGE 2
STATION: APPLETON WI
MONTH: FEBRUARY
YEAR: 2022
LATITUDE: 44 16 N
LONGITUDE: 88 31 W
[TEMPERATURE DATA] [PRECIPITATION DATA] SYMBOLS USED IN COLUMN 16
AVERAGE MONTHLY: 19.3 TOTAL FOR MONTH: 0.02 1 = FOG OR MIST
DPTR FM NORMAL: -1.5 DPTR FM NORMAL: -1.05 2 = FOG REDUCING VISIBILITY
HIGHEST: 50 ON 20 GRTST 24HR 0.02 ON 10-10 TO 1/4 MILE OR LESS
LOWEST: -2 ON 5 3 = THUNDER
SNOW, ICE PELLETS, HAIL 4 = ICE PELLETS
TOTAL MONTH: M 5 = HAIL
GRTST 24HR M ON M 6 = FREEZING RAIN OR DRIZZLE
GRTST DEPTH: M ON M 7 = DUSTSTORM OR SANDSTORM:
VSBY 1/2 MILE OR LESS
8 = SMOKE OR HAZE
[NO. OF DAYS WITH] [WEATHER - DAYS WITH] 9 = BLOWING SNOW
X = TORNADO
MAX 32 OR BELOW: 20 0.01 INCH OR MORE: 1
MAX 90 OR ABOVE: 0 0.10 INCH OR MORE: 0
MIN 32 OR BELOW: 28 0.50 INCH OR MORE: 0
MIN 0 OR BELOW: 5 1.00 INCH OR MORE: 0
[HDD (BASE 65) ]
TOTAL THIS MO. 1273 CLEAR (SCALE 0-3) 4
DPTR FM NORMAL 34 PTCLDY (SCALE 4-7) 17
TOTAL FM JUL 1 5303 CLOUDY (SCALE 8-10) 7
DPTR FM NORMAL -360
[CDD (BASE 65) ]
TOTAL THIS MO. 0
DPTR FM NORMAL 0 [PRESSURE DATA]
TOTAL FM JAN 1 0 HIGHEST SLP M ON M
DPTR FM NORMAL 0 LOWEST SLP M ON M
[REMARKS]
#FINAL-02-22#