000
CXUS55 KABR 011100
CF6ATY
PRELIMINARY LOCAL CLIMATOLOGICAL DATA (WS FORM: F-6)
STATION: WATERTOWN SD
MONTH: JUNE
YEAR: 2021
LATITUDE: 44 55 N
LONGITUDE: 97 9 W
TEMPERATURE IN F: :PCPN: SNOW: WIND :SUNSHINE: SKY :PK WND
================================================================================
1 2 3 4 5 6A 6B 7 8 9 10 11 12 13 14 15 16 17 18
12Z AVG MX 2MIN
DY MAX MIN AVG DEP HDD CDD WTR SNW DPTH SPD SPD DIR MIN PSBL S-S WX SPD DR
================================================================================
1 81 44 63 1 2 0 0.01 0.0 0 5.8 29 260 M M 3 39 260
2 84 60 72 10 0 7 0.00 0.0 0 11.0 21 240 M M 2 28 240
3 89 59 74 12 0 9 0.00 0.0 0 8.1 15 270 M M 0 20 280
4 95 60 78 15 0 13 0.00 0.0 0 8.6 18 230 M M 0 26 230
5 99 67 83 20 0 18 0.00 0.0 0 10.9 21 190 M M 0 29 200
6 94 65 80 16 0 15 0.00 0.0 0 18.4 35 200 M M 0 48 200
7 95 59 77 13 0 12 0.00 0.0 0 10.8 20 200 M M 1 29 100
8 93 69 81 17 0 16 0.00 0.0 0 9.4 18 170 M M 1 28 190
9 92 68 80 16 0 15 T 0.0 0 9.2 20 240 M M 1 3 28 260
10 96 69 83 18 0 18 0.00 0.0 0 10.3 20 160 M M 0 26 170
11 82 60 71 6 0 6 0.46 0.0 0 12.9 41 270 M M 3 13 57 290
12 83 52 68 3 0 3 0.00 0.0 0 4.2 14 260 M M 0 19 260
13 89 62 76 10 0 11 0.00 0.0 0 11.1 24 220 M M 0 32 230
14 87 58 73 7 0 8 0.00 0.0 0 4.7 14 40 M M 1 18 50
15 85 54 70 4 0 5 0.00 0.0 0 6.5 15 70 M M 0 21 90
16 93 66 80 14 0 15 0.00 0.0 0 12.5 26 160 M M 0 36 180
17 85 62 74 7 0 9 0.00 0.0 0 9.4 22 40 M M 0 30 80
18 88 53 71 4 0 6 0.00 0.0 0 6.5 20 350 M M 0 27 360
19 79 49 64 -3 1 0 0.00 0.0 0 3.8 13 210 M M 1 18 260
20 70 52 61 -7 4 0 0.02 0.0 0 14.0 35 350 M M 6 48 350
21 68 43 56 -12 9 0 0.00 0.0 0 8.8 21 340 M M 3 30 340
22 80 47 64 -4 1 0 0.00 0.0 0 5.1 12 300 M M 0 16 300
23 94 57 76 8 0 11 0.00 0.0 0 10.4 20 190 M M 0 29 210
24 85 64 75 7 0 10 0.00 0.0 0 7.9 16 40 M M 0 23 30
25 84 56 70 1 0 5 0.00 0.0 0 5.3 15 40 M M 1 21 30
26 75 62 69 0 0 4 0.16 0.0 0 6.1 17 360 M M 6 1 21 20
27 81 57 69 0 0 4 0.00 0.0 0 4.5 13 290 M M 3 123 18 310
28 82 58 70 1 0 5 0.00 0.0 0 3.9 17 30 M M 5 13 24 50
29 84 54 69 -1 0 4 0.00 0.0 0 5.0 12 20 M M 3 12 16 330
30 86 56 71 1 0 6 0.00 0.0 0 4.1 10 20 M M 2 14 50
================================================================================
SM 2578 1742 17 235 0.65 0.0 249.2 M 42
================================================================================
AV 85.9 58.1 8.3 FASTST M M 1 MAX(MPH)
MISC ----> 41 270 57 290
================================================================================
NOTES:
# LAST OF SEVERAL OCCURRENCES
COLUMN 17 PEAK WIND IN M.P.H.
PRELIMINARY LOCAL CLIMATOLOGICAL DATA (WS FORM: F-6) , PAGE 2
STATION: WATERTOWN SD
MONTH: JUNE
YEAR: 2021
LATITUDE: 44 55 N
LONGITUDE: 97 9 W
[TEMPERATURE DATA] [PRECIPITATION DATA] SYMBOLS USED IN COLUMN 16
AVERAGE MONTHLY: 72.0 TOTAL FOR MONTH: 0.65 1 = FOG OR MIST
DPTR FM NORMAL: 5.9 DPTR FM NORMAL: -3.20 2 = FOG REDUCING VISIBILITY
HIGHEST: 99 ON 5 GRTST 24HR 0.46 ON 11-11 TO 1/4 MILE OR LESS
LOWEST: 43 ON 21 3 = THUNDER
SNOW, ICE PELLETS, HAIL 4 = ICE PELLETS
TOTAL MONTH: 0.0 INCH 5 = HAIL
GRTST 24HR 0.0 6 = FREEZING RAIN OR DRIZZLE
GRTST DEPTH: 0 7 = DUSTSTORM OR SANDSTORM:
VSBY 1/2 MILE OR LESS
8 = SMOKE OR HAZE
[NO. OF DAYS WITH] [WEATHER - DAYS WITH] 9 = BLOWING SNOW
X = TORNADO
MAX 32 OR BELOW: 0 0.01 INCH OR MORE: 4
MAX 90 OR ABOVE: 9 0.10 INCH OR MORE: 2
MIN 32 OR BELOW: 0 0.50 INCH OR MORE: 0
MIN 0 OR BELOW: 0 1.00 INCH OR MORE: 0
[HDD (BASE 65) ]
TOTAL THIS MO. 17 CLEAR (SCALE 0-3) 26
DPTR FM NORMAL -52 PTCLDY (SCALE 4-7) 4
TOTAL FM JUL 1 7883 CLOUDY (SCALE 8-10) 0
DPTR FM NORMAL -618
[CDD (BASE 65) ]
TOTAL THIS MO. 235
DPTR FM NORMAL 133 [PRESSURE DATA]
TOTAL FM JAN 1 263 HIGHEST SLP 30.17 ON 1
DPTR FM NORMAL 138 LOWEST SLP 29.47 ON 6
[REMARKS]
#FINAL-06-21#