000
CXUS53 KGID 010928
CF6AUH
PRELIMINARY LOCAL CLIMATOLOGICAL DATA (WS FORM: F-6)
STATION: AURORA NE
MONTH: MARCH
YEAR: 2023
LATITUDE: 40 54 N
LONGITUDE: 97 59 W
TEMPERATURE IN F: :PCPN: SNOW: WIND :SUNSHINE: SKY :PK WND
================================================================================
1 2 3 4 5 6A 6B 7 8 9 10 11 12 13 14 15 16 17 18
12Z AVG MX 2MIN
DY MAX MIN AVG DEP HDD CDD WTR SNW DPTH SPD SPD DIR MIN PSBL S-S WX SPD DR
================================================================================
1 49 26 38 M 27 0 0.00 M M 11.4 17 360 M M 2 24 10
2 41 22 32 M 33 0 0.00 M M 5.4 15 50 M M 4 1 18 50
3 52 19 36 M 29 0 0.00 M M 5.4 10 10 M M 1 1 M M
4 47 27 37 M 28 0 0.00 M M 7.6 18 300 M M 2 24 300
5 59 31 45 M 20 0 0.00 M M 11.7 18 130 M M 4 23 120
6 37 29 33 M 32 0 0.00 M M 14.4 18 360 M M 10 12 24 360
7 38 30 34 M 31 0 0.00 M M 11.9 15 70 M M 10 17 70
8 33 28 31 M 34 0 0.00 M M 13.8 18 10 M M 10 1 21 10
9 34 26 30 M 35 0 M M M 11.5 17 350 M M 9 1 23 330
10 35 22 29 M 36 0 0.00 M M 8.9 18 110 M M 8 1 22 110
11 46 27 37 M 28 0 M M M 8.9 21 130 M M 6 24 130
12 35 21 28 M 37 0 0.00 M M 17.1 29 330 M M 2 36 330
13 33 18 26 M 39 0 T M M 9.3 21 350 M M 5 25 350
14 54 19 37 M 28 0 0.00 M M 15.2 24 190 M M 0 31 190
15 67 37 52 M 13 0 0.00 M M 17.4 29 190 M M 0 36 190
16 49 25 37 M 28 0 M M M 24.8 38 350 M M 6 47 350
17 41 17 29 M 36 0 T M M 16.8 24 340 M M 4 37 290
18 29 11 20 M 45 0 0.00 M M 16.7 28 340 M M 3 35 350
19 52 8 30 M 35 0 0.00 M M 15.5 25 220 M M 0 32 220
20 59 22 41 M 24 0 0.00 M M 7.5 21 190 M M 0 28 190
21 51 30 41 M 24 0 0.00 M M 10.1 16 150 M M 5 1 21 150
22 51 28 40 M 25 0 0.00 M M 13.5 22 40 M M 5 1 28 40
23 44 28 36 M 29 0 0.00 M M 9.7 21 10 M M 5 25 10
24 54 21 38 M 27 0 0.00 M M 2.5 7 140 M M 3 M M
25 52 29 41 M 24 0 M M M 10.2 17 50 M M 4 25 50
26 34 23 29 M 36 0 M M M 13.1 27 360 M M 6 33 10
27 32 14 23 M 42 0 0.00 M M 5.3 13 310 M M 4 18 310
28 45 17 31 M 34 0 0.00 M M 8.2 17 240 M M 0 1 24 240
29 43 23 33 M 32 0 0.00 M M 14.8 21 60 M M 0 28 60
30 73 29 51 M 14 0 0.00 M M 16.5 28 170 M M 3 37 170
31 62 28 45 M 20 0 T M M 22.8 33 300 M M 8 1 45 280
================================================================================
SM 1431 735 925 0 M M 377.9 M 129
================================================================================
AV 46.2 23.7 12.2 FASTST M M 4 MAX(MPH)
MISC ----> 38 350 M M
================================================================================
NOTES:
# LAST OF SEVERAL OCCURRENCES
COLUMN 17 PEAK WIND IN M.P.H.
PRELIMINARY LOCAL CLIMATOLOGICAL DATA (WS FORM: F-6) , PAGE 2
STATION: AURORA NE
MONTH: MARCH
YEAR: 2023
LATITUDE: 40 54 N
LONGITUDE: 97 59 W
[TEMPERATURE DATA] [PRECIPITATION DATA] SYMBOLS USED IN COLUMN 16
AVERAGE MONTHLY: 34.9 TOTAL FOR MONTH: M 1 = FOG OR MIST
DPTR FM NORMAL: M DPTR FM NORMAL: M 2 = FOG REDUCING VISIBILITY
HIGHEST: 73 ON 30 GRTST 24HR M ON M TO 1/4 MILE OR LESS
LOWEST: 8 ON 19 3 = THUNDER
SNOW, ICE PELLETS, HAIL 4 = ICE PELLETS
TOTAL MONTH: M 5 = HAIL
GRTST 24HR M ON M 6 = FREEZING RAIN OR DRIZZLE
GRTST DEPTH: M ON M 7 = DUSTSTORM OR SANDSTORM:
VSBY 1/2 MILE OR LESS
8 = SMOKE OR HAZE
[NO. OF DAYS WITH] [WEATHER - DAYS WITH] 9 = BLOWING SNOW
X = TORNADO
MAX 32 OR BELOW: 2 0.01 INCH OR MORE: M
MAX 90 OR ABOVE: 0 0.10 INCH OR MORE: M
MIN 32 OR BELOW: 30 0.50 INCH OR MORE: M
MIN 0 OR BELOW: 0 1.00 INCH OR MORE: M
[HDD (BASE 65) ]
TOTAL THIS MO. 925 CLEAR (SCALE 0-3) 13
DPTR FM NORMAL M PTCLDY (SCALE 4-7) 14
TOTAL FM JUL 1 5620 CLOUDY (SCALE 8-10) 4
DPTR FM NORMAL M
[CDD (BASE 65) ]
TOTAL THIS MO. 0
DPTR FM NORMAL M [PRESSURE DATA]
TOTAL FM JAN 1 0 HIGHEST SLP M ON M
DPTR FM NORMAL M LOWEST SLP M ON M
[REMARKS]
#FINAL-03-23#