000
CXUS53 KGID 011618
CF6AUH
PRELIMINARY LOCAL CLIMATOLOGICAL DATA (WS FORM: F-6)
STATION: AURORA NE
MONTH: APRIL
YEAR: 2022
LATITUDE: 40 54 N
LONGITUDE: 97 59 W
TEMPERATURE IN F: :PCPN: SNOW: WIND :SUNSHINE: SKY :PK WND
================================================================================
1 2 3 4 5 6A 6B 7 8 9 10 11 12 13 14 15 16 17 18
12Z AVG MX 2MIN
DY MAX MIN AVG DEP HDD CDD WTR SNW DPTH SPD SPD DIR MIN PSBL S-S WX SPD DR
================================================================================
1 64 26 45 M 20 0 0.12 M M 11.7 23 190 M M 3 32 180
2 62 31 47 M 18 0 0.00 M M 8.7 16 350 M M 0 23 350
3 66 38 52 M 13 0 0.00 M M 10.1 18 320 M M 1 28 320
4 63 23 43 M 22 0 0.00 M M 10.3 17 170 M M 0 23 170
5 58 35 47 M 18 0 0.00 M M 15.8 29 330 M M 4 37 310
6 53 35 44 M 21 0 T M M 24.1 40 310 M M 6 50 310
7 44 37 41 M 24 0 M M M 31.8 45 330 M M 6 58 330
8 55 27 41 M 24 0 0.00 M M 20.2 29 350 M M 1 39 330
9 72 23 48 M 17 0 0.00 M M 13.2 25 170 M M 0 32 170
10 64 37 51 M 14 0 0.00 M M 17.8 25 330 M M 1 35 330
11 65 27 46 M 19 0 0.00 M M 7.9 15 130 M M 0 22 170
12 91 40 66 M 0 1 0.00 M M 26.3 41 320 M M 4 18 52 320
13 51 27 39 M 26 0 0.00 M M 22.8 37 320 M M 2 45 320
14 58 25 42 M 23 0 0.00 M M 16.3 32 280 M M 2 40 270
15 50 24 37 M 28 0 0.00 M M 11.1 20 20 M M 0 25 30
16 51 24 38 M 27 0 0.00 M M 12.1 20 10 M M 2 27 10
17 58 37 48 M 17 0 0.00 M M 10.4 21 140 M M 6 27 140
18 56 31 44 M 21 0 0.00 M M 15.7 25 350 M M 3 30 350
19 60 30 45 M 20 0 0.00 M M 19.7 30 160 M M 3 44 170
20 73 41 57 M 8 0 0.01 M M 13.3 21 330 M M 5 1 28 140
21 72 36 54 M 11 0 0.36 M M 14.2 29 110 M M 4 123 33 110
22 87 58 73 M 0 8 0.00 M M 23.8 33 170 M M 6 8 47 170
23 74 46 60 M 5 0 0.10 M M 28.8 40 270 M M 2 48 270
24 56 40 48 M 17 0 0.00 M M 24.4 32 300 M M 6 43 300
25 58 34 46 M 19 0 0.00 M M 15.3 29 340 M M 2 33 320
26 73 29 51 M 14 0 0.00 M M 13.7 25 200 M M 0 32 200
27 83 52 68 M 0 3 0.00 M M 13.7 20 200 M M 0 29 210
28 84 53 69 M 0 4 0.00 M M 12.1 22 30 M M 3 29 150
29 71 52 62 M 3 0 0.65 M M 17.7 33 290 M M 8 3 47 290
30 55 45 50 M 15 0 0.50 M M 27.9 38 310 M M 9 54 320
================================================================================
SM 1927 1063 464 16 M M 510.9 M 89
================================================================================
AV 64.2 35.4 17.0 FASTST M M 3 MAX(MPH)
MISC ----> 45 330 58 330
================================================================================
NOTES:
# LAST OF SEVERAL OCCURRENCES
COLUMN 17 PEAK WIND IN M.P.H.
PRELIMINARY LOCAL CLIMATOLOGICAL DATA (WS FORM: F-6) , PAGE 2
STATION: AURORA NE
MONTH: APRIL
YEAR: 2022
LATITUDE: 40 54 N
LONGITUDE: 97 59 W
[TEMPERATURE DATA] [PRECIPITATION DATA] SYMBOLS USED IN COLUMN 16
AVERAGE MONTHLY: 49.8 TOTAL FOR MONTH: 1.74 1 = FOG OR MIST
DPTR FM NORMAL: M DPTR FM NORMAL: M 2 = FOG REDUCING VISIBILITY
HIGHEST: 91 ON 12 GRTST 24HR 0.65 ON 29-29 TO 1/4 MILE OR LESS
LOWEST: 23 ON 9, 4 3 = THUNDER
SNOW, ICE PELLETS, HAIL 4 = ICE PELLETS
TOTAL MONTH: M 5 = HAIL
GRTST 24HR M ON M 6 = FREEZING RAIN OR DRIZZLE
GRTST DEPTH: M ON M 7 = DUSTSTORM OR SANDSTORM:
VSBY 1/2 MILE OR LESS
8 = SMOKE OR HAZE
[NO. OF DAYS WITH] [WEATHER - DAYS WITH] 9 = BLOWING SNOW
X = TORNADO
MAX 32 OR BELOW: 0 0.01 INCH OR MORE: 6
MAX 90 OR ABOVE: 1 0.10 INCH OR MORE: 5
MIN 32 OR BELOW: 13 0.50 INCH OR MORE: 2
MIN 0 OR BELOW: 0 1.00 INCH OR MORE: 0
[HDD (BASE 65) ]
TOTAL THIS MO. 464 CLEAR (SCALE 0-3) 19
DPTR FM NORMAL M PTCLDY (SCALE 4-7) 10
TOTAL FM JUL 1 5266 CLOUDY (SCALE 8-10) 1
DPTR FM NORMAL M
[CDD (BASE 65) ]
TOTAL THIS MO. 16
DPTR FM NORMAL M [PRESSURE DATA]
TOTAL FM JAN 1 16 HIGHEST SLP M ON M
DPTR FM NORMAL M LOWEST SLP M ON M
[REMARKS]
#FINAL-04-22#