000
CXUS53 KGID 011341
CF6AUH
PRELIMINARY LOCAL CLIMATOLOGICAL DATA (WS FORM: F-6)
STATION: AURORA NE
MONTH: JANUARY
YEAR: 2024
LATITUDE: 40 54 N
LONGITUDE: 97 59 W
TEMPERATURE IN F: :PCPN: SNOW: WIND :SUNSHINE: SKY :PK WND
================================================================================
1 2 3 4 5 6A 6B 7 8 9 10 11 12 13 14 15 16 17 18
12Z AVG MX 2MIN
DY MAX MIN AVG DEP HDD CDD WTR SNW DPTH SPD SPD DIR MIN PSBL S-S WX SPD DR
================================================================================
1 28 10 19 M 46 0 0.00 M M 7.3 15 220 M M 4 1 17 210
2 38 21 30 M 35 0 0.00 M M 6.9 10 330 M M 0 M M
3 36 20 28 M 37 0 0.00 M M 7.2 18 40 M M 3 1 M M
4 30 25 28 M 37 0 0.00 M M 6.8 8 160 M M 10 128 M M
5 31 28 30 M 35 0 M M M 2.4 7 170 M M 10 1 M M
6 33 26 30 M 35 0 M M M 9.9 20 330 M M 10 1 27 320
7 31 10 21 M 44 0 0.00 M M 10.6 18 120 M M 4 28 120
8 33 18 26 M 39 0 M M M 17.3 28 360 M M 8 1 36 350
9 25 9 17 M 48 0 M M M 18.5 31 340 M M 0 39 340
10 36 16 26 M 39 0 T M M 11.2 20 310 M M 2 22 290
11 22 3 13 M 52 0 M M M 17.8 28 10 M M 5 35 10
12 4 -8 -2 M 67 0 M M M 24.7 29 340 M M 6 37 360
13 -2 -16 -9 M 74 0 M M M 23.8 32 340 M M 5 40 340
14 -4 -19 -11 M 76 0 0.00 M M 11.0 17 290 M M 2 M M
15 -1 -13 -7 M 72 0 M M M 14.4 23 330 M M 6 8 29 320
16 11 -13 -1 M 66 0 0.00 M M 12.0 17 280 M M 0 M M
17 22 7 15 M 50 0 0.00 M M 7.0 17 260 M M 3 M M
18 19 0 10 M 55 0 M M M 13.3 35 340 M M 3 1 38 340
19 7 -9 -1 M 66 0 0.00 M M 12.8 22 320 M M 0 M M
20 4 -14 -5 M 70 0 0.00 M M 7.3 14 190 M M 0 17 170
21 29 2 16 M 49 0 0.00 M M 15.5 18 190 M M 1 30 180
22 33 25 29 M 36 0 0.00 M M 9.1 16 200 M M 7 1 20 200
23 32 30 31 M 34 0 0.00 M M 3.3 7 120 M M 10 12 M M
24 33 30 32 M 33 0 0.00 M M 6.2 14 220 M M 10 12 16 250
25 32 30 31 M 34 0 0.00 M M 5.2 9 230 M M 10 12 M M
26 31 27 29 M 36 0 0.00 M M 4.6 9 20 M M 10 12 M M
27 37 22 30 M 35 0 0.00 M M 6.7 9 300 M M 2 2 M M
28 42 19 31 M 34 0 0.00 M M 6.1 8 270 M M 0 M M
29 45 30 38 M 27 0 0.00 M M 8.8 16 330 M M 1 M M
30 48 31 40 M 25 0 0.00 M M 6.0 10 300 M M 0 M M
31 57 32 45 M 20 0 0.00 M M 7.2 10 210 M M 0 M M
================================================================================
SM 822 379 1406 0 M M 320.9 M 132
================================================================================
AV 26.5 12.2 10.4 FASTST M M 4 MAX(MPH)
MISC ----> 35 340 M M
================================================================================
NOTES:
# LAST OF SEVERAL OCCURRENCES
COLUMN 17 PEAK WIND IN M.P.H.
PRELIMINARY LOCAL CLIMATOLOGICAL DATA (WS FORM: F-6) , PAGE 2
STATION: AURORA NE
MONTH: JANUARY
YEAR: 2024
LATITUDE: 40 54 N
LONGITUDE: 97 59 W
[TEMPERATURE DATA] [PRECIPITATION DATA] SYMBOLS USED IN COLUMN 16
AVERAGE MONTHLY: 19.4 TOTAL FOR MONTH: M 1 = FOG OR MIST
DPTR FM NORMAL: M DPTR FM NORMAL: M 2 = FOG REDUCING VISIBILITY
HIGHEST: 57 ON 31 GRTST 24HR M ON M TO 1/4 MILE OR LESS
LOWEST: -19 ON 14 3 = THUNDER
SNOW, ICE PELLETS, HAIL 4 = ICE PELLETS
TOTAL MONTH: M 5 = HAIL
GRTST 24HR M ON M 6 = FREEZING RAIN OR DRIZZLE
GRTST DEPTH: M ON M 7 = DUSTSTORM OR SANDSTORM:
VSBY 1/2 MILE OR LESS
8 = SMOKE OR HAZE
[NO. OF DAYS WITH] [WEATHER - DAYS WITH] 9 = BLOWING SNOW
X = TORNADO
MAX 32 OR BELOW: 19 0.01 INCH OR MORE: M
MAX 90 OR ABOVE: 0 0.10 INCH OR MORE: M
MIN 32 OR BELOW: 31 0.50 INCH OR MORE: M
MIN 0 OR BELOW: 8 1.00 INCH OR MORE: M
[HDD (BASE 65) ]
TOTAL THIS MO. 1406 CLEAR (SCALE 0-3) 14
DPTR FM NORMAL M PTCLDY (SCALE 4-7) 10
TOTAL FM JUL 1 3530 CLOUDY (SCALE 8-10) 7
DPTR FM NORMAL M
[CDD (BASE 65) ]
TOTAL THIS MO. 0
DPTR FM NORMAL M [PRESSURE DATA]
TOTAL FM JAN 1 0 HIGHEST SLP M ON M
DPTR FM NORMAL M LOWEST SLP M ON M
[REMARKS]
#FINAL-01-24#