000
CXUS53 KGID 011946
CF6AUH
PRELIMINARY LOCAL CLIMATOLOGICAL DATA (WS FORM: F-6)
STATION: AURORA
MONTH: MAY
YEAR: 2021
LATITUDE: 40 54 N
LONGITUDE: 97 59 W
TEMPERATURE IN F: :PCPN: SNOW: WIND :SUNSHINE: SKY :PK WND
================================================================================
1 2 3 4 5 6A 6B 7 8 9 10 11 12 13 14 15 16 17 18
12Z AVG MX 2MIN
DY MAX MIN AVG DEP HDD CDD WTR SNW DPTH SPD SPD DIR MIN PSBL S-S WX SPD DR
================================================================================
1 89 57 73 M 0 8 0.00 M M 20.0 32 210 M M 0 8 41 210
2 84 57 71 M 0 6 2.88 M M 13.4 21 220 M M 5 3 36 250
3 64 48 56 M 9 0 0.27 M M 21.7 29 360 M M 5 36 350
4 65 44 55 M 10 0 0.00 M M 8.4 13 20 M M 0 23 360
5 74 44 59 M 6 0 T M M 11.2 24 330 M M 5 30 330
6 69 38 54 M 11 0 0.00 M M 8.9 15 360 M M 2 23 260
7 71 44 58 M 7 0 0.00 M M 11.5 18 90 M M 4 24 90
8 71 43 57 M 8 0 1.32 M M 20.7 31 70 M M 7 3 40 70
9 54 40 47 M 18 0 T M M 12.7 23 10 M M 8 1 30 20
10 63 36 50 M 15 0 0.00 M M 5.2 12 60 M M 3 10 10
11 62 41 52 M 13 0 0.00 M M 9.0 18 90 M M 1 24 80
12 65 38 52 M 13 0 0.00 M M 6.8 13 150 M M 3 9 130
13 72 44 58 M 7 0 0.02 M M 12.7 21 170 M M 5 25 210
14 73 50 62 M 3 0 T M M 6.7 14 220 M M 5 21 220
15 79 50 65 M 0 0 0.00 M M 6.0 12 120 M M 4 1 16 120
16 69 58 64 M 1 0 0.04 M M 10.0 15 100 M M 9 18 130
17 68 58 63 M 2 0 0.00 M M 9.9 14 70 M M 10 1 17 80
18 73 59 66 M 0 1 0.20 M M 7.3 12 100 M M 8 12 M M
19 72 62 67 M 0 2 0.60 M M 7.4 12 190 M M 8 1 18 190
20 77 62 70 M 0 5 0.00 M M 13.0 25 160 M M 7 1 37 150
21 81 64 73 M 0 8 0.00 M M 16.4 24 170 M M 7 33 170
22 83 66 75 M 0 10 0.00 M M 12.3 17 160 M M 7 25 190
23 83 64 74 M 0 9 0.00 M M 13.7 22 170 M M 8 1 29 180
24 76 61 69 M 0 4 0.28 M M 12.9 22 190 M M 9 28 210
25 84 64 74 M 0 9 0.00 M M 8.9 12 270 M M 3 1 17 300
26 86 55 71 M 0 6 0.28 M M 11.6 18 130 M M 3 29 150
27 66 52 59 M 6 0 0.48 M M 16.4 28 330 M M 9 31 360
28 55 46 51 M 14 0 T M M 11.1 17 10 M M 10 1 21 10
29 66 47 57 M 8 0 0.00 M M 9.0 15 140 M M 6 18 150
30 60 52 56 M 9 0 0.35 M M 4.9 9 190 M M 8 M M
31 72 53 63 M 2 0 0.00 M M 2.7 10 90 M M 2 1 M M
================================================================================
SM 2226 1597 162 68 6.72 M 342.4 M 171
================================================================================
AV 71.8 51.5 11.0 FASTST M M 6 MAX(MPH)
MISC ----> 32 210 M M
================================================================================
NOTES:
# LAST OF SEVERAL OCCURRENCES
COLUMN 17 PEAK WIND IN M.P.H.
PRELIMINARY LOCAL CLIMATOLOGICAL DATA (WS FORM: F-6) , PAGE 2
STATION: AURORA
MONTH: MAY
YEAR: 2021
LATITUDE: 40 54 N
LONGITUDE: 97 59 W
[TEMPERATURE DATA] [PRECIPITATION DATA] SYMBOLS USED IN COLUMN 16
AVERAGE MONTHLY: 61.7 TOTAL FOR MONTH: 6.72 1 = FOG OR MIST
DPTR FM NORMAL: M DPTR FM NORMAL: M 2 = FOG REDUCING VISIBILITY
HIGHEST: 89 ON 1 GRTST 24HR 2.88 ON 2- 2 TO 1/4 MILE OR LESS
LOWEST: 36 ON 10 3 = THUNDER
SNOW, ICE PELLETS, HAIL 4 = ICE PELLETS
TOTAL MONTH: M 5 = HAIL
GRTST 24HR M ON M 6 = FREEZING RAIN OR DRIZZLE
GRTST DEPTH: M ON M 7 = DUSTSTORM OR SANDSTORM:
VSBY 1/2 MILE OR LESS
8 = SMOKE OR HAZE
[NO. OF DAYS WITH] [WEATHER - DAYS WITH] 9 = BLOWING SNOW
X = TORNADO
MAX 32 OR BELOW: 0 0.01 INCH OR MORE: 11
MAX 90 OR ABOVE: 0 0.10 INCH OR MORE: 9
MIN 32 OR BELOW: 0 0.50 INCH OR MORE: 3
MIN 0 OR BELOW: 0 1.00 INCH OR MORE: 2
[HDD (BASE 65) ]
TOTAL THIS MO. 162 CLEAR (SCALE 0-3) 6
DPTR FM NORMAL M PTCLDY (SCALE 4-7) 19
TOTAL FM JUL 1 5892 CLOUDY (SCALE 8-10) 6
DPTR FM NORMAL M
[CDD (BASE 65) ]
TOTAL THIS MO. 68
DPTR FM NORMAL M [PRESSURE DATA]
TOTAL FM JAN 1 86 HIGHEST SLP M ON M
DPTR FM NORMAL M LOWEST SLP M ON M
[REMARKS]
#FINAL-05-21#