000
CXUS53 KGID 011503
CF6AUH
PRELIMINARY LOCAL CLIMATOLOGICAL DATA (WS FORM: F-6)
STATION: AURORA
MONTH: OCTOBER
YEAR: 2020
LATITUDE: 40 54 N
LONGITUDE: 97 59 W
TEMPERATURE IN F: :PCPN: SNOW: WIND :SUNSHINE: SKY :PK WND
================================================================================
1 2 3 4 5 6A 6B 7 8 9 10 11 12 13 14 15 16 17 18
12Z AVG MX 2MIN
DY MAX MIN AVG DEP HDD CDD WTR SNW DPTH SPD SPD DIR MIN PSBL S-S WX SPD DR
================================================================================
1 61 37 49 -9 16 0 0.00 M M 9.2 20 350 M M 0 27 340
2 67 32 50 -8 15 0 T M M 6.5 17 20 M M 2 24 20
3 61 38 50 -7 15 0 0.00 M M 6.7 13 30 M M 3 18 30
4 71 35 53 -4 12 0 0.00 M M 8.3 16 170 M M 1 25 170
5 82 50 66 10 0 1 0.00 M M 10.8 21 220 M M 0 29 210
6 85 45 65 9 0 0 0.00 M M 8.2 16 240 M M 0 23 230
7 85 49 67 11 0 2 0.00 M M 9.3 18 60 M M 0 24 60
8 86 51 69 14 0 4 0.00 M M 12.9 20 170 M M 0 24 160
9 88 59 74 19 0 9 0.00 M M 10.0 16 190 M M 0 23 210
10 81 51 66 12 0 1 0.00 M M 9.5 15 90 M M 0 18 90
11 88 52 70 16 0 5 0.07 M M 16.2 27 320 M M 3 47 320
12 73 41 57 3 8 0 0.00 M M 9.5 15 260 M M 0 21 250
13 70 47 59 6 6 0 0.00 M M 8.4 18 350 M M 0 27 250
14 75 51 63 10 2 0 0.00 M M 12.6 25 360 M M 2 33 360
15 56 32 44 -9 21 0 0.00 M M 9.5 18 330 M M 1 24 320
16 62 30 46 -6 19 0 0.00 M M 10.3 17 160 M M 4 24 160
17 71 39 55 3 10 0 0.00 M M 12.3 20 190 M M 3 27 190
18 43 33 38 -14 27 0 T M M 10.8 20 10 M M 9 29 360
19 51 35 43 -8 22 0 0.00 M M 7.1 15 160 M M 4 20 160
20 58 37 48 -3 17 0 0.00 M M 7.8 14 170 M M 6 17 180
21 51 36 44 -6 21 0 0.00 M M 8.9 14 110 M M 7 1 M M
22 46 34 40 -10 25 0 0.01 M M 15.4 22 360 M M 10 1 32 360
23 38 31 35 -15 30 0 0.00 M M 15.7 25 340 M M 10 31 350
24 34 26 30 -19 35 0 0.00 M M 7.4 12 80 M M 10 M M
25 31 22 27 -22 38 0 M M M 15.9 24 10 M M 10 1 29 10
26 29 18 24 -24 41 0 M M M 6.5 18 340 M M 8 18 350
27 39 15 27 -21 38 0 0.00 M M 7.6 16 220 M M 1 22 220
28 62 20 41 -7 24 0 0.00 M M 6.7 18 360 M M 0 24 360
29 50 30 40 -7 25 0 0.00 M M 7.8 20 360 M M 0 23 360
30 68 29 49 2 16 0 0.00 M M 5.2 12 170 M M 0 16 170
31 68 39 54 8 11 0 0.00 M M 14.7 27 340 M M 0 35 340
================================================================================
SM 1930 1144 494 22 M M 307.7 M 94
================================================================================
AV 62.3 36.9 9.9 FASTST M M 3 MAX(MPH)
MISC ----> # 27 320 M M
================================================================================
NOTES:
# LAST OF SEVERAL OCCURRENCES
COLUMN 17 PEAK WIND IN M.P.H.
PRELIMINARY LOCAL CLIMATOLOGICAL DATA (WS FORM: F-6) , PAGE 2
STATION: AURORA
MONTH: OCTOBER
YEAR: 2020
LATITUDE: 40 54 N
LONGITUDE: 97 59 W
[TEMPERATURE DATA] [PRECIPITATION DATA] SYMBOLS USED IN COLUMN 16
AVERAGE MONTHLY: 49.6 TOTAL FOR MONTH: M 1 = FOG OR MIST
DPTR FM NORMAL: -2.7 DPTR FM NORMAL: M 2 = FOG REDUCING VISIBILITY
HIGHEST: 88 ON 11, 9 GRTST 24HR M ON M TO 1/4 MILE OR LESS
LOWEST: 15 ON 27 3 = THUNDER
SNOW, ICE PELLETS, HAIL 4 = ICE PELLETS
TOTAL MONTH: M 5 = HAIL
GRTST 24HR M ON M 6 = FREEZING RAIN OR DRIZZLE
GRTST DEPTH: M ON M 7 = DUSTSTORM OR SANDSTORM:
VSBY 1/2 MILE OR LESS
8 = SMOKE OR HAZE
[NO. OF DAYS WITH] [WEATHER - DAYS WITH] 9 = BLOWING SNOW
X = TORNADO
MAX 32 OR BELOW: 2 0.01 INCH OR MORE: M
MAX 90 OR ABOVE: 0 0.10 INCH OR MORE: M
MIN 32 OR BELOW: 11 0.50 INCH OR MORE: M
MIN 0 OR BELOW: 0 1.00 INCH OR MORE: M
[HDD (BASE 65) ]
TOTAL THIS MO. 494 CLEAR (SCALE 0-3) 20
DPTR FM NORMAL 90 PTCLDY (SCALE 4-7) 5
TOTAL FM JUL 1 597 CLOUDY (SCALE 8-10) 6
DPTR FM NORMAL 68
[CDD (BASE 65) ]
TOTAL THIS MO. 22
DPTR FM NORMAL 13 [PRESSURE DATA]
TOTAL FM JAN 1 1219 HIGHEST SLP M ON M
DPTR FM NORMAL 241 LOWEST SLP M ON M
[REMARKS]
#FINAL-10-20#