000
CXUS53 KGID 011441
CF6AUH
PRELIMINARY LOCAL CLIMATOLOGICAL DATA (WS FORM: F-6)
STATION: AURORA
MONTH: JULY
YEAR: 2020
LATITUDE: 40 54 N
LONGITUDE: 97 59 W
TEMPERATURE IN F: :PCPN: SNOW: WIND :SUNSHINE: SKY :PK WND
================================================================================
1 2 3 4 5 6A 6B 7 8 9 10 11 12 13 14 15 16 17 18
12Z AVG MX 2MIN
DY MAX MIN AVG DEP HDD CDD WTR SNW DPTH SPD SPD DIR MIN PSBL S-S WX SPD DR
================================================================================
1 86 66 76 1 0 11 0.00 M M 6.0 10 20 M M 1 3 M M
2 86 67 77 2 0 12 0.00 M M 7.4 12 190 M M 2 16 110
3 89 69 79 4 0 14 T M M 3.6 9 30 M M 1 M M
4 87 69 78 3 0 13 0.00 M M 3.9 8 120 M M 3 1 M M
5 87 66 77 2 0 12 0.00 M M 4.5 9 150 M M 2 1 M M
6 90 68 79 4 0 14 0.00 M M 6.1 16 160 M M 2 1 21 160
7 91 67 79 4 0 14 0.00 M M 8.8 14 140 M M 1 33 340
8 92 64 78 2 0 13 0.90 M M 13.1 44 310 M M 1 3 59 310
9 84 62 73 -3 0 8 0.29 M M 5.8 23 330 M M 1 3 33 330
10 87 66 77 1 0 12 T M M 5.7 12 180 M M 0 3 20 180
11 85 65 75 -1 0 10 0.19 M M 10.3 32 360 M M 2 3 45 360
12 81 62 72 -4 0 7 0.00 M M 4.5 8 140 M M 0 8 M M
13 91 65 78 2 0 13 0.00 M M 9.8 16 190 M M 0 22 170
14 80 67 74 -2 0 9 T M M 7.8 16 10 M M 5 18 200
15 80 64 72 -4 0 7 0.00 M M 6.5 12 30 M M 5 20 40
16 86 64 75 -1 0 10 0.00 M M 7.2 13 200 M M 6 12 17 200
17 92 71 82 6 0 17 0.00 M M 10.3 16 140 M M 2 22 140
18 97 74 86 10 0 21 T M M 10.5 15 360 M M 0 20 180
19 86 72 79 3 0 14 0.01 M M 7.6 14 150 M M 4 17 150
20 82 64 73 -3 0 8 1.47 M M 6.8 15 10 M M 7 3 27 10
21 84 66 75 -1 0 10 0.05 M M 5.4 9 50 M M 3 3 M M
22 83 67 75 0 0 10 T M M 7.4 13 120 M M 4 17 130
23 91 73 82 7 0 17 0.00 M M 10.7 17 170 M M 2 3 22 170
24 90 74 82 7 0 17 0.00 M M 12.8 22 160 M M 1 27 180
25 92 76 84 9 0 19 0.00 M M 12.8 17 180 M M 2 24 180
26 87 71 79 4 0 14 0.46 M M 6.4 14 280 M M 6 3 17 280
27 82 67 75 0 0 10 0.01 M M 5.4 12 100 M M 3 M M
28 86 64 75 0 0 10 0.00 M M 4.6 8 210 M M 4 2 M M
29 84 69 77 2 0 12 0.06 M M 4.4 12 80 M M 6 13 M M
30 76 65 71 -4 0 6 0.33 M M 7.0 12 10 M M 5 M M
31 79 60 70 -5 0 5 0.00 M M 4.5 8 50 M M 1 M M
================================================================================
SM 2673 2084 0 369 3.77 M 227.6 M 82
================================================================================
AV 86.2 67.2 7.3 FASTST M M 3 MAX(MPH)
MISC ----> # 44 310 # M M
================================================================================
NOTES:
# LAST OF SEVERAL OCCURRENCES
COLUMN 17 PEAK WIND IN M.P.H.
PRELIMINARY LOCAL CLIMATOLOGICAL DATA (WS FORM: F-6) , PAGE 2
STATION: AURORA
MONTH: JULY
YEAR: 2020
LATITUDE: 40 54 N
LONGITUDE: 97 59 W
[TEMPERATURE DATA] [PRECIPITATION DATA] SYMBOLS USED IN COLUMN 16
AVERAGE MONTHLY: 76.7 TOTAL FOR MONTH: 3.77 1 = FOG OR MIST
DPTR FM NORMAL: 1.3 DPTR FM NORMAL: 0.23 2 = FOG REDUCING VISIBILITY
HIGHEST: 97 ON 18 GRTST 24HR 1.47 ON 20-20 TO 1/4 MILE OR LESS
LOWEST: 60 ON 31 3 = THUNDER
SNOW, ICE PELLETS, HAIL 4 = ICE PELLETS
TOTAL MONTH: M 5 = HAIL
GRTST 24HR M ON M 6 = FREEZING RAIN OR DRIZZLE
GRTST DEPTH: M ON M 7 = DUSTSTORM OR SANDSTORM:
VSBY 1/2 MILE OR LESS
8 = SMOKE OR HAZE
[NO. OF DAYS WITH] [WEATHER - DAYS WITH] 9 = BLOWING SNOW
X = TORNADO
MAX 32 OR BELOW: 0 0.01 INCH OR MORE: 10
MAX 90 OR ABOVE: 9 0.10 INCH OR MORE: 6
MIN 32 OR BELOW: 0 0.50 INCH OR MORE: 2
MIN 0 OR BELOW: 0 1.00 INCH OR MORE: 1
[HDD (BASE 65) ]
TOTAL THIS MO. 0 CLEAR (SCALE 0-3) 20
DPTR FM NORMAL -3 PTCLDY (SCALE 4-7) 11
TOTAL FM JUL 1 0 CLOUDY (SCALE 8-10) 0
DPTR FM NORMAL -3
[CDD (BASE 65) ]
TOTAL THIS MO. 369
DPTR FM NORMAL 45 [PRESSURE DATA]
TOTAL FM JAN 1 786 HIGHEST SLP M ON M
DPTR FM NORMAL 187 LOWEST SLP M ON M
[REMARKS]
#FINAL-07-20#